--
-- Host: localhost    Database: dolibarr
-- ------------------------------------------------------


--
-- Table structure for table `llx_accounting_account`
--

CREATE TABLE `llx_accounting_account` (
  `rowid` bigint(20) NOT NULL AUTO_INCREMENT,
  `entity` int(11) NOT NULL DEFAULT 1,
  `datec` datetime DEFAULT NULL,
  `tms` timestamp NOT NULL DEFAULT current_timestamp() ON UPDATE current_timestamp(),
  `fk_pcg_version` varchar(32) NOT NULL,
  `pcg_type` varchar(60) NOT NULL,
  `account_number` varchar(32) NOT NULL,
  `account_parent` int(11) DEFAULT 0,
  `label` varchar(255) NOT NULL,
  `labelshort` varchar(255) DEFAULT NULL,
  `fk_accounting_category` int(11) DEFAULT 0,
  `fk_user_author` int(11) DEFAULT NULL,
  `fk_user_modif` int(11) DEFAULT NULL,
  `active` tinyint(4) NOT NULL DEFAULT 1,
  `reconcilable` tinyint(4) NOT NULL DEFAULT 0,
  `import_key` varchar(14) DEFAULT NULL,
  `extraparams` varchar(255) DEFAULT NULL,
  PRIMARY KEY (`rowid`),
  UNIQUE KEY `uk_accounting_account` (`account_number`,`entity`,`fk_pcg_version`),
  KEY `idx_accounting_account_fk_pcg_version` (`fk_pcg_version`),
  KEY `idx_accounting_account_account_parent` (`account_parent`),
  CONSTRAINT `fk_accounting_account_fk_pcg_version` FOREIGN KEY (`fk_pcg_version`) REFERENCES `llx_accounting_system` (`pcg_version`)
) ENGINE=InnoDB DEFAULT CHARSET=utf8mb4 COLLATE=utf8mb4_general_ci;

--
-- Dumping data for table `llx_accounting_account`
--


--
-- Table structure for table `llx_accounting_bookkeeping`
--

CREATE TABLE `llx_accounting_bookkeeping` (
  `rowid` int(11) NOT NULL AUTO_INCREMENT,
  `entity` int(11) NOT NULL DEFAULT 1,
  `piece_num` int(11) NOT NULL,
  `doc_date` date NOT NULL,
  `doc_type` varchar(30) NOT NULL,
  `doc_ref` varchar(300) NOT NULL,
  `fk_doc` int(11) NOT NULL,
  `fk_docdet` int(11) NOT NULL,
  `thirdparty_code` varchar(32) DEFAULT NULL,
  `subledger_account` varchar(32) DEFAULT NULL,
  `subledger_label` varchar(255) DEFAULT NULL,
  `numero_compte` varchar(32) NOT NULL,
  `label_compte` varchar(255) NOT NULL,
  `label_operation` varchar(255) DEFAULT NULL,
  `debit` double(24,8) NOT NULL,
  `credit` double(24,8) NOT NULL,
  `montant` double(24,8) DEFAULT NULL,
  `sens` varchar(1) DEFAULT NULL,
  `multicurrency_amount` double(24,8) DEFAULT NULL,
  `multicurrency_code` varchar(255) DEFAULT NULL,
  `lettering_code` varchar(255) DEFAULT NULL,
  `date_lettering` datetime DEFAULT NULL,
  `date_lim_reglement` datetime DEFAULT NULL,
  `fk_user_author` int(11) NOT NULL,
  `fk_user_modif` int(11) DEFAULT NULL,
  `date_creation` datetime DEFAULT NULL,
  `tms` timestamp NOT NULL DEFAULT current_timestamp() ON UPDATE current_timestamp(),
  `fk_user` int(11) DEFAULT NULL,
  `code_journal` varchar(32) NOT NULL,
  `journal_label` varchar(255) DEFAULT NULL,
  `date_validated` datetime DEFAULT NULL,
  `date_export` datetime DEFAULT NULL,
  `import_key` varchar(14) DEFAULT NULL,
  `extraparams` varchar(255) DEFAULT NULL,
  PRIMARY KEY (`rowid`),
  KEY `idx_accounting_bookkeeping_fk_doc` (`fk_doc`),
  KEY `idx_accounting_bookkeeping_fk_docdet` (`fk_docdet`),
  KEY `idx_accounting_bookkeeping_doc_date` (`doc_date`),
  KEY `idx_accounting_bookkeeping_numero_compte` (`numero_compte`,`entity`),
  KEY `idx_accounting_bookkeeping_code_journal` (`code_journal`,`entity`),
  KEY `idx_accounting_bookkeeping_piece_num` (`piece_num`,`entity`)
) ENGINE=InnoDB DEFAULT CHARSET=utf8mb4 COLLATE=utf8mb4_general_ci;

--
-- Dumping data for table `llx_accounting_bookkeeping`
--


--
-- Table structure for table `llx_accounting_bookkeeping_tmp`
--

CREATE TABLE `llx_accounting_bookkeeping_tmp` (
  `rowid` int(11) NOT NULL AUTO_INCREMENT,
  `entity` int(11) NOT NULL DEFAULT 1,
  `doc_date` date NOT NULL,
  `doc_type` varchar(30) NOT NULL,
  `doc_ref` varchar(300) NOT NULL,
  `fk_doc` int(11) NOT NULL,
  `fk_docdet` int(11) NOT NULL,
  `thirdparty_code` varchar(32) DEFAULT NULL,
  `subledger_account` varchar(32) DEFAULT NULL,
  `subledger_label` varchar(255) DEFAULT NULL,
  `numero_compte` varchar(32) DEFAULT NULL,
  `label_compte` varchar(255) NOT NULL,
  `label_operation` varchar(255) DEFAULT NULL,
  `debit` double(24,8) NOT NULL,
  `credit` double(24,8) NOT NULL,
  `montant` double(24,8) NOT NULL,
  `sens` varchar(1) DEFAULT NULL,
  `multicurrency_amount` double(24,8) DEFAULT NULL,
  `multicurrency_code` varchar(255) DEFAULT NULL,
  `lettering_code` varchar(255) DEFAULT NULL,
  `date_lettering` datetime DEFAULT NULL,
  `date_lim_reglement` datetime DEFAULT NULL,
  `fk_user_author` int(11) NOT NULL,
  `fk_user_modif` int(11) DEFAULT NULL,
  `date_creation` datetime DEFAULT NULL,
  `tms` timestamp NOT NULL DEFAULT current_timestamp() ON UPDATE current_timestamp(),
  `fk_user` int(11) DEFAULT NULL,
  `code_journal` varchar(32) NOT NULL,
  `journal_label` varchar(255) DEFAULT NULL,
  `piece_num` int(11) NOT NULL,
  `date_validated` datetime DEFAULT NULL,
  `import_key` varchar(14) DEFAULT NULL,
  `extraparams` varchar(255) DEFAULT NULL,
  PRIMARY KEY (`rowid`),
  KEY `idx_accounting_bookkeeping_tmp_doc_date` (`doc_date`),
  KEY `idx_accounting_bookkeeping_tmp_fk_docdet` (`fk_docdet`),
  KEY `idx_accounting_bookkeeping_tmp_numero_compte` (`numero_compte`),
  KEY `idx_accounting_bookkeeping_tmp_code_journal` (`code_journal`)
) ENGINE=InnoDB DEFAULT CHARSET=utf8mb4 COLLATE=utf8mb4_general_ci;

--
-- Dumping data for table `llx_accounting_bookkeeping_tmp`
--


--
-- Table structure for table `llx_accounting_fiscalyear`
--

CREATE TABLE `llx_accounting_fiscalyear` (
  `rowid` int(11) NOT NULL AUTO_INCREMENT,
  `label` varchar(128) NOT NULL,
  `date_start` date DEFAULT NULL,
  `date_end` date DEFAULT NULL,
  `statut` tinyint(4) NOT NULL DEFAULT 0,
  `entity` int(11) NOT NULL DEFAULT 1,
  `datec` datetime NOT NULL,
  `tms` timestamp NOT NULL DEFAULT current_timestamp() ON UPDATE current_timestamp(),
  `fk_user_author` int(11) DEFAULT NULL,
  `fk_user_modif` int(11) DEFAULT NULL,
  PRIMARY KEY (`rowid`)
) ENGINE=InnoDB DEFAULT CHARSET=utf8mb4 COLLATE=utf8mb4_general_ci;

--
-- Dumping data for table `llx_accounting_fiscalyear`
--


--
-- Table structure for table `llx_accounting_groups_account`
--

CREATE TABLE `llx_accounting_groups_account` (
  `rowid` int(11) NOT NULL AUTO_INCREMENT,
  `fk_accounting_account` int(11) NOT NULL,
  `fk_c_accounting_category` int(11) NOT NULL,
  PRIMARY KEY (`rowid`)
) ENGINE=InnoDB DEFAULT CHARSET=utf8mb4 COLLATE=utf8mb4_general_ci;

--
-- Dumping data for table `llx_accounting_groups_account`
--


--
-- Table structure for table `llx_accounting_journal`
--

CREATE TABLE `llx_accounting_journal` (
  `rowid` int(11) NOT NULL AUTO_INCREMENT,
  `entity` int(11) NOT NULL DEFAULT 1,
  `code` varchar(32) NOT NULL,
  `label` varchar(128) NOT NULL,
  `nature` smallint(6) NOT NULL DEFAULT 1,
  `active` smallint(6) DEFAULT 0,
  PRIMARY KEY (`rowid`),
  UNIQUE KEY `uk_accounting_journal_code` (`code`,`entity`)
) ENGINE=InnoDB AUTO_INCREMENT=8 DEFAULT CHARSET=utf8mb4 COLLATE=utf8mb4_general_ci;

--
-- Dumping data for table `llx_accounting_journal`
--

INSERT INTO `llx_accounting_journal` VALUES (1,1,'VT','ACCOUNTING_SELL_JOURNAL',2,1),(2,1,'AC','ACCOUNTING_PURCHASE_JOURNAL',3,1),(3,1,'BQ','FinanceJournal',4,1),(4,1,'OD','ACCOUNTING_MISCELLANEOUS_JOURNAL',1,1),(5,1,'AN','ACCOUNTING_HAS_NEW_JOURNAL',9,1),(6,1,'ER','ExpenseReportsJournal',5,1),(7,1,'INV','InventoryJournal',8,1);

--
-- Table structure for table `llx_accounting_system`
--

CREATE TABLE `llx_accounting_system` (
  `rowid` int(11) NOT NULL AUTO_INCREMENT,
  `fk_country` int(11) DEFAULT NULL,
  `pcg_version` varchar(32) NOT NULL,
  `label` varchar(128) NOT NULL,
  `active` smallint(6) DEFAULT 0,
  `date_creation` datetime DEFAULT NULL,
  `fk_user_author` int(11) DEFAULT NULL,
  PRIMARY KEY (`rowid`),
  UNIQUE KEY `uk_accounting_system_pcg_version` (`pcg_version`)
) ENGINE=InnoDB AUTO_INCREMENT=45 DEFAULT CHARSET=utf8mb4 COLLATE=utf8mb4_general_ci;

--
-- Dumping data for table `llx_accounting_system`
--

INSERT INTO `llx_accounting_system` VALUES (1,1,'PCG25-DEV','The developed accountancy french plan 2025',1,NULL,NULL),(2,1,'PCG18-ASSOC','French foundation chart of accounts 2018',1,NULL,NULL),(3,1,'PCGAFR14-DEV','The developed farm accountancy french plan 2014',1,NULL,NULL),(4,2,'PCMN-BASE','The base accountancy belgium plan',1,NULL,NULL),(5,2,'MAR-VERKORT','The base accountancy belgium plan Dutch',1,NULL,NULL),(6,4,'PCG08-PYME','The PYME accountancy spanish plan',1,NULL,NULL),(7,4,'PCG08-PYME-CAT','The PYME accountancy spanish plan in catalan language',1,NULL,NULL),(8,5,'SKR03','Standardkontenrahmen SKR 03',1,NULL,NULL),(9,5,'SKR04','Standardkontenrahmen SKR 04',1,NULL,NULL),(10,6,'PCG_SUISSE','Switzerland plan',1,NULL,NULL),(11,7,'ENG-BASE','England plan',1,NULL,NULL),(12,10,'PCT','The Tunisia plan',1,NULL,NULL),(13,12,'PCG','The Moroccan chart of accounts',1,NULL,NULL),(14,13,'NSCF','Nouveau système comptable financier',1,NULL,NULL),(15,17,'NL-VERKORT','Verkort rekeningschema',1,NULL,NULL),(16,20,'BAS-K1-MINI','The Swedish mini chart of accounts',1,NULL,NULL),(17,41,'AT-BASE','Plan Austria',1,NULL,NULL),(18,67,'PC-MIPYME','The PYME accountancy Chile plan',1,NULL,NULL),(19,80,'DK-STD','Standardkontoplan fra SKAT',1,NULL,NULL),(20,84,'EC-SUPERCIAS','Plan de cuentas Ecuador',1,NULL,NULL),(21,70,'CO-PUC','Plan único de cuentas Colombia',1,NULL,NULL),(22,140,'PCN2020-LUXEMBURG','Plan comptable normalisé 2020 Luxembourgeois',1,NULL,NULL),(23,188,'RO-BASE','Plan de conturi romanesc',1,NULL,NULL),(24,102,'Ε.Λ.Π.','Ελληνικά Λογιστικά Πρότυπα',1,NULL,NULL),(25,49,'SYSCOHADA-BJ','Plan comptable Ouest-Africain',1,NULL,NULL),(26,60,'SYSCOHADA-BF','Plan comptable Ouest-Africain',1,NULL,NULL),(27,73,'SYSCOHADA-CD','Plan comptable Ouest-Africain',1,NULL,NULL),(28,65,'SYSCOHADA-CF','Plan comptable Ouest-Africain',1,NULL,NULL),(29,72,'SYSCOHADA-CG','Plan comptable Ouest-Africain',1,NULL,NULL),(30,21,'SYSCOHADA-CI','Plan comptable Ouest-Africain',1,NULL,NULL),(31,24,'SYSCOHADA-CM','Plan comptable Ouest-Africain',1,NULL,NULL),(32,16,'SYSCOHADA-GA','Plan comptable Ouest-Africain',1,NULL,NULL),(33,87,'SYSCOHADA-GQ','Plan comptable Ouest-Africain',1,NULL,NULL),(34,71,'SYSCOHADA-KM','Plan comptable Ouest-Africain',1,NULL,NULL),(35,147,'SYSCOHADA-ML','Plan comptable Ouest-Africain',1,NULL,NULL),(36,168,'SYSCOHADA-NE','Plan comptable Ouest-Africain',1,NULL,NULL),(37,22,'SYSCOHADA-SN','Plan comptable Ouest-Africain',1,NULL,NULL),(38,66,'SYSCOHADA-TD','Plan comptable Ouest-Africain',1,NULL,NULL),(39,15,'SYSCOHADA-TG','Plan comptable Ouest-Africain',1,NULL,NULL),(40,11,'US-BASE','USA basic chart of accounts',1,NULL,NULL),(41,11,'US-GAAP-BASIC','USA GAAP basic chart of accounts',1,NULL,NULL),(42,14,'CA-ENG-BASE','Canadian basic chart of accounts - English',1,NULL,NULL),(43,154,'SAT/24-2019','Catalogo y codigo agrupador fiscal del 2019',1,NULL,NULL),(44,123,'JPN-BASE','日本 勘定科目表 基本版',1,NULL,NULL);

--
-- Table structure for table `llx_actioncomm`
--

CREATE TABLE `llx_actioncomm` (
  `id` int(11) NOT NULL AUTO_INCREMENT,
  `ref` varchar(30) NOT NULL,
  `ref_ext` varchar(255) DEFAULT NULL,
  `entity` int(11) NOT NULL DEFAULT 1,
  `datep` datetime DEFAULT NULL,
  `datep2` datetime DEFAULT NULL,
  `fk_action` int(11) DEFAULT NULL,
  `code` varchar(50) DEFAULT NULL,
  `datec` datetime DEFAULT NULL,
  `tms` timestamp NOT NULL DEFAULT current_timestamp() ON UPDATE current_timestamp(),
  `fk_user_author` int(11) DEFAULT NULL,
  `fk_user_mod` int(11) DEFAULT NULL,
  `fk_project` int(11) DEFAULT NULL,
  `fk_task` int(11) DEFAULT NULL,
  `fk_soc` int(11) DEFAULT NULL,
  `fk_contact` int(11) DEFAULT NULL,
  `fk_parent` int(11) NOT NULL DEFAULT 0,
  `fk_user_action` int(11) DEFAULT NULL,
  `transparency` int(11) DEFAULT NULL,
  `priority` smallint(6) DEFAULT NULL,
  `visibility` varchar(12) DEFAULT 'default',
  `fulldayevent` smallint(6) NOT NULL DEFAULT 0,
  `percent` smallint(6) NOT NULL DEFAULT 0,
  `location` varchar(128) DEFAULT NULL,
  `durationp` double DEFAULT NULL,
  `label` varchar(255) NOT NULL,
  `note` mediumtext DEFAULT NULL,
  `calling_duration` int(11) DEFAULT NULL,
  `email_subject` varchar(255) DEFAULT NULL,
  `email_msgid` varchar(255) DEFAULT NULL,
  `email_from` varchar(255) DEFAULT NULL,
  `email_sender` varchar(255) DEFAULT NULL,
  `email_to` varchar(255) DEFAULT NULL,
  `email_tocc` varchar(255) DEFAULT NULL,
  `email_tobcc` varchar(255) DEFAULT NULL,
  `errors_to` varchar(255) DEFAULT NULL,
  `reply_to` varchar(255) DEFAULT NULL,
  `recurid` varchar(128) DEFAULT NULL,
  `recurrule` varchar(128) DEFAULT NULL,
  `recurdateend` datetime DEFAULT NULL,
  `num_vote` int(11) DEFAULT NULL,
  `event_paid` smallint(6) NOT NULL DEFAULT 0,
  `status` smallint(6) NOT NULL DEFAULT 0,
  `fk_element` int(11) DEFAULT NULL,
  `elementtype` varchar(255) DEFAULT NULL,
  `ip` varchar(250) DEFAULT NULL,
  `fk_bookcal_calendar` int(11) DEFAULT NULL,
  `import_key` varchar(14) DEFAULT NULL,
  `extraparams` varchar(255) DEFAULT NULL,
  PRIMARY KEY (`id`),
  KEY `idx_actioncomm_fk_soc` (`fk_soc`),
  KEY `idx_actioncomm_fk_contact` (`fk_contact`),
  KEY `idx_actioncomm_code` (`code`),
  KEY `idx_actioncomm_fk_element` (`fk_element`),
  KEY `idx_actioncomm_fk_user_action` (`fk_user_action`),
  KEY `idx_actioncomm_fk_project` (`fk_project`),
  KEY `idx_actioncomm_datep` (`datep`),
  KEY `idx_actioncomm_datep2` (`datep2`),
  KEY `idx_actioncomm_recurid` (`recurid`),
  KEY `idx_actioncomm_ref_ext` (`ref_ext`),
  KEY `idx_actioncomm_percent` (`percent`),
  KEY `idx_actioncomm_ref` (`ref`,`entity`)
) ENGINE=InnoDB AUTO_INCREMENT=92 DEFAULT CHARSET=utf8mb4 COLLATE=utf8mb4_general_ci;

--
-- Dumping data for table `llx_actioncomm`
--

INSERT INTO `llx_actioncomm` VALUES (1,'1',NULL,1,'2025-06-20 07:40:42','2025-06-20 07:40:42',40,'AC_COMPANY_CREATE','2025-06-20 07:40:42','2025-06-20 05:40:42',1,NULL,NULL,NULL,1,NULL,0,1,0,0,'default',0,-1,'',0,'Tercero Eduardo Ramirez creado','Tercero Eduardo Ramirez creado',NULL,NULL,NULL,NULL,NULL,NULL,NULL,NULL,NULL,NULL,NULL,NULL,NULL,NULL,0,0,NULL,NULL,NULL,NULL,NULL,NULL),(2,'2',NULL,1,'2025-06-20 07:42:53','2025-06-20 07:42:53',40,'AC_COMPANY_CREATE','2025-06-20 07:42:53','2025-06-20 05:42:53',1,NULL,NULL,NULL,2,NULL,0,1,0,0,'default',0,-1,'',0,'Tercero Sebastián Ramírez creado','Tercero Sebastián Ramírez creado',NULL,NULL,NULL,NULL,NULL,NULL,NULL,NULL,NULL,NULL,NULL,NULL,NULL,NULL,0,0,NULL,NULL,NULL,NULL,NULL,NULL),(3,'3',NULL,1,'2025-06-20 07:43:06','2025-06-20 07:43:06',40,'AC_COMPANY_CREATE','2025-06-20 07:43:06','2025-06-20 05:43:06',1,NULL,NULL,NULL,3,NULL,0,1,0,0,'default',0,-1,'',0,'Tercero Jaime Ramírez creado','Tercero Jaime Ramírez creado',NULL,NULL,NULL,NULL,NULL,NULL,NULL,NULL,NULL,NULL,NULL,NULL,NULL,NULL,0,0,NULL,NULL,NULL,NULL,NULL,NULL),(4,'4',NULL,1,'2025-06-20 07:43:16','2025-06-20 07:43:16',40,'AC_COMPANY_CREATE','2025-06-20 07:43:16','2025-06-20 05:43:16',1,NULL,NULL,NULL,4,NULL,0,1,0,0,'default',0,-1,'',0,'Tercero Nubia Carrillo Pérez creado','Tercero Nubia Carrillo Pérez creado',NULL,NULL,NULL,NULL,NULL,NULL,NULL,NULL,NULL,NULL,NULL,NULL,NULL,NULL,0,0,NULL,NULL,NULL,NULL,NULL,NULL),(5,'5',NULL,1,'2025-06-20 07:43:28','2025-06-20 07:43:28',40,'AC_COMPANY_CREATE','2025-06-20 07:43:28','2025-06-20 05:43:28',1,NULL,NULL,NULL,5,NULL,0,1,0,0,'default',0,-1,'',0,'Tercero Vane creado','Tercero Vane creado',NULL,NULL,NULL,NULL,NULL,NULL,NULL,NULL,NULL,NULL,NULL,NULL,NULL,NULL,0,0,NULL,NULL,NULL,NULL,NULL,NULL),(6,'6',NULL,1,'2025-06-20 07:43:37','2025-06-20 07:43:37',40,'AC_COMPANY_MODIFY','2025-06-20 07:43:37','2025-06-20 05:43:37',1,NULL,NULL,NULL,5,NULL,0,1,0,0,'default',0,-1,'',0,'Tercero Vanessa Manzano modificado','Tercero Vanessa Manzano modificado',NULL,NULL,NULL,NULL,NULL,NULL,NULL,NULL,NULL,NULL,NULL,NULL,NULL,NULL,0,0,NULL,NULL,NULL,NULL,NULL,NULL),(7,'7',NULL,1,'2025-06-20 07:43:49','2025-06-20 07:43:49',40,'AC_COMPANY_CREATE','2025-06-20 07:43:49','2025-06-20 05:43:49',1,NULL,NULL,NULL,6,NULL,0,1,0,0,'default',0,-1,'',0,'Tercero Nataly Estrada creado','Tercero Nataly Estrada creado',NULL,NULL,NULL,NULL,NULL,NULL,NULL,NULL,NULL,NULL,NULL,NULL,NULL,NULL,0,0,NULL,NULL,NULL,NULL,NULL,NULL),(8,'8',NULL,1,'2025-06-20 07:44:07','2025-06-20 07:44:07',40,'AC_COMPANY_CREATE','2025-06-20 07:44:07','2025-06-20 05:44:07',1,NULL,NULL,NULL,7,NULL,0,1,0,0,'default',0,-1,'',0,'Tercero Homero Silva creado','Tercero Homero Silva creado',NULL,NULL,NULL,NULL,NULL,NULL,NULL,NULL,NULL,NULL,NULL,NULL,NULL,NULL,0,0,NULL,NULL,NULL,NULL,NULL,NULL),(9,'9',NULL,1,'2025-06-20 07:44:15','2025-06-20 07:44:15',40,'AC_COMPANY_CREATE','2025-06-20 07:44:15','2025-06-20 05:44:15',1,NULL,NULL,NULL,8,NULL,0,1,0,0,'default',0,-1,'',0,'Tercero Abdiel Zavala creado','Tercero Abdiel Zavala creado',NULL,NULL,NULL,NULL,NULL,NULL,NULL,NULL,NULL,NULL,NULL,NULL,NULL,NULL,0,0,NULL,NULL,NULL,NULL,NULL,NULL),(10,'10',NULL,1,'2025-06-20 07:44:39','2025-06-20 07:44:39',40,'AC_COMPANY_CREATE','2025-06-20 07:44:39','2025-06-20 05:44:39',1,NULL,NULL,NULL,9,NULL,0,1,0,0,'default',0,-1,'',0,'Tercero Mauricio Camacho creado','Tercero Mauricio Camacho creado',NULL,NULL,NULL,NULL,NULL,NULL,NULL,NULL,NULL,NULL,NULL,NULL,NULL,NULL,0,0,NULL,NULL,NULL,NULL,NULL,NULL),(11,'11',NULL,1,'2025-06-20 07:44:47','2025-06-20 07:44:47',40,'AC_COMPANY_CREATE','2025-06-20 07:44:47','2025-06-20 05:44:47',1,NULL,NULL,NULL,10,NULL,0,1,0,0,'default',0,-1,'',0,'Tercero Luis Torres creado','Tercero Luis Torres creado',NULL,NULL,NULL,NULL,NULL,NULL,NULL,NULL,NULL,NULL,NULL,NULL,NULL,NULL,0,0,NULL,NULL,NULL,NULL,NULL,NULL),(12,'12',NULL,1,'2025-06-20 07:44:57','2025-06-20 07:44:57',40,'AC_COMPANY_CREATE','2025-06-20 07:44:57','2025-06-20 05:44:57',1,NULL,NULL,NULL,11,NULL,0,1,0,0,'default',0,-1,'',0,'Tercero Iván Cabrera creado','Tercero Iván Cabrera creado',NULL,NULL,NULL,NULL,NULL,NULL,NULL,NULL,NULL,NULL,NULL,NULL,NULL,NULL,0,0,NULL,NULL,NULL,NULL,NULL,NULL),(13,'13',NULL,1,'2025-06-20 07:45:10','2025-06-20 07:45:10',40,'AC_COMPANY_CREATE','2025-06-20 07:45:10','2025-06-20 05:45:10',1,NULL,NULL,NULL,12,NULL,0,1,0,0,'default',0,-1,'',0,'Tercero Ángel Rojas creado','Tercero Ángel Rojas creado',NULL,NULL,NULL,NULL,NULL,NULL,NULL,NULL,NULL,NULL,NULL,NULL,NULL,NULL,0,0,NULL,NULL,NULL,NULL,NULL,NULL),(14,'14',NULL,1,'2025-06-20 07:45:35','2025-06-20 07:45:35',40,'AC_COMPANY_CREATE','2025-06-20 07:45:35','2025-06-20 05:45:35',1,NULL,NULL,NULL,13,NULL,0,1,0,0,'default',0,-1,'',0,'Tercero Ian Pérez creado','Tercero Ian Pérez creado',NULL,NULL,NULL,NULL,NULL,NULL,NULL,NULL,NULL,NULL,NULL,NULL,NULL,NULL,0,0,NULL,NULL,NULL,NULL,NULL,NULL),(15,'15',NULL,1,'2025-06-20 07:45:48','2025-06-20 07:45:48',40,'AC_COMPANY_CREATE','2025-06-20 07:45:48','2025-06-20 05:45:48',1,NULL,NULL,NULL,14,NULL,0,1,0,0,'default',0,-1,'',0,'Tercero Axel Guerrero creado','Tercero Axel Guerrero creado',NULL,NULL,NULL,NULL,NULL,NULL,NULL,NULL,NULL,NULL,NULL,NULL,NULL,NULL,0,0,NULL,NULL,NULL,NULL,NULL,NULL),(16,'16',NULL,1,'2025-06-20 07:46:02','2025-06-20 07:46:02',40,'AC_COMPANY_CREATE','2025-06-20 07:46:02','2025-06-20 05:46:02',1,NULL,NULL,NULL,15,NULL,0,1,0,0,'default',0,-1,'',0,'Tercero Gael Becerrra creado','Tercero Gael Becerrra creado',NULL,NULL,NULL,NULL,NULL,NULL,NULL,NULL,NULL,NULL,NULL,NULL,NULL,NULL,0,0,NULL,NULL,NULL,NULL,NULL,NULL),(17,'17',NULL,1,'2025-06-20 07:46:07','2025-06-20 07:46:07',40,'AC_COMPANY_MODIFY','2025-06-20 07:46:07','2025-06-20 05:46:07',1,NULL,NULL,NULL,15,NULL,0,1,0,0,'default',0,-1,'',0,'Tercero Gael Becerra modificado','Tercero Gael Becerra modificado',NULL,NULL,NULL,NULL,NULL,NULL,NULL,NULL,NULL,NULL,NULL,NULL,NULL,NULL,0,0,NULL,NULL,NULL,NULL,NULL,NULL),(18,'18',NULL,1,'2025-06-20 07:46:14','2025-06-20 07:46:14',40,'AC_COMPANY_CREATE','2025-06-20 07:46:14','2025-06-20 05:46:14',1,NULL,NULL,NULL,16,NULL,0,1,0,0,'default',0,-1,'',0,'Tercero Rodri creado','Tercero Rodri creado',NULL,NULL,NULL,NULL,NULL,NULL,NULL,NULL,NULL,NULL,NULL,NULL,NULL,NULL,0,0,NULL,NULL,NULL,NULL,NULL,NULL),(19,'19',NULL,1,'2025-06-20 07:46:23','2025-06-20 07:46:23',40,'AC_COMPANY_MODIFY','2025-06-20 07:46:23','2025-06-20 05:46:23',1,NULL,NULL,NULL,16,NULL,0,1,0,0,'default',0,-1,'',0,'Tercero Rodrigo Santamaria modificado','Tercero Rodrigo Santamaria modificado',NULL,NULL,NULL,NULL,NULL,NULL,NULL,NULL,NULL,NULL,NULL,NULL,NULL,NULL,0,0,NULL,NULL,NULL,NULL,NULL,NULL),(20,'20',NULL,1,'2025-06-20 07:46:40','2025-06-20 07:46:40',40,'AC_COMPANY_CREATE','2025-06-20 07:46:40','2025-06-20 05:46:40',1,NULL,NULL,NULL,17,NULL,0,1,0,0,'default',0,-1,'',0,'Tercero Adrián Ramírez creado','Tercero Adrián Ramírez creado',NULL,NULL,NULL,NULL,NULL,NULL,NULL,NULL,NULL,NULL,NULL,NULL,NULL,NULL,0,0,NULL,NULL,NULL,NULL,NULL,NULL),(21,'21',NULL,1,'2025-06-20 07:46:52','2025-06-20 07:46:52',40,'AC_COMPANY_CREATE','2025-06-20 07:46:52','2025-06-20 05:46:52',1,NULL,NULL,NULL,18,NULL,0,1,0,0,'default',0,-1,'',0,'Tercero Raquel Martínez creado','Tercero Raquel Martínez creado',NULL,NULL,NULL,NULL,NULL,NULL,NULL,NULL,NULL,NULL,NULL,NULL,NULL,NULL,0,0,NULL,NULL,NULL,NULL,NULL,NULL),(22,'22',NULL,1,'2025-06-20 07:46:58','2025-06-20 07:46:58',40,'AC_COMPANY_CREATE','2025-06-20 07:46:58','2025-06-20 05:46:58',1,NULL,NULL,NULL,19,NULL,0,1,0,0,'default',0,-1,'',0,'Tercero Regina Otero creado','Tercero Regina Otero creado',NULL,NULL,NULL,NULL,NULL,NULL,NULL,NULL,NULL,NULL,NULL,NULL,NULL,NULL,0,0,NULL,NULL,NULL,NULL,NULL,NULL),(23,'23',NULL,1,'2025-06-20 07:47:05','2025-06-20 07:47:05',40,'AC_COMPANY_CREATE','2025-06-20 07:47:05','2025-06-20 05:47:05',1,NULL,NULL,NULL,20,NULL,0,1,0,0,'default',0,-1,'',0,'Tercero David Otero creado','Tercero David Otero creado',NULL,NULL,NULL,NULL,NULL,NULL,NULL,NULL,NULL,NULL,NULL,NULL,NULL,NULL,0,0,NULL,NULL,NULL,NULL,NULL,NULL),(24,'24',NULL,1,'2025-06-20 07:47:20','2025-06-20 07:47:20',40,'AC_COMPANY_CREATE','2025-06-20 07:47:20','2025-06-20 05:47:20',1,NULL,NULL,NULL,21,NULL,0,1,0,0,'default',0,-1,'',0,'Tercero Alejandro Carrillo creado','Tercero Alejandro Carrillo creado',NULL,NULL,NULL,NULL,NULL,NULL,NULL,NULL,NULL,NULL,NULL,NULL,NULL,NULL,0,0,NULL,NULL,NULL,NULL,NULL,NULL),(25,'25',NULL,1,'2025-06-20 07:48:49','2025-06-20 07:48:49',40,'AC_MEMBER_MODIFY','2025-06-20 07:48:49','2025-06-20 05:48:49',1,NULL,NULL,NULL,NULL,NULL,0,1,0,0,'default',0,-1,'',0,'Miembro Zavala Abdiel modificado','Miembro Zavala Abdiel modificado\nMiembro: Zavala Abdiel\nTipo: Común',NULL,NULL,NULL,NULL,NULL,NULL,NULL,NULL,NULL,NULL,NULL,NULL,NULL,NULL,0,0,1,'member',NULL,NULL,NULL,NULL),(26,'26',NULL,1,'2025-06-20 07:49:23','2025-06-20 07:49:23',40,'AC_MEMBER_MODIFY','2025-06-20 07:49:23','2025-06-20 05:49:23',1,NULL,NULL,NULL,NULL,NULL,0,1,0,0,'default',0,-1,'',0,'Miembro Zavala Adrián Ramírez modificado','Miembro Zavala Adrián Ramírez modificado\nMiembro: Zavala Adrián Ramírez\nTipo: Común',NULL,NULL,NULL,NULL,NULL,NULL,NULL,NULL,NULL,NULL,NULL,NULL,NULL,NULL,0,0,2,'member',NULL,NULL,NULL,NULL),(27,'27',NULL,1,'2025-06-20 07:50:58','2025-06-20 07:50:58',40,'AC_MEMBER_MODIFY','2025-06-20 07:50:58','2025-06-20 05:50:58',1,NULL,NULL,NULL,NULL,NULL,0,1,0,0,'default',0,-1,'',0,'Miembro Guerrero Axel modificado','Miembro Guerrero Axel modificado\nMiembro: Guerrero Axel\nTipo: Común',NULL,NULL,NULL,NULL,NULL,NULL,NULL,NULL,NULL,NULL,NULL,NULL,NULL,NULL,0,0,5,'member',NULL,NULL,NULL,NULL),(28,'28',NULL,1,'2025-06-20 07:53:29','2025-06-20 07:53:29',40,'AC_MEMBER_MODIFY','2025-06-20 07:53:29','2025-06-20 05:53:29',1,NULL,NULL,NULL,NULL,NULL,0,1,0,0,'default',0,-1,'',0,'Miembro Abdiel Zavala modificado','Miembro Abdiel Zavala modificado\nMiembro: Abdiel Zavala\nTipo: Común',NULL,NULL,NULL,NULL,NULL,NULL,NULL,NULL,NULL,NULL,NULL,NULL,NULL,NULL,0,0,1,'member',NULL,NULL,NULL,NULL),(29,'29',NULL,1,'2025-06-20 07:54:00','2025-06-20 07:54:00',40,'AC_MEMBER_MODIFY','2025-06-20 07:54:00','2025-06-20 05:54:00',1,NULL,NULL,NULL,NULL,NULL,0,1,0,0,'default',0,-1,'',0,'Miembro Gael Becerra modificado','Miembro Gael Becerra modificado\nMiembro: Gael Becerra\nTipo: Común',NULL,NULL,NULL,NULL,NULL,NULL,NULL,NULL,NULL,NULL,NULL,NULL,NULL,NULL,0,0,8,'member',NULL,NULL,NULL,NULL),(30,'30',NULL,1,'2025-06-20 07:54:29','2025-06-20 07:54:29',40,'AC_MEMBER_MODIFY','2025-06-20 07:54:29','2025-06-20 05:54:29',1,NULL,NULL,NULL,NULL,NULL,0,1,0,0,'default',0,-1,'',0,'Miembro Eduardo Ramírez modificado','Miembro Eduardo Ramírez modificado\nMiembro: Eduardo Ramírez\nTipo: Común',NULL,NULL,NULL,NULL,NULL,NULL,NULL,NULL,NULL,NULL,NULL,NULL,NULL,NULL,0,0,7,'member',NULL,NULL,NULL,NULL),(31,'31',NULL,1,'2025-06-20 07:55:11','2025-06-20 07:55:11',40,'AC_MEMBER_MODIFY','2025-06-20 07:55:11','2025-06-20 05:55:11',1,NULL,NULL,NULL,NULL,NULL,0,1,0,0,'default',0,-1,'',0,'Miembro David Otero modificado','Miembro David Otero modificado\nMiembro: David Otero\nTipo: Común',NULL,NULL,NULL,NULL,NULL,NULL,NULL,NULL,NULL,NULL,NULL,NULL,NULL,NULL,0,0,6,'member',NULL,NULL,NULL,NULL),(32,'32',NULL,1,'2025-06-20 07:55:28','2025-06-20 07:55:28',40,'AC_MEMBER_MODIFY','2025-06-20 07:55:28','2025-06-20 05:55:28',1,NULL,NULL,NULL,NULL,NULL,0,1,0,0,'default',0,-1,'',0,'Miembro Axel Guerrero modificado','Miembro Axel Guerrero modificado\nMiembro: Axel Guerrero\nTipo: Común',NULL,NULL,NULL,NULL,NULL,NULL,NULL,NULL,NULL,NULL,NULL,NULL,NULL,NULL,0,0,5,'member',NULL,NULL,NULL,NULL),(33,'33',NULL,1,'2025-06-20 07:56:16','2025-06-20 07:56:16',40,'AC_MEMBER_MODIFY','2025-06-20 07:56:16','2025-06-20 05:56:16',1,NULL,NULL,NULL,NULL,NULL,0,1,0,0,'default',0,-1,'',0,'Miembro Angel Rojas modificado','Miembro Angel Rojas modificado\nMiembro: Angel Rojas\nTipo: Común',NULL,NULL,NULL,NULL,NULL,NULL,NULL,NULL,NULL,NULL,NULL,NULL,NULL,NULL,0,0,4,'member',NULL,NULL,NULL,NULL),(34,'34',NULL,1,'2025-06-20 07:56:33','2025-06-20 07:56:33',40,'AC_MEMBER_MODIFY','2025-06-20 07:56:33','2025-06-20 05:56:33',1,NULL,NULL,NULL,NULL,NULL,0,1,0,0,'default',0,-1,'',0,'Miembro Alejandro Carrillo modificado','Miembro Alejandro Carrillo modificado\nMiembro: Alejandro Carrillo\nTipo: Común',NULL,NULL,NULL,NULL,NULL,NULL,NULL,NULL,NULL,NULL,NULL,NULL,NULL,NULL,0,0,3,'member',NULL,NULL,NULL,NULL),(35,'35',NULL,1,'2025-06-20 07:56:54','2025-06-20 07:56:54',40,'AC_MEMBER_MODIFY','2025-06-20 07:56:54','2025-06-20 05:56:54',1,NULL,NULL,NULL,NULL,NULL,0,1,0,0,'default',0,-1,'',0,'Miembro Adrián Ramírez modificado','Miembro Adrián Ramírez modificado\nMiembro: Adrián Ramírez\nTipo: Común',NULL,NULL,NULL,NULL,NULL,NULL,NULL,NULL,NULL,NULL,NULL,NULL,NULL,NULL,0,0,2,'member',NULL,NULL,NULL,NULL),(36,'36',NULL,1,'2025-06-20 08:02:20','2025-06-20 08:02:20',40,'AC_MEMBER_MODIFY','2025-06-20 08:02:20','2025-06-20 06:02:20',1,NULL,NULL,NULL,NULL,NULL,0,1,0,0,'default',0,-1,'',0,'Miembro Iván Cabrera modificado','Miembro Iván Cabrera modificado\nMiembro: Iván Cabrera\nTipo: Común',NULL,NULL,NULL,NULL,NULL,NULL,NULL,NULL,NULL,NULL,NULL,NULL,NULL,NULL,0,0,11,'member',NULL,NULL,NULL,NULL),(37,'37',NULL,1,'2025-06-20 08:03:46','2025-06-20 08:03:46',40,'AC_COMPANY_CREATE','2025-06-20 08:03:46','2025-06-20 06:03:46',1,NULL,NULL,NULL,22,NULL,0,1,0,0,'default',0,-1,'',0,'Tercero Intel creado','Tercero Intel creado',NULL,NULL,NULL,NULL,NULL,NULL,NULL,NULL,NULL,NULL,NULL,NULL,NULL,NULL,0,0,NULL,NULL,NULL,NULL,NULL,NULL),(38,'38',NULL,1,'2025-06-20 08:03:54','2025-06-20 08:03:54',40,'AC_COMPANY_CREATE','2025-06-20 08:03:54','2025-06-20 06:03:54',1,NULL,NULL,NULL,23,NULL,0,1,0,0,'default',0,-1,'',0,'Tercero AMD creado','Tercero AMD creado',NULL,NULL,NULL,NULL,NULL,NULL,NULL,NULL,NULL,NULL,NULL,NULL,NULL,NULL,0,0,NULL,NULL,NULL,NULL,NULL,NULL),(39,'39',NULL,1,'2025-06-20 08:04:01','2025-06-20 08:04:01',40,'AC_COMPANY_CREATE','2025-06-20 08:04:01','2025-06-20 06:04:01',1,NULL,NULL,NULL,24,NULL,0,1,0,0,'default',0,-1,'',0,'Tercero NVIDIA creado','Tercero NVIDIA creado',NULL,NULL,NULL,NULL,NULL,NULL,NULL,NULL,NULL,NULL,NULL,NULL,NULL,NULL,0,0,NULL,NULL,NULL,NULL,NULL,NULL),(40,'40',NULL,1,'2025-06-20 08:04:08','2025-06-20 08:04:08',40,'AC_COMPANY_CREATE','2025-06-20 08:04:08','2025-06-20 06:04:08',1,NULL,NULL,NULL,25,NULL,0,1,0,0,'default',0,-1,'',0,'Tercero ASUS creado','Tercero ASUS creado',NULL,NULL,NULL,NULL,NULL,NULL,NULL,NULL,NULL,NULL,NULL,NULL,NULL,NULL,0,0,NULL,NULL,NULL,NULL,NULL,NULL),(41,'41',NULL,1,'2025-06-20 08:04:13','2025-06-20 08:04:13',40,'AC_COMPANY_CREATE','2025-06-20 08:04:13','2025-06-20 06:04:13',1,NULL,NULL,NULL,26,NULL,0,1,0,0,'default',0,-1,'',0,'Tercero Gigabyte creado','Tercero Gigabyte creado',NULL,NULL,NULL,NULL,NULL,NULL,NULL,NULL,NULL,NULL,NULL,NULL,NULL,NULL,0,0,NULL,NULL,NULL,NULL,NULL,NULL),(42,'42',NULL,1,'2025-06-20 08:04:20','2025-06-20 08:04:20',40,'AC_COMPANY_CREATE','2025-06-20 08:04:20','2025-06-20 06:04:20',1,NULL,NULL,NULL,27,NULL,0,1,0,0,'default',0,-1,'',0,'Tercero MSI creado','Tercero MSI creado',NULL,NULL,NULL,NULL,NULL,NULL,NULL,NULL,NULL,NULL,NULL,NULL,NULL,NULL,0,0,NULL,NULL,NULL,NULL,NULL,NULL),(43,'43',NULL,1,'2025-06-20 08:04:27','2025-06-20 08:04:27',40,'AC_COMPANY_CREATE','2025-06-20 08:04:27','2025-06-20 06:04:27',1,NULL,NULL,NULL,28,NULL,0,1,0,0,'default',0,-1,'',0,'Tercero Sapphire creado','Tercero Sapphire creado',NULL,NULL,NULL,NULL,NULL,NULL,NULL,NULL,NULL,NULL,NULL,NULL,NULL,NULL,0,0,NULL,NULL,NULL,NULL,NULL,NULL),(44,'44',NULL,1,'2025-06-20 08:04:34','2025-06-20 08:04:34',40,'AC_COMPANY_CREATE','2025-06-20 08:04:34','2025-06-20 06:04:34',1,NULL,NULL,NULL,29,NULL,0,1,0,0,'default',0,-1,'',0,'Tercero EVGA creado','Tercero EVGA creado',NULL,NULL,NULL,NULL,NULL,NULL,NULL,NULL,NULL,NULL,NULL,NULL,NULL,NULL,0,0,NULL,NULL,NULL,NULL,NULL,NULL),(45,'45',NULL,1,'2025-06-20 08:04:40','2025-06-20 08:04:40',40,'AC_COMPANY_CREATE','2025-06-20 08:04:40','2025-06-20 06:04:40',1,NULL,NULL,NULL,30,NULL,0,1,0,0,'default',0,-1,'',0,'Tercero ASRock creado','Tercero ASRock creado',NULL,NULL,NULL,NULL,NULL,NULL,NULL,NULL,NULL,NULL,NULL,NULL,NULL,NULL,0,0,NULL,NULL,NULL,NULL,NULL,NULL),(46,'46',NULL,1,'2025-06-20 08:04:46','2025-06-20 08:04:46',40,'AC_COMPANY_CREATE','2025-06-20 08:04:46','2025-06-20 06:04:46',1,NULL,NULL,NULL,31,NULL,0,1,0,0,'default',0,-1,'',0,'Tercero Corsair creado','Tercero Corsair creado',NULL,NULL,NULL,NULL,NULL,NULL,NULL,NULL,NULL,NULL,NULL,NULL,NULL,NULL,0,0,NULL,NULL,NULL,NULL,NULL,NULL),(47,'47',NULL,1,'2025-06-20 08:04:54','2025-06-20 08:04:54',40,'AC_COMPANY_CREATE','2025-06-20 08:04:54','2025-06-20 06:04:54',1,NULL,NULL,NULL,32,NULL,0,1,0,0,'default',0,-1,'',0,'Tercero Kingston creado','Tercero Kingston creado',NULL,NULL,NULL,NULL,NULL,NULL,NULL,NULL,NULL,NULL,NULL,NULL,NULL,NULL,0,0,NULL,NULL,NULL,NULL,NULL,NULL),(48,'48',NULL,1,'2025-06-20 08:05:01','2025-06-20 08:05:01',40,'AC_COMPANY_CREATE','2025-06-20 08:05:01','2025-06-20 06:05:01',1,NULL,NULL,NULL,33,NULL,0,1,0,0,'default',0,-1,'',0,'Tercero Crucial creado','Tercero Crucial creado',NULL,NULL,NULL,NULL,NULL,NULL,NULL,NULL,NULL,NULL,NULL,NULL,NULL,NULL,0,0,NULL,NULL,NULL,NULL,NULL,NULL),(49,'49',NULL,1,'2025-06-20 08:05:06','2025-06-20 08:05:06',40,'AC_COMPANY_CREATE','2025-06-20 08:05:06','2025-06-20 06:05:06',1,NULL,NULL,NULL,34,NULL,0,1,0,0,'default',0,-1,'',0,'Tercero Samsung creado','Tercero Samsung creado',NULL,NULL,NULL,NULL,NULL,NULL,NULL,NULL,NULL,NULL,NULL,NULL,NULL,NULL,0,0,NULL,NULL,NULL,NULL,NULL,NULL),(50,'50',NULL,1,'2025-06-20 08:05:12','2025-06-20 08:05:12',40,'AC_COMPANY_CREATE','2025-06-20 08:05:12','2025-06-20 06:05:12',1,NULL,NULL,NULL,35,NULL,0,1,0,0,'default',0,-1,'',0,'Tercero Seagate creado','Tercero Seagate creado',NULL,NULL,NULL,NULL,NULL,NULL,NULL,NULL,NULL,NULL,NULL,NULL,NULL,NULL,0,0,NULL,NULL,NULL,NULL,NULL,NULL),(51,'51',NULL,1,'2025-06-20 08:05:20','2025-06-20 08:05:20',40,'AC_COMPANY_CREATE','2025-06-20 08:05:20','2025-06-20 06:05:20',1,NULL,NULL,NULL,36,NULL,0,1,0,0,'default',0,-1,'',0,'Tercero Western Digita creado','Tercero Western Digita creado',NULL,NULL,NULL,NULL,NULL,NULL,NULL,NULL,NULL,NULL,NULL,NULL,NULL,NULL,0,0,NULL,NULL,NULL,NULL,NULL,NULL),(52,'52',NULL,1,'2025-06-20 08:05:29','2025-06-20 08:05:29',40,'AC_COMPANY_CREATE','2025-06-20 08:05:30','2025-06-20 06:05:30',1,NULL,NULL,NULL,37,NULL,0,1,0,0,'default',0,-1,'',0,'Tercero Cooler Master creado','Tercero Cooler Master creado',NULL,NULL,NULL,NULL,NULL,NULL,NULL,NULL,NULL,NULL,NULL,NULL,NULL,NULL,0,0,NULL,NULL,NULL,NULL,NULL,NULL),(53,'53',NULL,1,'2025-06-20 08:05:36','2025-06-20 08:05:36',40,'AC_COMPANY_CREATE','2025-06-20 08:05:36','2025-06-20 06:05:36',1,NULL,NULL,NULL,38,NULL,0,1,0,0,'default',0,-1,'',0,'Tercero NZXT creado','Tercero NZXT creado',NULL,NULL,NULL,NULL,NULL,NULL,NULL,NULL,NULL,NULL,NULL,NULL,NULL,NULL,0,0,NULL,NULL,NULL,NULL,NULL,NULL),(54,'54',NULL,1,'2025-06-20 08:05:44','2025-06-20 08:05:44',40,'AC_COMPANY_CREATE','2025-06-20 08:05:44','2025-06-20 06:05:44',1,NULL,NULL,NULL,39,NULL,0,1,0,0,'default',0,-1,'',0,'Tercero be quiet! creado','Tercero be quiet! creado',NULL,NULL,NULL,NULL,NULL,NULL,NULL,NULL,NULL,NULL,NULL,NULL,NULL,NULL,0,0,NULL,NULL,NULL,NULL,NULL,NULL),(55,'55',NULL,1,'2025-06-20 08:05:51','2025-06-20 08:05:51',40,'AC_COMPANY_CREATE','2025-06-20 08:05:51','2025-06-20 06:05:51',1,NULL,NULL,NULL,40,NULL,0,1,0,0,'default',0,-1,'',0,'Tercero Lian Li creado','Tercero Lian Li creado',NULL,NULL,NULL,NULL,NULL,NULL,NULL,NULL,NULL,NULL,NULL,NULL,NULL,NULL,0,0,NULL,NULL,NULL,NULL,NULL,NULL),(56,'56',NULL,1,'2025-06-20 08:05:57','2025-06-20 08:05:57',40,'AC_COMPANY_CREATE','2025-06-20 08:05:57','2025-06-20 06:05:57',1,NULL,NULL,NULL,41,NULL,0,1,0,0,'default',0,-1,'',0,'Tercero Thermaltake creado','Tercero Thermaltake creado',NULL,NULL,NULL,NULL,NULL,NULL,NULL,NULL,NULL,NULL,NULL,NULL,NULL,NULL,0,0,NULL,NULL,NULL,NULL,NULL,NULL),(57,'57',NULL,1,'2025-06-20 08:08:33','2025-06-20 08:08:33',40,'AC_PRODUCT_CREATE','2025-06-20 08:08:33','2025-06-20 06:08:33',1,NULL,NULL,NULL,NULL,NULL,0,1,0,0,'default',0,-1,'',0,'Producto AMD-CPU creado','Producto AMD-CPU creado',NULL,NULL,NULL,NULL,NULL,NULL,NULL,NULL,NULL,NULL,NULL,NULL,NULL,NULL,0,0,1,'product',NULL,NULL,NULL,NULL),(58,'58',NULL,1,'2025-06-20 08:09:44','2025-06-20 08:09:44',40,'AC_PRODUCT_CREATE','2025-06-20 08:09:44','2025-06-20 06:09:44',1,NULL,NULL,NULL,NULL,NULL,0,1,0,0,'default',0,-1,'',0,'Producto AMD5-CPU creado','Producto AMD5-CPU creado',NULL,NULL,NULL,NULL,NULL,NULL,NULL,NULL,NULL,NULL,NULL,NULL,NULL,NULL,0,0,2,'product',NULL,NULL,NULL,NULL),(59,'59',NULL,1,'2025-06-20 08:11:09','2025-06-20 08:11:09',40,'AC_PRODUCT_CREATE','2025-06-20 08:11:09','2025-06-20 06:11:09',1,NULL,NULL,NULL,NULL,NULL,0,1,0,0,'default',0,-1,'',0,'Producto COOLER-TERM creado','Producto COOLER-TERM creado',NULL,NULL,NULL,NULL,NULL,NULL,NULL,NULL,NULL,NULL,NULL,NULL,NULL,NULL,0,0,3,'product',NULL,NULL,NULL,NULL),(60,'60',NULL,1,'2025-06-20 08:12:16','2025-06-20 08:12:16',40,'AC_PRODUCT_CREATE','2025-06-20 08:12:16','2025-06-20 06:12:16',1,NULL,NULL,NULL,NULL,NULL,0,1,0,0,'default',0,-1,'',0,'Producto ASUS-MOTHER-PRO creado','Producto ASUS-MOTHER-PRO creado',NULL,NULL,NULL,NULL,NULL,NULL,NULL,NULL,NULL,NULL,NULL,NULL,NULL,NULL,0,0,4,'product',NULL,NULL,NULL,NULL),(61,'61',NULL,1,'2025-06-20 08:13:12','2025-06-20 08:13:12',40,'AC_PRODUCT_CREATE','2025-06-20 08:13:12','2025-06-20 06:13:12',1,NULL,NULL,NULL,NULL,NULL,0,1,0,0,'default',0,-1,'',0,'Producto ASUS-MOTHER-INTEL creado','Producto ASUS-MOTHER-INTEL creado',NULL,NULL,NULL,NULL,NULL,NULL,NULL,NULL,NULL,NULL,NULL,NULL,NULL,NULL,0,0,5,'product',NULL,NULL,NULL,NULL),(62,'62',NULL,1,'2025-06-20 08:14:24','2025-06-20 08:14:24',40,'AC_PRODUCT_CREATE','2025-06-20 08:14:24','2025-06-20 06:14:24',1,NULL,NULL,NULL,NULL,NULL,0,1,0,0,'default',0,-1,'',0,'Producto ASUS-MOTHER-ROG creado','Producto ASUS-MOTHER-ROG creado',NULL,NULL,NULL,NULL,NULL,NULL,NULL,NULL,NULL,NULL,NULL,NULL,NULL,NULL,0,0,6,'product',NULL,NULL,NULL,NULL),(63,'63',NULL,1,'2025-06-20 08:15:37','2025-06-20 08:15:37',40,'AC_PRODUCT_CREATE','2025-06-20 08:15:37','2025-06-20 06:15:37',1,NULL,NULL,NULL,NULL,NULL,0,1,0,0,'default',0,-1,'',0,'Producto AMD-ATHLON-CPU creado','Producto AMD-ATHLON-CPU creado',NULL,NULL,NULL,NULL,NULL,NULL,NULL,NULL,NULL,NULL,NULL,NULL,NULL,NULL,0,0,7,'product',NULL,NULL,NULL,NULL),(64,'64',NULL,1,'2025-06-20 08:16:34','2025-06-20 08:16:34',40,'AC_PRODUCT_CREATE','2025-06-20 08:16:34','2025-06-20 06:16:34',1,NULL,NULL,NULL,NULL,NULL,0,1,0,0,'default',0,-1,'',0,'Producto COOLER-MASTER creado','Producto COOLER-MASTER creado',NULL,NULL,NULL,NULL,NULL,NULL,NULL,NULL,NULL,NULL,NULL,NULL,NULL,NULL,0,0,8,'product',NULL,NULL,NULL,NULL),(65,'65',NULL,1,'2025-06-20 08:17:46','2025-06-20 08:17:46',40,'AC_PRODUCT_CREATE','2025-06-20 08:17:46','2025-06-20 06:17:46',1,NULL,NULL,NULL,NULL,NULL,0,1,0,0,'default',0,-1,'',0,'Producto COOLER-MASTER-PRO creado','Producto COOLER-MASTER-PRO creado',NULL,NULL,NULL,NULL,NULL,NULL,NULL,NULL,NULL,NULL,NULL,NULL,NULL,NULL,0,0,9,'product',NULL,NULL,NULL,NULL),(66,'66',NULL,1,'2025-06-20 08:19:15','2025-06-20 08:19:15',40,'AC_PRODUCT_CREATE','2025-06-20 08:19:15','2025-06-20 06:19:15',1,NULL,NULL,NULL,NULL,NULL,0,1,0,0,'default',0,-1,'',0,'Producto INTEL-I9 creado','Producto INTEL-I9 creado',NULL,NULL,NULL,NULL,NULL,NULL,NULL,NULL,NULL,NULL,NULL,NULL,NULL,NULL,0,0,10,'product',NULL,NULL,NULL,NULL),(67,'67',NULL,1,'2025-06-20 08:20:29','2025-06-20 08:20:29',40,'AC_PRODUCT_CREATE','2025-06-20 08:20:29','2025-06-20 06:20:29',1,NULL,NULL,NULL,NULL,NULL,0,1,0,0,'default',0,-1,'',0,'Producto CORSAIR-RGB creado','Producto CORSAIR-RGB creado',NULL,NULL,NULL,NULL,NULL,NULL,NULL,NULL,NULL,NULL,NULL,NULL,NULL,NULL,0,0,11,'product',NULL,NULL,NULL,NULL),(68,'68',NULL,1,'2025-06-20 08:21:51','2025-06-20 08:21:51',40,'AC_PRODUCT_CREATE','2025-06-20 08:21:51','2025-06-20 06:21:51',1,NULL,NULL,NULL,NULL,NULL,0,1,0,0,'default',0,-1,'',0,'Producto CORSAIR-GABINETE creado','Producto CORSAIR-GABINETE creado',NULL,NULL,NULL,NULL,NULL,NULL,NULL,NULL,NULL,NULL,NULL,NULL,NULL,NULL,0,0,12,'product',NULL,NULL,NULL,NULL),(69,'69',NULL,1,'2025-06-20 08:23:27','2025-06-20 08:23:27',40,'AC_PRODUCT_CREATE','2025-06-20 08:23:27','2025-06-20 06:23:27',1,NULL,NULL,NULL,NULL,NULL,0,1,0,0,'default',0,-1,'',0,'Producto CORSAIR-GABINETE-PRO creado','Producto CORSAIR-GABINETE-PRO creado',NULL,NULL,NULL,NULL,NULL,NULL,NULL,NULL,NULL,NULL,NULL,NULL,NULL,NULL,0,0,13,'product',NULL,NULL,NULL,NULL),(70,'70',NULL,1,'2025-06-20 08:24:49','2025-06-20 08:24:49',40,'AC_PRODUCT_CREATE','2025-06-20 08:24:49','2025-06-20 06:24:49',1,NULL,NULL,NULL,NULL,NULL,0,1,0,0,'default',0,-1,'',0,'Producto GPU-GY-4060 creado','Producto GPU-GY-4060 creado',NULL,NULL,NULL,NULL,NULL,NULL,NULL,NULL,NULL,NULL,NULL,NULL,NULL,NULL,0,0,14,'product',NULL,NULL,NULL,NULL),(71,'71',NULL,1,'2025-06-20 08:25:45','2025-06-20 08:25:45',40,'AC_PRODUCT_CREATE','2025-06-20 08:25:45','2025-06-20 06:25:45',1,NULL,NULL,NULL,NULL,NULL,0,1,0,0,'default',0,-1,'',0,'Producto GABINETE-GUNDAM creado','Producto GABINETE-GUNDAM creado',NULL,NULL,NULL,NULL,NULL,NULL,NULL,NULL,NULL,NULL,NULL,NULL,NULL,NULL,0,0,15,'product',NULL,NULL,NULL,NULL),(72,'72',NULL,1,'2025-06-20 08:26:45','2025-06-20 08:26:45',40,'AC_PRODUCT_CREATE','2025-06-20 08:26:45','2025-06-20 06:26:45',1,NULL,NULL,NULL,NULL,NULL,0,1,0,0,'default',0,-1,'',0,'Producto MSI-5060 creado','Producto MSI-5060 creado',NULL,NULL,NULL,NULL,NULL,NULL,NULL,NULL,NULL,NULL,NULL,NULL,NULL,NULL,0,0,16,'product',NULL,NULL,NULL,NULL),(73,'73',NULL,1,'2025-06-20 08:27:40','2025-06-20 08:27:40',40,'AC_PRODUCT_CREATE','2025-06-20 08:27:40','2025-06-20 06:27:40',1,NULL,NULL,NULL,NULL,NULL,0,1,0,0,'default',0,-1,'',0,'Producto MSI-AMD creado','Producto MSI-AMD creado',NULL,NULL,NULL,NULL,NULL,NULL,NULL,NULL,NULL,NULL,NULL,NULL,NULL,NULL,0,0,17,'product',NULL,NULL,NULL,NULL),(74,'74',NULL,1,'2025-06-20 08:29:24','2025-06-20 08:29:24',40,'AC_PRODUCT_CREATE','2025-06-20 08:29:24','2025-06-20 06:29:24',1,NULL,NULL,NULL,NULL,NULL,0,1,0,0,'default',0,-1,'',0,'Producto MSI-MOTHERB creado','Producto MSI-MOTHERB creado',NULL,NULL,NULL,NULL,NULL,NULL,NULL,NULL,NULL,NULL,NULL,NULL,NULL,NULL,0,0,18,'product',NULL,NULL,NULL,NULL),(75,'75',NULL,1,'2025-06-20 08:31:03','2025-06-20 08:31:03',40,'AC_PRODUCT_CREATE','2025-06-20 08:31:03','2025-06-20 06:31:03',1,NULL,NULL,NULL,NULL,NULL,0,1,0,0,'default',0,-1,'',0,'Producto MSI-MOTHERB-AMD creado','Producto MSI-MOTHERB-AMD creado',NULL,NULL,NULL,NULL,NULL,NULL,NULL,NULL,NULL,NULL,NULL,NULL,NULL,NULL,0,0,19,'product',NULL,NULL,NULL,NULL),(76,'76',NULL,1,'2025-06-20 08:33:48','2025-06-20 08:33:48',40,'AC_PRODUCT_CREATE','2025-06-20 08:33:48','2025-06-20 06:33:48',1,NULL,NULL,NULL,NULL,NULL,0,1,0,0,'default',0,-1,'',0,'Producto MSI-GABINETE-BLACK creado','Producto MSI-GABINETE-BLACK creado',NULL,NULL,NULL,NULL,NULL,NULL,NULL,NULL,NULL,NULL,NULL,NULL,NULL,NULL,0,0,20,'product',NULL,NULL,NULL,NULL),(77,'77',NULL,1,'2025-06-20 08:34:51','2025-06-20 08:34:51',40,'AC_PRODUCT_CREATE','2025-06-20 08:34:51','2025-06-20 06:34:51',1,NULL,NULL,NULL,NULL,NULL,0,1,0,0,'default',0,-1,'',0,'Producto MSI-GPU-TWO creado','Producto MSI-GPU-TWO creado',NULL,NULL,NULL,NULL,NULL,NULL,NULL,NULL,NULL,NULL,NULL,NULL,NULL,NULL,0,0,21,'product',NULL,NULL,NULL,NULL),(78,'78',NULL,1,'2025-06-20 08:35:50','2025-06-20 08:35:50',40,'AC_PRODUCT_CREATE','2025-06-20 08:35:50','2025-06-20 06:35:50',1,NULL,NULL,NULL,NULL,NULL,0,1,0,0,'default',0,-1,'',0,'Producto NAUTILUS creado','Producto NAUTILUS creado',NULL,NULL,NULL,NULL,NULL,NULL,NULL,NULL,NULL,NULL,NULL,NULL,NULL,NULL,0,0,22,'product',NULL,NULL,NULL,NULL),(79,'79',NULL,1,'2025-06-20 08:36:40','2025-06-20 08:36:40',40,'AC_PRODUCT_CREATE','2025-06-20 08:36:40','2025-06-20 06:36:40',1,NULL,NULL,NULL,NULL,NULL,0,1,0,0,'default',0,-1,'',0,'Producto OCELOT-GABINETE creado','Producto OCELOT-GABINETE creado',NULL,NULL,NULL,NULL,NULL,NULL,NULL,NULL,NULL,NULL,NULL,NULL,NULL,NULL,0,0,23,'product',NULL,NULL,NULL,NULL),(80,'80',NULL,1,'2025-06-20 08:38:25','2025-06-20 08:38:25',40,'AC_PRODUCT_CREATE','2025-06-20 08:38:25','2025-06-20 06:38:25',1,NULL,NULL,NULL,NULL,NULL,0,1,0,0,'default',0,-1,'',0,'Producto COOLER-MASTER-ONEFAN creado','Producto COOLER-MASTER-ONEFAN creado',NULL,NULL,NULL,NULL,NULL,NULL,NULL,NULL,NULL,NULL,NULL,NULL,NULL,NULL,0,0,24,'product',NULL,NULL,NULL,NULL),(81,'81',NULL,1,'2025-06-20 08:38:31','2025-06-20 08:38:31',40,'AC_PRODUCT_MODIFY','2025-06-20 08:38:31','2025-06-20 06:38:31',1,NULL,NULL,NULL,NULL,NULL,0,1,0,0,'default',0,-1,'',0,'Producto COOLER-MASTER-ONEFAN modificado','Producto COOLER-MASTER-ONEFAN modificado',NULL,NULL,NULL,NULL,NULL,NULL,NULL,NULL,NULL,NULL,NULL,NULL,NULL,NULL,0,0,24,'product',NULL,NULL,NULL,NULL),(82,'82',NULL,1,'2025-06-20 08:38:41','2025-06-20 08:38:41',40,'AC_PRODUCT_MODIFY','2025-06-20 08:38:41','2025-06-20 06:38:41',1,NULL,NULL,NULL,NULL,NULL,0,1,0,0,'default',0,-1,'',0,'Producto COOLER-MASTER-ONEFAN modificado','Producto COOLER-MASTER-ONEFAN modificado',NULL,NULL,NULL,NULL,NULL,NULL,NULL,NULL,NULL,NULL,NULL,NULL,NULL,NULL,0,0,24,'product',NULL,NULL,NULL,NULL),(83,'83',NULL,1,'2025-06-20 08:39:35','2025-06-20 08:39:35',40,'AC_PRODUCT_CREATE','2025-06-20 08:39:35','2025-06-20 06:39:35',1,NULL,NULL,NULL,NULL,NULL,0,1,0,0,'default',0,-1,'',0,'Producto AMD-8-CPU creado','Producto AMD-8-CPU creado',NULL,NULL,NULL,NULL,NULL,NULL,NULL,NULL,NULL,NULL,NULL,NULL,NULL,NULL,0,0,25,'product',NULL,NULL,NULL,NULL),(84,'84',NULL,1,'2025-06-20 08:40:25','2025-06-20 08:40:25',40,'AC_PRODUCT_CREATE','2025-06-20 08:40:25','2025-06-20 06:40:25',1,NULL,NULL,NULL,NULL,NULL,0,1,0,0,'default',0,-1,'',0,'Producto ZOTAC-GPU-4060 creado','Producto ZOTAC-GPU-4060 creado',NULL,NULL,NULL,NULL,NULL,NULL,NULL,NULL,NULL,NULL,NULL,NULL,NULL,NULL,0,0,26,'product',NULL,NULL,NULL,NULL),(85,'85',NULL,1,'2025-06-20 08:41:59','2025-06-20 08:41:59',40,'AC_PROPAL_VALIDATE','2025-06-20 08:41:59','2025-06-20 06:41:59',1,NULL,NULL,NULL,8,NULL,0,1,0,0,'default',0,-1,'',0,'Presupuesto PR2506-0001 validado','Presupuesto PR2506-0001 validado',NULL,NULL,NULL,NULL,NULL,NULL,NULL,NULL,NULL,NULL,NULL,NULL,NULL,NULL,0,0,1,'propal',NULL,NULL,NULL,NULL),(86,'86',NULL,1,'2025-06-20 08:42:39','2025-06-20 08:42:39',40,'AC_PROPAL_VALIDATE','2025-06-20 08:42:39','2025-06-20 06:42:39',1,NULL,NULL,NULL,14,NULL,0,1,0,0,'default',0,-1,'',0,'Presupuesto PR2506-0002 validado','Presupuesto PR2506-0002 validado',NULL,NULL,NULL,NULL,NULL,NULL,NULL,NULL,NULL,NULL,NULL,NULL,NULL,NULL,0,0,2,'propal',NULL,NULL,NULL,NULL),(87,'87',NULL,1,'2025-06-20 08:43:16','2025-06-20 08:43:16',40,'AC_PROPAL_VALIDATE','2025-06-20 08:43:16','2025-06-20 06:43:16',1,NULL,NULL,NULL,17,NULL,0,1,0,0,'default',0,-1,'',0,'Presupuesto PR2506-0003 validado','Presupuesto PR2506-0003 validado',NULL,NULL,NULL,NULL,NULL,NULL,NULL,NULL,NULL,NULL,NULL,NULL,NULL,NULL,0,0,3,'propal',NULL,NULL,NULL,NULL),(88,'88',NULL,1,'2025-06-20 08:44:10','2025-06-20 08:44:10',40,'AC_PROPAL_VALIDATE','2025-06-20 08:44:10','2025-06-20 06:44:10',1,NULL,NULL,NULL,14,NULL,0,1,0,0,'default',0,-1,'',0,'Presupuesto PR2506-0004 validado','Presupuesto PR2506-0004 validado',NULL,NULL,NULL,NULL,NULL,NULL,NULL,NULL,NULL,NULL,NULL,NULL,NULL,NULL,0,0,4,'propal',NULL,NULL,NULL,NULL),(89,'89',NULL,1,'2025-06-20 08:45:02','2025-06-20 08:45:02',40,'AC_PROPAL_VALIDATE','2025-06-20 08:45:02','2025-06-20 06:45:02',1,NULL,NULL,NULL,16,NULL,0,1,0,0,'default',0,-1,'',0,'Presupuesto PR2506-0005 validado','Presupuesto PR2506-0005 validado',NULL,NULL,NULL,NULL,NULL,NULL,NULL,NULL,NULL,NULL,NULL,NULL,NULL,NULL,0,0,5,'propal',NULL,NULL,NULL,NULL),(90,'90',NULL,1,'2025-06-20 12:12:46','2025-06-20 12:12:46',40,'AC_USER_NEW_PASSWORD','2025-06-20 12:12:46','2025-06-20 10:12:46',1,NULL,NULL,NULL,NULL,NULL,0,1,0,0,'default',0,-1,'',0,'Contraseña modificada en Dolibarr','Contraseña modificada en Dolibarr',NULL,NULL,NULL,NULL,NULL,NULL,NULL,NULL,NULL,NULL,NULL,NULL,NULL,NULL,0,0,1,'user',NULL,NULL,NULL,NULL),(91,'91',NULL,1,'2025-06-20 12:12:46','2025-06-20 12:12:46',40,'AC_USER_MODIFY','2025-06-20 12:12:46','2025-06-20 10:12:46',1,NULL,NULL,NULL,NULL,NULL,0,1,0,0,'default',0,-1,'',0,'Registro 1 modificado','Registro 1 modificado',NULL,NULL,NULL,NULL,NULL,NULL,NULL,NULL,NULL,NULL,NULL,NULL,NULL,NULL,0,0,1,'user',NULL,NULL,NULL,NULL);

--
-- Table structure for table `llx_actioncomm_extrafields`
--

CREATE TABLE `llx_actioncomm_extrafields` (
  `rowid` int(11) NOT NULL AUTO_INCREMENT,
  `tms` timestamp NOT NULL DEFAULT current_timestamp() ON UPDATE current_timestamp(),
  `fk_object` int(11) NOT NULL,
  `import_key` varchar(14) DEFAULT NULL,
  PRIMARY KEY (`rowid`),
  UNIQUE KEY `uk_actioncomm_extrafields` (`fk_object`)
) ENGINE=InnoDB DEFAULT CHARSET=utf8mb4 COLLATE=utf8mb4_general_ci;

--
-- Dumping data for table `llx_actioncomm_extrafields`
--


--
-- Table structure for table `llx_actioncomm_reminder`
--

CREATE TABLE `llx_actioncomm_reminder` (
  `rowid` int(11) NOT NULL AUTO_INCREMENT,
  `dateremind` datetime NOT NULL,
  `typeremind` varchar(32) NOT NULL,
  `fk_user` int(11) NOT NULL,
  `offsetvalue` int(11) NOT NULL,
  `offsetunit` varchar(1) NOT NULL,
  `status` int(11) NOT NULL DEFAULT 0,
  `datedone` datetime DEFAULT NULL,
  `lasterror` varchar(128) DEFAULT NULL,
  `entity` int(11) NOT NULL DEFAULT 1,
  `fk_actioncomm` int(11) NOT NULL,
  `fk_email_template` int(11) DEFAULT NULL,
  PRIMARY KEY (`rowid`),
  UNIQUE KEY `uk_actioncomm_reminder_unique` (`fk_actioncomm`,`fk_user`,`typeremind`,`offsetvalue`,`offsetunit`),
  KEY `idx_actioncomm_reminder_dateremind` (`dateremind`),
  KEY `idx_actioncomm_reminder_fk_user` (`fk_user`),
  KEY `idx_actioncomm_reminder_status` (`status`)
) ENGINE=InnoDB DEFAULT CHARSET=utf8mb4 COLLATE=utf8mb4_general_ci;

--
-- Dumping data for table `llx_actioncomm_reminder`
--


--
-- Table structure for table `llx_actioncomm_resources`
--

CREATE TABLE `llx_actioncomm_resources` (
  `rowid` int(11) NOT NULL AUTO_INCREMENT,
  `fk_actioncomm` int(11) NOT NULL,
  `element_type` varchar(50) NOT NULL,
  `fk_element` int(11) NOT NULL,
  `answer_status` varchar(50) DEFAULT NULL,
  `mandatory` smallint(6) DEFAULT NULL,
  `transparency` smallint(6) DEFAULT 1,
  PRIMARY KEY (`rowid`),
  UNIQUE KEY `uk_actioncomm_resources` (`fk_actioncomm`,`element_type`,`fk_element`),
  KEY `idx_actioncomm_resources_fk_element` (`fk_element`)
) ENGINE=InnoDB AUTO_INCREMENT=92 DEFAULT CHARSET=utf8mb4 COLLATE=utf8mb4_general_ci;

--
-- Dumping data for table `llx_actioncomm_resources`
--

INSERT INTO `llx_actioncomm_resources` VALUES (1,1,'user',1,'0',0,0),(2,2,'user',1,'0',0,0),(3,3,'user',1,'0',0,0),(4,4,'user',1,'0',0,0),(5,5,'user',1,'0',0,0),(6,6,'user',1,'0',0,0),(7,7,'user',1,'0',0,0),(8,8,'user',1,'0',0,0),(9,9,'user',1,'0',0,0),(10,10,'user',1,'0',0,0),(11,11,'user',1,'0',0,0),(12,12,'user',1,'0',0,0),(13,13,'user',1,'0',0,0),(14,14,'user',1,'0',0,0),(15,15,'user',1,'0',0,0),(16,16,'user',1,'0',0,0),(17,17,'user',1,'0',0,0),(18,18,'user',1,'0',0,0),(19,19,'user',1,'0',0,0),(20,20,'user',1,'0',0,0),(21,21,'user',1,'0',0,0),(22,22,'user',1,'0',0,0),(23,23,'user',1,'0',0,0),(24,24,'user',1,'0',0,0),(25,25,'user',1,'0',0,0),(26,26,'user',1,'0',0,0),(27,27,'user',1,'0',0,0),(28,28,'user',1,'0',0,0),(29,29,'user',1,'0',0,0),(30,30,'user',1,'0',0,0),(31,31,'user',1,'0',0,0),(32,32,'user',1,'0',0,0),(33,33,'user',1,'0',0,0),(34,34,'user',1,'0',0,0),(35,35,'user',1,'0',0,0),(36,36,'user',1,'0',0,0),(37,37,'user',1,'0',0,0),(38,38,'user',1,'0',0,0),(39,39,'user',1,'0',0,0),(40,40,'user',1,'0',0,0),(41,41,'user',1,'0',0,0),(42,42,'user',1,'0',0,0),(43,43,'user',1,'0',0,0),(44,44,'user',1,'0',0,0),(45,45,'user',1,'0',0,0),(46,46,'user',1,'0',0,0),(47,47,'user',1,'0',0,0),(48,48,'user',1,'0',0,0),(49,49,'user',1,'0',0,0),(50,50,'user',1,'0',0,0),(51,51,'user',1,'0',0,0),(52,52,'user',1,'0',0,0),(53,53,'user',1,'0',0,0),(54,54,'user',1,'0',0,0),(55,55,'user',1,'0',0,0),(56,56,'user',1,'0',0,0),(57,57,'user',1,'0',0,0),(58,58,'user',1,'0',0,0),(59,59,'user',1,'0',0,0),(60,60,'user',1,'0',0,0),(61,61,'user',1,'0',0,0),(62,62,'user',1,'0',0,0),(63,63,'user',1,'0',0,0),(64,64,'user',1,'0',0,0),(65,65,'user',1,'0',0,0),(66,66,'user',1,'0',0,0),(67,67,'user',1,'0',0,0),(68,68,'user',1,'0',0,0),(69,69,'user',1,'0',0,0),(70,70,'user',1,'0',0,0),(71,71,'user',1,'0',0,0),(72,72,'user',1,'0',0,0),(73,73,'user',1,'0',0,0),(74,74,'user',1,'0',0,0),(75,75,'user',1,'0',0,0),(76,76,'user',1,'0',0,0),(77,77,'user',1,'0',0,0),(78,78,'user',1,'0',0,0),(79,79,'user',1,'0',0,0),(80,80,'user',1,'0',0,0),(81,81,'user',1,'0',0,0),(82,82,'user',1,'0',0,0),(83,83,'user',1,'0',0,0),(84,84,'user',1,'0',0,0),(85,85,'user',1,'0',0,0),(86,86,'user',1,'0',0,0),(87,87,'user',1,'0',0,0),(88,88,'user',1,'0',0,0),(89,89,'user',1,'0',0,0),(90,90,'user',1,'0',0,0),(91,91,'user',1,'0',0,0);

--
-- Table structure for table `llx_adherent`
--

CREATE TABLE `llx_adherent` (
  `rowid` int(11) NOT NULL AUTO_INCREMENT,
  `ref` varchar(30) NOT NULL,
  `entity` int(11) NOT NULL DEFAULT 1,
  `ref_ext` varchar(128) DEFAULT NULL,
  `gender` varchar(10) DEFAULT NULL,
  `civility` varchar(6) DEFAULT NULL,
  `lastname` varchar(50) DEFAULT NULL,
  `firstname` varchar(50) DEFAULT NULL,
  `login` varchar(50) DEFAULT NULL,
  `pass` varchar(50) DEFAULT NULL,
  `pass_crypted` varchar(128) DEFAULT NULL,
  `fk_adherent_type` int(11) NOT NULL,
  `morphy` varchar(3) NOT NULL,
  `societe` varchar(128) DEFAULT NULL,
  `fk_soc` int(11) DEFAULT NULL,
  `address` text DEFAULT NULL,
  `zip` varchar(30) DEFAULT NULL,
  `town` varchar(50) DEFAULT NULL,
  `state_id` int(11) DEFAULT NULL,
  `country` int(11) DEFAULT NULL,
  `email` varchar(255) DEFAULT NULL,
  `url` varchar(255) DEFAULT NULL,
  `socialnetworks` text DEFAULT NULL,
  `phone` varchar(30) DEFAULT NULL,
  `phone_perso` varchar(30) DEFAULT NULL,
  `phone_mobile` varchar(30) DEFAULT NULL,
  `birth` date DEFAULT NULL,
  `photo` varchar(255) DEFAULT NULL,
  `statut` smallint(6) NOT NULL DEFAULT 0,
  `public` smallint(6) NOT NULL DEFAULT 0,
  `datefin` datetime DEFAULT NULL,
  `default_lang` varchar(6) DEFAULT NULL,
  `note_private` text DEFAULT NULL,
  `note_public` text DEFAULT NULL,
  `model_pdf` varchar(255) DEFAULT NULL,
  `datevalid` datetime DEFAULT NULL,
  `datec` datetime DEFAULT NULL,
  `tms` timestamp NOT NULL DEFAULT current_timestamp() ON UPDATE current_timestamp(),
  `fk_user_author` int(11) DEFAULT NULL,
  `fk_user_mod` int(11) DEFAULT NULL,
  `fk_user_valid` int(11) DEFAULT NULL,
  `canvas` varchar(32) DEFAULT NULL,
  `ip` varchar(250) DEFAULT NULL,
  `import_key` varchar(14) DEFAULT NULL,
  PRIMARY KEY (`rowid`),
  UNIQUE KEY `uk_adherent_ref` (`ref`,`entity`),
  UNIQUE KEY `uk_adherent_login` (`login`,`entity`),
  UNIQUE KEY `uk_adherent_fk_soc` (`fk_soc`),
  KEY `idx_adherent_fk_adherent_type` (`fk_adherent_type`),
  CONSTRAINT `adherent_fk_soc` FOREIGN KEY (`fk_soc`) REFERENCES `llx_societe` (`rowid`),
  CONSTRAINT `fk_adherent_adherent_type` FOREIGN KEY (`fk_adherent_type`) REFERENCES `llx_adherent_type` (`rowid`)
) ENGINE=InnoDB AUTO_INCREMENT=21 DEFAULT CHARSET=utf8mb4 COLLATE=utf8mb4_general_ci;

--
-- Dumping data for table `llx_adherent`
--

INSERT INTO `llx_adherent` VALUES (1,'1',1,NULL,'man','MTRE','Zavala','Abdiel',NULL,NULL,NULL,1,'phy','UPV',NULL,NULL,NULL,NULL,NULL,154,'',NULL,NULL,NULL,NULL,NULL,NULL,NULL,-1,0,NULL,NULL,NULL,NULL,NULL,NULL,'2025-06-20 07:48:37','2025-06-20 05:53:29',1,1,NULL,NULL,NULL,NULL),(2,'2',1,NULL,'man',NULL,'Ramírez','Adrián',NULL,NULL,NULL,1,'phy','UPV',NULL,NULL,NULL,NULL,NULL,154,'',NULL,NULL,NULL,NULL,NULL,NULL,NULL,-1,0,NULL,NULL,NULL,NULL,NULL,NULL,'2025-06-20 07:49:13','2025-06-20 05:56:54',1,1,NULL,NULL,NULL,NULL),(3,'3',1,NULL,'man','MTRE','Carrillo','Alejandro',NULL,NULL,NULL,1,'phy',NULL,NULL,NULL,NULL,NULL,NULL,154,'',NULL,NULL,NULL,NULL,NULL,NULL,NULL,-1,0,NULL,NULL,NULL,NULL,NULL,NULL,'2025-06-20 07:49:54','2025-06-20 05:56:33',1,1,NULL,NULL,NULL,NULL),(4,'4',1,NULL,'man',NULL,'Rojas','Angel',NULL,NULL,NULL,1,'phy','UPV',NULL,NULL,NULL,NULL,NULL,154,'2230404@upv.edu.mx',NULL,NULL,NULL,NULL,NULL,NULL,NULL,-1,0,NULL,NULL,NULL,NULL,NULL,NULL,'2025-06-20 07:50:30','2025-06-20 05:56:16',1,1,NULL,NULL,NULL,NULL),(5,'5',1,NULL,'man',NULL,'Guerrero','Axel',NULL,NULL,NULL,1,'phy','UPV',NULL,NULL,NULL,NULL,NULL,154,'2230404@upv.edu.mx',NULL,NULL,NULL,NULL,NULL,NULL,NULL,-1,0,NULL,NULL,NULL,NULL,NULL,NULL,'2025-06-20 07:50:52','2025-06-20 05:55:28',1,1,NULL,NULL,NULL,NULL),(6,'6',1,NULL,'man',NULL,'Otero','David',NULL,NULL,NULL,1,'phy','UPV',NULL,NULL,NULL,NULL,NULL,154,'',NULL,NULL,NULL,NULL,NULL,NULL,NULL,-1,0,NULL,NULL,NULL,NULL,NULL,NULL,'2025-06-20 07:51:25','2025-06-20 05:55:11',1,1,NULL,NULL,NULL,NULL),(7,'7',1,NULL,'man',NULL,'Ramírez','Eduardo',NULL,NULL,NULL,1,'phy','UPV',NULL,NULL,NULL,NULL,NULL,154,'',NULL,NULL,NULL,NULL,NULL,NULL,NULL,-1,0,NULL,NULL,NULL,NULL,NULL,NULL,'2025-06-20 07:51:58','2025-06-20 05:54:29',1,1,NULL,NULL,NULL,NULL),(8,'8',1,NULL,'man',NULL,'Becerra','Gael',NULL,NULL,NULL,1,'phy','UPV',NULL,NULL,NULL,NULL,NULL,154,'',NULL,NULL,NULL,NULL,NULL,NULL,NULL,-1,0,NULL,NULL,NULL,NULL,NULL,NULL,'2025-06-20 07:52:23','2025-06-20 05:54:00',1,1,NULL,NULL,NULL,NULL),(9,'9',1,NULL,'man',NULL,'Silva','Homero',NULL,NULL,NULL,1,'phy','UPV',NULL,NULL,NULL,NULL,NULL,154,'',NULL,NULL,NULL,NULL,NULL,NULL,NULL,-1,0,NULL,NULL,NULL,NULL,NULL,NULL,'2025-06-20 07:52:48','2025-06-20 05:52:48',1,1,NULL,NULL,NULL,NULL),(10,'10',1,NULL,'man','MR','Pérez','Ian',NULL,NULL,NULL,1,'phy','UPV',NULL,NULL,NULL,NULL,NULL,154,'',NULL,NULL,NULL,NULL,NULL,NULL,NULL,-1,0,NULL,NULL,NULL,NULL,NULL,NULL,'2025-06-20 07:57:39','2025-06-20 05:57:39',1,1,NULL,NULL,NULL,NULL),(11,'11',1,NULL,'man','MTRE','Cabrera','Iván',NULL,NULL,NULL,1,'phy','UPV',NULL,NULL,NULL,NULL,NULL,154,'',NULL,NULL,NULL,NULL,NULL,NULL,NULL,-1,0,NULL,NULL,NULL,NULL,NULL,NULL,'2025-06-20 07:58:05','2025-06-20 06:02:20',1,1,NULL,NULL,NULL,NULL),(12,'12',1,NULL,'man','MTRE','Jaime','Ramírez',NULL,NULL,NULL,1,'phy','UPV',NULL,NULL,NULL,NULL,NULL,154,'',NULL,NULL,NULL,NULL,NULL,NULL,NULL,-1,0,NULL,NULL,NULL,NULL,NULL,NULL,'2025-06-20 07:58:31','2025-06-20 05:58:31',1,1,NULL,NULL,NULL,NULL),(13,'13',1,NULL,'man','MTRE','Torres','Luis',NULL,NULL,NULL,1,'phy','UPV',NULL,NULL,NULL,NULL,NULL,154,'',NULL,NULL,NULL,NULL,NULL,NULL,NULL,-1,0,NULL,NULL,NULL,NULL,NULL,NULL,'2025-06-20 07:59:01','2025-06-20 05:59:01',1,1,NULL,NULL,NULL,NULL),(14,'14',1,NULL,'man','MR','Camacho','Mauricio',NULL,NULL,NULL,1,'phy','UPV',NULL,NULL,NULL,NULL,NULL,154,'',NULL,NULL,NULL,NULL,NULL,NULL,NULL,-1,0,NULL,NULL,NULL,NULL,NULL,NULL,'2025-06-20 07:59:27','2025-06-20 05:59:27',1,1,NULL,NULL,NULL,NULL),(15,'15',1,NULL,'woman','MLE','Estrada','Nataly',NULL,NULL,NULL,1,'phy','UPV',NULL,NULL,NULL,NULL,NULL,154,'',NULL,NULL,NULL,NULL,NULL,NULL,NULL,-1,0,NULL,NULL,NULL,NULL,NULL,NULL,'2025-06-20 07:59:56','2025-06-20 05:59:56',1,1,NULL,NULL,NULL,NULL),(16,'16',1,NULL,'woman','MME','Carrillo','Nubia',NULL,NULL,NULL,1,'phy','UPV',NULL,NULL,NULL,NULL,NULL,154,'',NULL,NULL,NULL,NULL,NULL,NULL,NULL,-1,0,NULL,NULL,NULL,NULL,NULL,NULL,'2025-06-20 08:00:23','2025-06-20 06:00:23',1,1,NULL,NULL,NULL,NULL),(17,'17',1,NULL,'woman','MME','Martínez','Raquel',NULL,NULL,NULL,1,'phy','UPV',NULL,NULL,NULL,NULL,NULL,154,'',NULL,NULL,NULL,NULL,NULL,NULL,NULL,-1,0,NULL,NULL,NULL,NULL,NULL,NULL,'2025-06-20 08:00:48','2025-06-20 06:00:48',1,1,NULL,NULL,NULL,NULL),(18,'18',1,NULL,'woman','MLE','Otero','Regina',NULL,NULL,NULL,1,'phy','UPV',NULL,NULL,NULL,NULL,NULL,154,'',NULL,NULL,NULL,NULL,NULL,NULL,NULL,-1,0,NULL,NULL,NULL,NULL,NULL,NULL,'2025-06-20 08:01:13','2025-06-20 06:01:13',1,1,NULL,NULL,NULL,NULL),(19,'19',1,NULL,'man','MTRE','Santamaria','Rodrigo',NULL,NULL,NULL,1,'phy','UPV',NULL,NULL,NULL,NULL,NULL,154,'',NULL,NULL,NULL,NULL,NULL,NULL,NULL,-1,0,NULL,NULL,NULL,NULL,NULL,NULL,'2025-06-20 08:01:38','2025-06-20 06:01:38',1,1,NULL,NULL,NULL,NULL),(20,'20',1,NULL,'man','MTRE','Ramírez','Sebastián',NULL,NULL,NULL,1,'phy','UPV',NULL,NULL,NULL,NULL,NULL,154,'',NULL,NULL,NULL,NULL,NULL,NULL,NULL,-1,0,NULL,NULL,NULL,NULL,NULL,NULL,'2025-06-20 08:02:02','2025-06-20 06:02:02',1,1,NULL,NULL,NULL,NULL);

--
-- Table structure for table `llx_adherent_extrafields`
--

CREATE TABLE `llx_adherent_extrafields` (
  `rowid` int(11) NOT NULL AUTO_INCREMENT,
  `tms` timestamp NOT NULL DEFAULT current_timestamp() ON UPDATE current_timestamp(),
  `fk_object` int(11) NOT NULL,
  `import_key` varchar(14) DEFAULT NULL,
  PRIMARY KEY (`rowid`),
  UNIQUE KEY `uk_adherent_extrafields` (`fk_object`)
) ENGINE=InnoDB DEFAULT CHARSET=utf8mb4 COLLATE=utf8mb4_general_ci;

--
-- Dumping data for table `llx_adherent_extrafields`
--


--
-- Table structure for table `llx_adherent_type`
--

CREATE TABLE `llx_adherent_type` (
  `rowid` int(11) NOT NULL AUTO_INCREMENT,
  `entity` int(11) NOT NULL DEFAULT 1,
  `tms` timestamp NOT NULL DEFAULT current_timestamp() ON UPDATE current_timestamp(),
  `statut` smallint(6) NOT NULL DEFAULT 0,
  `libelle` varchar(50) NOT NULL,
  `morphy` varchar(3) NOT NULL,
  `duration` varchar(6) DEFAULT NULL,
  `subscription` varchar(3) NOT NULL DEFAULT '1',
  `amount` double(24,8) DEFAULT NULL,
  `caneditamount` int(11) DEFAULT 0,
  `vote` varchar(3) NOT NULL DEFAULT '1',
  `note` text DEFAULT NULL,
  `mail_valid` text DEFAULT NULL,
  PRIMARY KEY (`rowid`),
  UNIQUE KEY `uk_adherent_type_libelle` (`libelle`,`entity`)
) ENGINE=InnoDB AUTO_INCREMENT=2 DEFAULT CHARSET=utf8mb4 COLLATE=utf8mb4_general_ci;

--
-- Dumping data for table `llx_adherent_type`
--

INSERT INTO `llx_adherent_type` VALUES (1,1,'2025-06-20 05:48:20',1,'Común','','0y','1',0.00000000,0,'1','','');

--
-- Table structure for table `llx_adherent_type_extrafields`
--

CREATE TABLE `llx_adherent_type_extrafields` (
  `rowid` int(11) NOT NULL AUTO_INCREMENT,
  `tms` timestamp NOT NULL DEFAULT current_timestamp() ON UPDATE current_timestamp(),
  `fk_object` int(11) NOT NULL,
  `import_key` varchar(14) DEFAULT NULL,
  PRIMARY KEY (`rowid`),
  UNIQUE KEY `uk_adherent_type_extrafields` (`fk_object`)
) ENGINE=InnoDB DEFAULT CHARSET=utf8mb4 COLLATE=utf8mb4_general_ci;

--
-- Dumping data for table `llx_adherent_type_extrafields`
--


--
-- Table structure for table `llx_adherent_type_lang`
--

CREATE TABLE `llx_adherent_type_lang` (
  `rowid` int(11) NOT NULL AUTO_INCREMENT,
  `fk_type` int(11) NOT NULL DEFAULT 0,
  `lang` varchar(5) NOT NULL DEFAULT '0',
  `label` varchar(255) NOT NULL,
  `description` text DEFAULT NULL,
  `email` text DEFAULT NULL,
  `import_key` varchar(14) DEFAULT NULL,
  PRIMARY KEY (`rowid`)
) ENGINE=InnoDB DEFAULT CHARSET=utf8mb4 COLLATE=utf8mb4_general_ci;

--
-- Dumping data for table `llx_adherent_type_lang`
--


--
-- Table structure for table `llx_bank`
--

CREATE TABLE `llx_bank` (
  `rowid` int(11) NOT NULL AUTO_INCREMENT,
  `datec` datetime DEFAULT NULL,
  `tms` timestamp NOT NULL DEFAULT current_timestamp() ON UPDATE current_timestamp(),
  `datev` date DEFAULT NULL,
  `dateo` date DEFAULT NULL,
  `amount` double(24,8) NOT NULL DEFAULT 0.00000000,
  `amount_main_currency` double(24,8) DEFAULT NULL,
  `label` varchar(255) DEFAULT NULL,
  `fk_account` int(11) DEFAULT NULL,
  `fk_user_author` int(11) DEFAULT NULL,
  `fk_user_rappro` int(11) DEFAULT NULL,
  `fk_type` varchar(6) DEFAULT NULL,
  `num_releve` varchar(50) DEFAULT NULL,
  `num_chq` varchar(50) DEFAULT NULL,
  `numero_compte` varchar(32) DEFAULT NULL,
  `rappro` tinyint(4) DEFAULT 0,
  `note` text DEFAULT NULL,
  `fk_bordereau` int(11) DEFAULT 0,
  `position` int(11) DEFAULT 0,
  `banque` varchar(255) DEFAULT NULL,
  `emetteur` varchar(255) DEFAULT NULL,
  `author` varchar(40) DEFAULT NULL,
  `origin_id` int(11) DEFAULT NULL,
  `origin_type` varchar(64) DEFAULT NULL,
  `import_key` varchar(14) DEFAULT NULL,
  PRIMARY KEY (`rowid`),
  KEY `idx_bank_datev` (`datev`),
  KEY `idx_bank_dateo` (`dateo`),
  KEY `idx_bank_fk_account` (`fk_account`),
  KEY `idx_bank_rappro` (`rappro`),
  KEY `idx_bank_num_releve` (`num_releve`)
) ENGINE=InnoDB DEFAULT CHARSET=utf8mb4 COLLATE=utf8mb4_general_ci;

--
-- Dumping data for table `llx_bank`
--


--
-- Table structure for table `llx_bank_account`
--

CREATE TABLE `llx_bank_account` (
  `rowid` int(11) NOT NULL AUTO_INCREMENT,
  `datec` datetime DEFAULT NULL,
  `tms` timestamp NOT NULL DEFAULT current_timestamp() ON UPDATE current_timestamp(),
  `ref` varchar(12) NOT NULL,
  `label` varchar(50) NOT NULL,
  `entity` int(11) NOT NULL DEFAULT 1,
  `fk_user_author` int(11) DEFAULT NULL,
  `fk_user_modif` int(11) DEFAULT NULL,
  `bank` varchar(60) DEFAULT NULL,
  `code_banque` varchar(128) DEFAULT NULL,
  `code_guichet` varchar(6) DEFAULT NULL,
  `number` varchar(255) DEFAULT NULL,
  `cle_rib` varchar(5) DEFAULT NULL,
  `bic` varchar(11) DEFAULT NULL,
  `bic_intermediate` varchar(11) DEFAULT NULL,
  `iban_prefix` varchar(80) DEFAULT NULL,
  `country_iban` varchar(2) DEFAULT NULL,
  `cle_iban` varchar(2) DEFAULT NULL,
  `domiciliation` varchar(255) DEFAULT NULL,
  `pti_in_ctti` smallint(6) DEFAULT 0,
  `state_id` int(11) DEFAULT NULL,
  `fk_pays` int(11) NOT NULL,
  `proprio` varchar(60) DEFAULT NULL,
  `owner_address` varchar(255) DEFAULT NULL,
  `owner_zip` varchar(25) DEFAULT NULL,
  `owner_town` varchar(50) DEFAULT NULL,
  `owner_country_id` int(11) DEFAULT NULL,
  `courant` smallint(6) NOT NULL DEFAULT 0,
  `clos` smallint(6) NOT NULL DEFAULT 0,
  `rappro` smallint(6) DEFAULT 1,
  `url` varchar(128) DEFAULT NULL,
  `account_number` varchar(32) DEFAULT NULL,
  `fk_accountancy_journal` int(11) DEFAULT NULL,
  `currency_code` varchar(3) NOT NULL,
  `min_allowed` int(11) DEFAULT 0,
  `min_desired` int(11) DEFAULT 0,
  `comment` text DEFAULT NULL,
  `note_public` text DEFAULT NULL,
  `model_pdf` varchar(255) DEFAULT NULL,
  `import_key` varchar(14) DEFAULT NULL,
  `extraparams` varchar(255) DEFAULT NULL,
  `ics` varchar(32) DEFAULT NULL,
  `ics_transfer` varchar(32) DEFAULT NULL,
  PRIMARY KEY (`rowid`),
  UNIQUE KEY `uk_bank_account_label` (`label`,`entity`),
  KEY `idx_fk_accountancy_journal` (`fk_accountancy_journal`),
  CONSTRAINT `fk_bank_account_accountancy_journal` FOREIGN KEY (`fk_accountancy_journal`) REFERENCES `llx_accounting_journal` (`rowid`)
) ENGINE=InnoDB DEFAULT CHARSET=utf8mb4 COLLATE=utf8mb4_general_ci;

--
-- Dumping data for table `llx_bank_account`
--


--
-- Table structure for table `llx_bank_account_extrafields`
--

CREATE TABLE `llx_bank_account_extrafields` (
  `rowid` int(11) NOT NULL AUTO_INCREMENT,
  `tms` timestamp NOT NULL DEFAULT current_timestamp() ON UPDATE current_timestamp(),
  `fk_object` int(11) NOT NULL,
  `import_key` varchar(14) DEFAULT NULL,
  PRIMARY KEY (`rowid`),
  UNIQUE KEY `uk_bank_account_extrafields` (`fk_object`)
) ENGINE=InnoDB DEFAULT CHARSET=utf8mb4 COLLATE=utf8mb4_general_ci;

--
-- Dumping data for table `llx_bank_account_extrafields`
--


--
-- Table structure for table `llx_bank_extrafields`
--

CREATE TABLE `llx_bank_extrafields` (
  `rowid` int(11) NOT NULL AUTO_INCREMENT,
  `tms` timestamp NOT NULL DEFAULT current_timestamp() ON UPDATE current_timestamp(),
  `fk_object` int(11) NOT NULL,
  `import_key` varchar(14) DEFAULT NULL,
  PRIMARY KEY (`rowid`),
  UNIQUE KEY `uk_bank_extrafields` (`fk_object`)
) ENGINE=InnoDB DEFAULT CHARSET=utf8mb4 COLLATE=utf8mb4_general_ci;

--
-- Dumping data for table `llx_bank_extrafields`
--


--
-- Table structure for table `llx_bank_url`
--

CREATE TABLE `llx_bank_url` (
  `rowid` int(11) NOT NULL AUTO_INCREMENT,
  `fk_bank` int(11) DEFAULT NULL,
  `url_id` int(11) DEFAULT NULL,
  `url` varchar(255) DEFAULT NULL,
  `label` varchar(255) DEFAULT NULL,
  `type` varchar(24) NOT NULL,
  PRIMARY KEY (`rowid`),
  UNIQUE KEY `uk_bank_url` (`fk_bank`,`url_id`,`type`),
  KEY `idx_bank_url_url_id` (`url_id`)
) ENGINE=InnoDB DEFAULT CHARSET=utf8mb4 COLLATE=utf8mb4_general_ci;

--
-- Dumping data for table `llx_bank_url`
--


--
-- Table structure for table `llx_blockedlog`
--

CREATE TABLE `llx_blockedlog` (
  `rowid` int(11) NOT NULL AUTO_INCREMENT,
  `entity` int(11) NOT NULL DEFAULT 1,
  `date_creation` datetime DEFAULT NULL,
  `tms` timestamp NOT NULL DEFAULT current_timestamp() ON UPDATE current_timestamp(),
  `action` varchar(50) DEFAULT NULL,
  `amounts` double(24,8) NOT NULL,
  `element` varchar(50) DEFAULT NULL,
  `fk_user` int(11) DEFAULT NULL,
  `user_fullname` varchar(255) DEFAULT NULL,
  `fk_object` int(11) DEFAULT NULL,
  `ref_object` varchar(255) DEFAULT NULL,
  `date_object` datetime DEFAULT NULL,
  `signature` varchar(100) NOT NULL,
  `signature_line` varchar(100) NOT NULL,
  `object_data` mediumtext DEFAULT NULL,
  `object_version` varchar(32) DEFAULT '',
  `certified` int(11) DEFAULT NULL,
  PRIMARY KEY (`rowid`),
  KEY `signature` (`signature`),
  KEY `fk_object_element` (`fk_object`,`element`),
  KEY `entity` (`entity`),
  KEY `fk_user` (`fk_user`),
  KEY `entity_action_certified` (`entity`,`action`,`certified`),
  KEY `entity_rowid` (`entity`,`rowid`)
) ENGINE=InnoDB DEFAULT CHARSET=utf8mb4 COLLATE=utf8mb4_general_ci;

--
-- Dumping data for table `llx_blockedlog`
--


--
-- Table structure for table `llx_blockedlog_authority`
--

CREATE TABLE `llx_blockedlog_authority` (
  `rowid` int(11) NOT NULL AUTO_INCREMENT,
  `blockchain` longtext NOT NULL,
  `signature` varchar(100) NOT NULL,
  `tms` timestamp NOT NULL DEFAULT current_timestamp() ON UPDATE current_timestamp(),
  PRIMARY KEY (`rowid`),
  KEY `signature` (`signature`)
) ENGINE=InnoDB DEFAULT CHARSET=utf8mb4 COLLATE=utf8mb4_general_ci;

--
-- Dumping data for table `llx_blockedlog_authority`
--


--
-- Table structure for table `llx_bookmark`
--

CREATE TABLE `llx_bookmark` (
  `rowid` int(11) NOT NULL AUTO_INCREMENT,
  `fk_user` int(11) NOT NULL,
  `dateb` datetime DEFAULT NULL,
  `url` text DEFAULT NULL,
  `target` varchar(16) DEFAULT NULL,
  `title` varchar(64) DEFAULT NULL,
  `favicon` varchar(24) DEFAULT NULL,
  `position` int(11) DEFAULT 0,
  `entity` int(11) NOT NULL DEFAULT 1,
  PRIMARY KEY (`rowid`),
  UNIQUE KEY `uk_bookmark_title` (`fk_user`,`entity`,`title`)
) ENGINE=InnoDB DEFAULT CHARSET=utf8mb4 COLLATE=utf8mb4_general_ci;

--
-- Dumping data for table `llx_bookmark`
--


--
-- Table structure for table `llx_bordereau_cheque`
--

CREATE TABLE `llx_bordereau_cheque` (
  `rowid` int(11) NOT NULL AUTO_INCREMENT,
  `ref` varchar(30) NOT NULL,
  `label` varchar(255) DEFAULT NULL,
  `ref_ext` varchar(255) DEFAULT NULL,
  `type` varchar(6) DEFAULT 'CHQ',
  `datec` datetime NOT NULL,
  `date_bordereau` date DEFAULT NULL,
  `amount` double(24,8) NOT NULL,
  `nbcheque` smallint(6) NOT NULL,
  `fk_bank_account` int(11) DEFAULT NULL,
  `fk_user_author` int(11) DEFAULT NULL,
  `statut` smallint(6) NOT NULL DEFAULT 0,
  `tms` timestamp NOT NULL DEFAULT current_timestamp() ON UPDATE current_timestamp(),
  `note` text DEFAULT NULL,
  `entity` int(11) NOT NULL DEFAULT 1,
  PRIMARY KEY (`rowid`),
  UNIQUE KEY `uk_bordereau_cheque` (`ref`,`entity`)
) ENGINE=InnoDB DEFAULT CHARSET=utf8mb4 COLLATE=utf8mb4_general_ci;

--
-- Dumping data for table `llx_bordereau_cheque`
--


--
-- Table structure for table `llx_boxes`
--

CREATE TABLE `llx_boxes` (
  `rowid` int(11) NOT NULL AUTO_INCREMENT,
  `entity` int(11) NOT NULL DEFAULT 1,
  `box_id` int(11) NOT NULL,
  `position` smallint(6) NOT NULL,
  `box_order` varchar(3) NOT NULL,
  `fk_user` int(11) NOT NULL DEFAULT 0,
  `maxline` int(11) DEFAULT NULL,
  `params` varchar(255) DEFAULT NULL,
  PRIMARY KEY (`rowid`),
  UNIQUE KEY `uk_boxes` (`entity`,`box_id`,`position`,`fk_user`),
  KEY `idx_boxes_boxid` (`box_id`),
  KEY `idx_boxes_fk_user` (`fk_user`),
  CONSTRAINT `fk_boxes_box_id` FOREIGN KEY (`box_id`) REFERENCES `llx_boxes_def` (`rowid`)
) ENGINE=InnoDB AUTO_INCREMENT=37 DEFAULT CHARSET=utf8mb4 COLLATE=utf8mb4_general_ci;

--
-- Dumping data for table `llx_boxes`
--

INSERT INTO `llx_boxes` VALUES (1,1,1,0,'0',0,NULL,NULL),(2,1,2,0,'0',0,NULL,NULL),(3,1,3,0,'0',0,NULL,NULL),(4,1,4,0,'0',0,NULL,NULL),(5,1,5,0,'0',0,NULL,NULL),(6,1,6,0,'0',0,NULL,NULL),(7,1,7,0,'0',0,NULL,NULL),(8,1,13,0,'0',0,NULL,NULL),(9,1,14,0,'0',0,NULL,NULL),(10,1,15,0,'0',0,NULL,NULL),(11,1,16,0,'0',0,NULL,NULL),(12,1,17,0,'0',0,NULL,NULL),(13,1,18,0,'0',0,NULL,NULL),(14,1,19,0,'0',0,NULL,NULL),(15,1,20,0,'0',0,NULL,NULL),(16,1,21,0,'0',0,NULL,NULL),(18,1,23,0,'0',0,NULL,NULL),(19,1,24,0,'0',0,NULL,NULL),(20,1,31,0,'0',0,NULL,NULL),(21,1,32,0,'0',0,NULL,NULL),(22,1,33,0,'0',0,NULL,NULL),(23,1,34,0,'0',0,NULL,NULL),(24,1,35,0,'0',0,NULL,NULL),(25,1,36,0,'0',0,NULL,NULL),(26,1,37,0,'0',0,NULL,NULL),(27,1,38,0,'0',0,NULL,NULL),(28,1,39,0,'0',0,NULL,NULL),(29,1,40,0,'0',0,NULL,NULL),(30,1,41,0,'0',0,NULL,NULL),(31,1,42,0,'0',0,NULL,NULL),(32,1,43,0,'0',0,NULL,NULL),(33,1,44,0,'0',0,NULL,NULL),(34,1,45,0,'0',0,NULL,NULL),(35,1,46,0,'0',0,NULL,NULL),(36,1,47,0,'0',0,NULL,NULL);

--
-- Table structure for table `llx_boxes_def`
--

CREATE TABLE `llx_boxes_def` (
  `rowid` int(11) NOT NULL AUTO_INCREMENT,
  `file` varchar(200) NOT NULL,
  `entity` int(11) NOT NULL DEFAULT 1,
  `fk_user` int(11) NOT NULL DEFAULT 0,
  `tms` timestamp NOT NULL DEFAULT current_timestamp() ON UPDATE current_timestamp(),
  `note` varchar(130) DEFAULT NULL,
  PRIMARY KEY (`rowid`),
  UNIQUE KEY `uk_boxes_def` (`file`,`entity`,`note`)
) ENGINE=InnoDB AUTO_INCREMENT=48 DEFAULT CHARSET=utf8mb4 COLLATE=utf8mb4_general_ci;

--
-- Dumping data for table `llx_boxes_def`
--

INSERT INTO `llx_boxes_def` VALUES (1,'box_lastlogin.php',1,0,'2025-06-20 05:37:23',NULL),(2,'box_birthdays.php',1,0,'2025-06-20 05:37:23',NULL),(3,'box_dolibarr_state_board.php',1,0,'2025-06-20 05:37:23',NULL),(4,'box_actions.php',1,0,'2025-06-20 05:37:23',NULL),(5,'box_actions_future.php',1,0,'2025-06-20 05:37:23',NULL),(6,'box_members.php',1,0,'2025-06-20 05:38:34',NULL),(7,'box_birthdays_members.php',1,0,'2025-06-20 05:38:34',NULL),(8,'box_members_last_modified.php',1,0,'2025-06-20 05:38:34',NULL),(9,'box_members_last_subscriptions.php',1,0,'2025-06-20 05:38:34',NULL),(10,'box_members_subscriptions_by_year.php',1,0,'2025-06-20 05:38:34',NULL),(11,'box_members_by_type.php',1,0,'2025-06-20 05:38:34',NULL),(12,'box_members_by_tags.php',1,0,'2025-06-20 05:38:34',NULL),(13,'box_clients.php',1,0,'2025-06-20 05:38:44',NULL),(14,'box_prospect.php',1,0,'2025-06-20 05:38:44',NULL),(15,'box_contacts.php',1,0,'2025-06-20 05:38:44',NULL),(16,'box_activity.php',1,0,'2025-06-20 05:38:44','(WarningUsingThisBoxSlowDown)'),(17,'box_goodcustomers.php',1,0,'2025-06-20 05:38:44','(WarningUsingThisBoxSlowDown)'),(18,'box_graph_propales_permonth.php',1,0,'2025-06-20 05:38:46',NULL),(19,'box_propales.php',1,0,'2025-06-20 05:38:46',NULL),(20,'box_commandes.php',1,0,'2025-06-20 05:38:47',NULL),(21,'box_graph_orders_permonth.php',1,0,'2025-06-20 05:38:47',NULL),(23,'box_last_ticket.php',1,0,'2025-06-20 05:38:54',NULL),(24,'box_last_modified_ticket.php',1,0,'2025-06-20 05:38:54',NULL),(25,'box_ticket_by_severity.php',1,0,'2025-06-20 05:38:54',NULL),(26,'box_graph_nb_ticket_last_x_days.php',1,0,'2025-06-20 05:38:54',NULL),(27,'box_graph_nb_tickets_type.php',1,0,'2025-06-20 05:38:54',NULL),(28,'box_new_vs_close_ticket.php',1,0,'2025-06-20 05:38:54',NULL),(29,'box_last_knowledgerecord.php',1,0,'2025-06-20 05:38:55',NULL),(30,'box_last_modified_knowledgerecord.php',1,0,'2025-06-20 05:38:55',NULL),(31,'box_graph_invoices_supplier_permonth.php',1,0,'2025-06-20 05:38:58',NULL),(32,'box_graph_orders_supplier_permonth.php',1,0,'2025-06-20 05:38:58',NULL),(33,'box_fournisseurs.php',1,0,'2025-06-20 05:38:58',NULL),(34,'box_factures_fourn_imp.php',1,0,'2025-06-20 05:38:58',NULL),(35,'box_factures_fourn.php',1,0,'2025-06-20 05:38:58',NULL),(36,'box_supplier_orders.php',1,0,'2025-06-20 05:38:58',NULL),(37,'box_supplier_orders_awaiting_reception.php',1,0,'2025-06-20 05:38:58',NULL),(38,'box_factures_imp.php',1,0,'2025-06-20 05:39:04',NULL),(39,'box_factures.php',1,0,'2025-06-20 05:39:04',NULL),(40,'box_graph_invoices_permonth.php',1,0,'2025-06-20 05:39:04',NULL),(41,'box_customers_outstanding_bill_reached.php',1,0,'2025-06-20 05:39:04',NULL),(42,'box_comptes.php',1,0,'2025-06-20 05:39:11',NULL),(43,'box_produits.php',1,0,'2025-06-20 05:39:14',NULL),(44,'box_produits_alerte_stock.php',1,0,'2025-06-20 05:39:14',NULL),(45,'box_graph_product_distribution.php',1,0,'2025-06-20 05:39:14',NULL),(46,'box_services_contracts.php',1,0,'2025-06-20 05:39:15',NULL),(47,'box_shipments.php',1,0,'2025-06-20 05:39:18',NULL);

--
-- Table structure for table `llx_c_action_trigger`
--

CREATE TABLE `llx_c_action_trigger` (
  `rowid` int(11) NOT NULL AUTO_INCREMENT,
  `elementtype` varchar(64) NOT NULL,
  `code` varchar(128) NOT NULL,
  `contexts` varchar(255) DEFAULT NULL,
  `label` varchar(128) NOT NULL,
  `description` varchar(255) DEFAULT NULL,
  `rang` int(11) DEFAULT 0,
  PRIMARY KEY (`rowid`),
  UNIQUE KEY `uk_action_trigger_code` (`code`),
  KEY `idx_action_trigger_rang` (`rang`)
) ENGINE=InnoDB AUTO_INCREMENT=157 DEFAULT CHARSET=utf8mb4 COLLATE=utf8mb4_general_ci;

--
-- Dumping data for table `llx_c_action_trigger`
--

INSERT INTO `llx_c_action_trigger` VALUES (1,'societe','COMPANY_CREATE',NULL,'Third party created','Executed when a third party is created',1),(2,'societe','COMPANY_MODIFY',NULL,'Third party update','Executed when you update third party',1),(3,'societe','COMPANY_SENTBYMAIL',NULL,'Mails sent from third party card','Executed when you send email from third party card',1),(4,'societe','COMPANY_DELETE',NULL,'Third party deleted','Executed when you delete third party',1),(5,'societe','COMPANY_RIB_CREATE',NULL,'Third party payment information created','Executed when a third party payment information is created',1),(6,'societe','COMPANY_RIB_MODIFY',NULL,'Third party payment information updated','Executed when a third party payment information is updated',1),(7,'societe','COMPANY_RIB_DELETE',NULL,'Third party payment information deleted','Executed when a third party payment information is deleted',1),(8,'propal','PROPAL_VALIDATE',NULL,'Customer proposal validated','Executed when a commercial proposal is validated',2),(9,'propal','PROPAL_MODIFY',NULL,'Customer proposal modified','Executed when a customer proposal is modified',2),(10,'propal','PROPAL_SENTBYMAIL',NULL,'Commercial proposal sent by mail','Executed when a commercial proposal is sent by mail',3),(11,'propal','PROPAL_CLOSE_SIGNED',NULL,'Customer proposal closed signed','Executed when a customer proposal is closed signed',2),(12,'propal','PROPAL_CLOSE_REFUSED',NULL,'Customer proposal closed refused','Executed when a customer proposal is closed refused',2),(13,'propal','PROPAL_CLASSIFY_BILLED',NULL,'Customer proposal set billed','Executed when a customer proposal is set to billed',2),(14,'propal','PROPAL_DELETE',NULL,'Customer proposal deleted','Executed when a customer proposal is deleted',2),(15,'commande','ORDER_VALIDATE',NULL,'Customer order validate','Executed when a customer order is validated',4),(16,'commande','ORDER_CLOSE',NULL,'Customer order classify delivered','Executed when a customer order is set delivered',5),(17,'commande','ORDER_MODIFY',NULL,'Customer order modified','Executed when a customer order is set modified',5),(18,'commande','ORDER_CLASSIFY_BILLED',NULL,'Customer order classify billed','Executed when a customer order is set to billed',5),(19,'commande','ORDER_CANCEL',NULL,'Customer order canceled','Executed when a customer order is canceled',5),(20,'commande','ORDER_SENTBYMAIL',NULL,'Customer order sent by mail','Executed when a customer order is sent by mail ',5),(21,'commande','ORDER_DELETE',NULL,'Customer order deleted','Executed when a customer order is deleted',5),(22,'facture','BILL_VALIDATE',NULL,'Customer invoice validated','Executed when a customer invoice is approved',6),(23,'facture','BILL_MODIFY',NULL,'Customer invoice modified','Executed when a customer invoice is modified',7),(24,'facture','BILL_PAYED',NULL,'Customer invoice payed','Executed when a customer invoice is payed',7),(25,'facture','BILL_CANCEL',NULL,'Customer invoice canceled','Executed when a customer invoice is canceled',8),(26,'facture','BILL_SENTBYMAIL',NULL,'Customer invoice sent by mail','Executed when a customer invoice is sent by mail',9),(27,'facture','BILL_UNVALIDATE',NULL,'Customer invoice unvalidated','Executed when a customer invoice status set back to draft',9),(28,'facture','BILL_DELETE',NULL,'Customer invoice deleted','Executed when a customer invoice is deleted',9),(29,'proposal_supplier','PROPOSAL_SUPPLIER_VALIDATE',NULL,'Price request validated','Executed when a commercial proposal is validated',10),(30,'proposal_supplier','PROPOSAL_SUPPLIER_MODIFY',NULL,'Price request modified','Executed when a commercial proposal is modified',10),(31,'proposal_supplier','PROPOSAL_SUPPLIER_SENTBYMAIL',NULL,'Price request sent by mail','Executed when a commercial proposal is sent by mail',10),(32,'proposal_supplier','PROPOSAL_SUPPLIER_CLOSE_SIGNED',NULL,'Price request closed signed','Executed when a customer proposal is closed signed',10),(33,'proposal_supplier','PROPOSAL_SUPPLIER_CLOSE_REFUSED',NULL,'Price request closed refused','Executed when a customer proposal is closed refused',10),(34,'proposal_supplier','PROPOSAL_SUPPLIER_DELETE',NULL,'Price request deleted','Executed when a customer proposal delete',10),(35,'order_supplier','ORDER_SUPPLIER_VALIDATE',NULL,'Purchase order validated','Executed when a supplier order is validated',12),(36,'order_supplier','ORDER_SUPPLIER_APPROVE',NULL,'Purchase order request approved','Executed when a supplier order is approved',13),(37,'order_supplier','ORDER_SUPPLIER_MODIFY',NULL,'Purchase order request modified','Executed when a supplier order is modified',13),(38,'order_supplier','ORDER_SUPPLIER_SUBMIT',NULL,'Purchase order request submited','Executed when a supplier order is approved',13),(39,'order_supplier','ORDER_SUPPLIER_RECEIVE',NULL,'Purchase order request received','Executed when a supplier order is received',13),(40,'order_supplier','ORDER_SUPPLIER_REFUSE',NULL,'Purchase order request refused','Executed when a supplier order is refused',13),(41,'order_supplier','ORDER_SUPPLIER_CANCEL',NULL,'Purchase order request canceled','Executed when a supplier order is canceled',13),(42,'order_supplier','ORDER_SUPPLIER_SENTBYMAIL',NULL,'Purchase order sent by mail','Executed when a supplier order is sent by mail',14),(43,'order_supplier','ORDER_SUPPLIER_CLASSIFY_BILLED',NULL,'Purchase order set billed','Executed when a supplier order is set as billed',14),(44,'order_supplier','ORDER_SUPPLIER_DELETE',NULL,'Purchase order deleted','Executed when a supplier order is deleted',14),(45,'invoice_supplier','BILL_SUPPLIER_VALIDATE',NULL,'Supplier invoice validated','Executed when a supplier invoice is validated',15),(46,'invoice_supplier','BILL_SUPPLIER_MODIFY',NULL,'Supplier invoice modified','Executed when a supplier invoice is modified',15),(47,'invoice_supplier','BILL_SUPPLIER_UNVALIDATE',NULL,'Supplier invoice unvalidated','Executed when a supplier invoice status is set back to draft',15),(48,'invoice_supplier','BILL_SUPPLIER_PAYED',NULL,'Supplier invoice payed','Executed when a supplier invoice is payed',16),(49,'invoice_supplier','BILL_SUPPLIER_SENTBYMAIL',NULL,'Supplier invoice sent by mail','Executed when a supplier invoice is sent by mail',17),(50,'invoice_supplier','BILL_SUPPLIER_CANCELED',NULL,'Supplier invoice cancelled','Executed when a supplier invoice is cancelled',17),(51,'invoice_supplier','BILL_SUPPLIER_DELETE',NULL,'Supplier invoice deleted','Executed when a supplier invoice is deleted',17),(52,'contrat','CONTRACT_VALIDATE',NULL,'Contract validated','Executed when a contract is validated',18),(53,'contrat','CONTRACT_MODIFY',NULL,'Contract modified','Executed when a contract is modified',18),(54,'contrat','CONTRACT_SENTBYMAIL',NULL,'Contract sent by mail','Executed when a contract is sent by mail',18),(55,'contrat','CONTRACT_DELETE',NULL,'Contract deleted','Executed when a contract is deleted',18),(56,'shipping','SHIPPING_VALIDATE',NULL,'Shipping validated','Executed when a shipping is validated',20),(57,'shipping','SHIPPING_MODIFY',NULL,'Shipping modified','Executed when a shipping is modified',20),(58,'shipping','SHIPPING_SENTBYMAIL',NULL,'Shipping sent by mail','Executed when a shipping is sent by mail',21),(59,'shipping','SHIPPING_DELETE',NULL,'Shipping sent is deleted','Executed when a shipping is deleted',21),(60,'reception','RECEPTION_VALIDATE',NULL,'Reception validated','Executed when a reception is validated',22),(61,'reception','RECEPTION_SENTBYMAIL',NULL,'Reception sent by mail','Executed when a reception is sent by mail',22),(62,'member','MEMBER_VALIDATE',NULL,'Member validated','Executed when a member is validated',22),(63,'member','MEMBER_MODIFY',NULL,'Member modified','Executed when a member is modified',23),(64,'member','MEMBER_SENTBYMAIL',NULL,'Mails sent from member card','Executed when you send email from member card',23),(65,'member','MEMBER_SUBSCRIPTION_CREATE',NULL,'Member subscribtion recorded','Executed when a member subscribtion is deleted',24),(66,'member','MEMBER_SUBSCRIPTION_MODIFY',NULL,'Member subscribtion modified','Executed when a member subscribtion is modified',24),(67,'member','MEMBER_SUBSCRIPTION_DELETE',NULL,'Member subscribtion deleted','Executed when a member subscribtion is deleted',24),(68,'member','MEMBER_RESILIATE',NULL,'Member resiliated','Executed when a member is resiliated',25),(69,'member','MEMBER_DELETE',NULL,'Member deleted','Executed when a member is deleted',26),(70,'member','MEMBER_EXCLUDE',NULL,'Member excluded','Executed when a member is excluded',27),(71,'ficheinter','FICHINTER_VALIDATE',NULL,'Intervention validated','Executed when a intervention is validated',30),(72,'ficheinter','FICHINTER_MODIFY',NULL,'Intervention modified','Executed when a intervention is modify',30),(73,'ficheinter','FICHINTER_CLASSIFY_BILLED',NULL,'Intervention set billed','Executed when a intervention is set to billed (when option FICHINTER_CLASSIFY_BILLED is set)',32),(74,'ficheinter','FICHINTER_CLASSIFY_UNBILLED',NULL,'Intervention set unbilled','Executed when a intervention is set to unbilled (when option FICHINTER_CLASSIFY_BILLED is set)',33),(75,'ficheinter','FICHINTER_REOPEN',NULL,'Intervention opened','Executed when a intervention is re-opened',34),(76,'ficheinter','FICHINTER_SENTBYMAIL',NULL,'Intervention sent by mail','Executed when a intervention is sent by mail',35),(77,'ficheinter','FICHINTER_DELETE',NULL,'Intervention is deleted','Executed when a intervention is deleted',35),(78,'ficheinter','FICHINTER_CLOSE',NULL,'Intervention is done','Executed when a intervention is done',36),(79,'product','PRODUCT_CREATE',NULL,'Product or service created','Executed when a product or sevice is created',40),(80,'product','PRODUCT_MODIFY',NULL,'Product or service modified','Executed when a product or sevice is modified',41),(81,'product','PRODUCT_DELETE',NULL,'Product or service deleted','Executed when a product or sevice is deleted',42),(82,'expensereport','EXPENSE_REPORT_CREATE',NULL,'Expense report created','Executed when an expense report is created',201),(83,'expensereport','EXPENSE_REPORT_VALIDATE',NULL,'Expense report validated','Executed when an expense report is validated',202),(84,'expensereport','EXPENSE_REPORT_MODIFY',NULL,'Expense report modified','Executed when an expense report is modified',202),(85,'expensereport','EXPENSE_REPORT_APPROVE',NULL,'Expense report approved','Executed when an expense report is approved',203),(86,'expensereport','EXPENSE_REPORT_PAID',NULL,'Expense report billed','Executed when an expense report is set as billed',204),(87,'expensereport','EXPENSE_REPORT_DELETE',NULL,'Expense report deleted','Executed when an expense report is deleted',205),(88,'project','PROJECT_CREATE',NULL,'Project creation','Executed when a project is created',140),(89,'project','PROJECT_VALIDATE',NULL,'Project validation','Executed when a project is validated',141),(90,'project','PROJECT_MODIFY',NULL,'Project modified','Executed when a project is modified',142),(91,'project','PROJECT_DELETE',NULL,'Project deleted','Executed when a project is deleted',143),(92,'project','PROJECT_SENTBYMAIL',NULL,'Project sent by mail','Executed when a project is sent by email',144),(93,'project','PROJECT_CLOSE',NULL,'Project closed','Executed when a project is closed',145),(94,'ticket','TICKET_CREATE',NULL,'Ticket created','Executed when a ticket is created',161),(95,'ticket','TICKET_MODIFY',NULL,'Ticket modified','Executed when a ticket is modified',163),(96,'ticket','TICKET_ASSIGNED',NULL,'Ticket assigned','Executed when a ticket is modified',164),(97,'ticket','TICKET_CLOSE',NULL,'Ticket closed','Executed when a ticket is closed',165),(98,'ticket','TICKET_SENTBYMAIL',NULL,'Ticket message sent by email','Executed when a message is sent from the ticket record',166),(99,'ticket','TICKET_DELETE',NULL,'Ticket deleted','Executed when a ticket is deleted',167),(100,'user','USER_SENTBYMAIL',NULL,'Email sent','Executed when an email is sent from user card',300),(101,'user','USER_CREATE',NULL,'User created','Executed when a user is created',301),(102,'user','USER_MODIFY',NULL,'User update','Executed when a user is updated',302),(103,'user','USER_DELETE',NULL,'User update','Executed when a user is deleted',303),(104,'user','USER_NEW_PASSWORD',NULL,'User update','Executed when a user is change password',304),(105,'user','USER_ENABLEDISABLE',NULL,'User update','Executed when a user is enable or disable',305),(106,'bom','BOM_VALIDATE',NULL,'BOM validated','Executed when a BOM is validated',650),(107,'bom','BOM_UNVALIDATE',NULL,'BOM unvalidated','Executed when a BOM is unvalidated',651),(108,'bom','BOM_CLOSE',NULL,'BOM disabled','Executed when a BOM is disabled',652),(109,'bom','BOM_REOPEN',NULL,'BOM reopen','Executed when a BOM is re-open',653),(110,'bom','BOM_DELETE',NULL,'BOM deleted','Executed when a BOM deleted',654),(111,'mrp','MRP_MO_VALIDATE',NULL,'MO validated','Executed when a MO is validated',660),(112,'mrp','MRP_MO_PRODUCED',NULL,'MO produced','Executed when a MO is produced',661),(113,'mrp','MRP_MO_DELETE',NULL,'MO deleted','Executed when a MO is deleted',662),(114,'mrp','MRP_MO_CANCEL',NULL,'MO canceled','Executed when a MO is canceled',663),(115,'contact','CONTACT_CREATE',NULL,'Contact address created','Executed when a contact is created',50),(116,'contact','CONTACT_MODIFY',NULL,'Contact address update','Executed when a contact is updated',51),(117,'contact','CONTACT_SENTBYMAIL',NULL,'Mails sent from third party card','Executed when you send email from contact address record',52),(118,'contact','CONTACT_DELETE',NULL,'Contact address deleted','Executed when a contact is deleted',53),(119,'recruitment','RECRUITMENTJOBPOSITION_CREATE',NULL,'Job created','Executed when a job is created',7500),(120,'recruitment','RECRUITMENTJOBPOSITION_MODIFY',NULL,'Job modified','Executed when a job is modified',7502),(121,'recruitment','RECRUITMENTJOBPOSITION_SENTBYMAIL',NULL,'Mails sent from job record','Executed when you send email from job record',7504),(122,'recruitment','RECRUITMENTJOBPOSITION_DELETE',NULL,'Job deleted','Executed when a job is deleted',7506),(123,'recruitment','RECRUITMENTCANDIDATURE_CREATE',NULL,'Candidature created','Executed when a candidature is created',7510),(124,'recruitment','RECRUITMENTCANDIDATURE_MODIFY',NULL,'Candidature modified','Executed when a candidature is modified',7512),(125,'recruitment','RECRUITMENTCANDIDATURE_SENTBYMAIL',NULL,'Mails sent from candidature record','Executed when you send email from candidature record',7514),(126,'recruitment','RECRUITMENTCANDIDATURE_DELETE',NULL,'Candidature deleted','Executed when a candidature is deleted',7516),(127,'project','TASK_CREATE',NULL,'Task created','Executed when a project task is created',150),(128,'project','TASK_MODIFY',NULL,'Task modified','Executed when a project task is modified',151),(129,'project','TASK_DELETE',NULL,'Task deleted','Executed when a project task is deleted',152),(130,'agenda','ACTION_CREATE',NULL,'Action added','Executed when an action is added to the agenda',700),(131,'holiday','HOLIDAY_CREATE',NULL,'Holiday created','Executed when a holiday is created',800),(132,'holiday','HOLIDAY_MODIFY',NULL,'Holiday modified','Executed when a holiday is modified',801),(133,'holiday','HOLIDAY_VALIDATE',NULL,'Holiday validated','Executed when a holiday is validated',802),(134,'holiday','HOLIDAY_APPROVE',NULL,'Holiday approved','Executed when a holiday is aprouved',803),(135,'holiday','HOLIDAY_CANCEL',NULL,'Holiday canceled','Executed when a holiday is canceled',802),(136,'holiday','HOLIDAY_DELETE',NULL,'Holiday deleted','Executed when a holiday is deleted',804),(137,'hrm','HRM_EVALUATION_CREATE',NULL,'HR Evaluation created','Executed when an evaluation is created',4000),(138,'hrm','HRM_EVALUATION_MODIFY',NULL,'HR Evaluation modified','Executed when an evaluation is modified',4001),(139,'hrm','HRM_EVALUATION_VALIDATE',NULL,'HR Evaluation validated','Executed when an evaluation is validated',4002),(140,'hrm','HRM_EVALUATION_UNVALIDATE',NULL,'HR Evaluation back to draft','Executed when an evaluation is back to draft',4003),(141,'hrm','HRM_EVALUATION_DELETE',NULL,'HR Evaluation deleted','Executed when an evaluation is dleted',4005),(142,'facturerec','BILLREC_CREATE',NULL,'Template invoices created','Executed when a Template invoices is created',900),(143,'facturerec','BILLREC_MODIFY',NULL,'Template invoices update','Executed when a Template invoices is updated',901),(144,'facturerec','BILLREC_DELETE',NULL,'Template invoices deleted','Executed when a Template invoices is deleted',902),(145,'partnership','PARTNERSHIP_CREATE',NULL,'Partnership created','Executed when a partnership is created',58000),(146,'partnership','PARTNERSHIP_MODIFY',NULL,'Partnership modified','Executed when a partnership is modified',58002),(147,'partnership','PARTNERSHIP_SENTBYMAIL',NULL,'Mails sent from partnership file','Executed when you send email from partnership file',58004),(148,'partnership','PARTNERSHIP_DELETE',NULL,'Partnership deleted','Executed when a partnership is deleted',58006),(149,'knowledgemanagement','KNOWLEDGERECORD_CREATE',NULL,'Knowledgerecord created','Executed when a knowledgerecord is created',57001),(150,'knowledgemanagement','KNOWLEDGERECORD_MODIFY',NULL,'Knowledgerecord modified','Executed when a knowledgerecord is modified',57002),(151,'knowledgemanagement','KNOWLEDGERECORD_VALIDATE',NULL,'Knowledgerecord Evaluation validated','Executed when an evaluation is validated',57004),(152,'knowledgemanagement','KNOWLEDGERECORD_REOPEN',NULL,'Knowledgerecord reopen','Executed when an evaluation is back to draft',57004),(153,'knowledgemanagement','KNOWLEDGERECORD_UNVALIDATE',NULL,'Knowledgerecord unvalidated','Executed when an evaluation is back to draft',57004),(154,'knowledgemanagement','KNOWLEDGERECORD_CANCEL',NULL,'Knowledgerecord cancel','Executed when an evaluation to cancel',57004),(155,'knowledgemanagement','KNOWLEDGERECORD_SENTBYMAIL',NULL,'Mails sent from knowledgerecord file','knowledgerecord when you send email from knowledgerecord file',57004),(156,'knowledgemanagement','KNOWLEDGERECORD_DELETE',NULL,'Knowledgerecord deleted','Executed when a knowledgerecord is deleted',57006);

--
-- Table structure for table `llx_c_actioncomm`
--

CREATE TABLE `llx_c_actioncomm` (
  `id` int(11) NOT NULL,
  `code` varchar(50) NOT NULL,
  `type` varchar(50) NOT NULL DEFAULT 'system',
  `libelle` varchar(128) NOT NULL,
  `module` varchar(50) DEFAULT NULL,
  `active` tinyint(4) NOT NULL DEFAULT 1,
  `todo` tinyint(4) DEFAULT NULL,
  `color` varchar(9) DEFAULT NULL,
  `picto` varchar(48) DEFAULT NULL,
  `position` int(11) NOT NULL DEFAULT 0,
  PRIMARY KEY (`id`),
  UNIQUE KEY `uk_c_actioncomm` (`code`)
) ENGINE=InnoDB DEFAULT CHARSET=utf8mb4 COLLATE=utf8mb4_general_ci;

--
-- Dumping data for table `llx_c_actioncomm`
--

INSERT INTO `llx_c_actioncomm` VALUES (1,'AC_TEL','system','Phone call',NULL,1,NULL,NULL,NULL,2),(2,'AC_FAX','system','Send Fax',NULL,0,NULL,NULL,NULL,3),(4,'AC_EMAIL','system','Send Email',NULL,0,NULL,NULL,NULL,4),(5,'AC_RDV','system','Rendez-vous',NULL,1,NULL,NULL,NULL,1),(6,'AC_EMAIL_IN','system','Reception Email',NULL,0,NULL,NULL,NULL,4),(11,'AC_INT','system','Intervention on site',NULL,1,NULL,NULL,NULL,4),(40,'AC_OTH_AUTO','systemauto','Other (automatically inserted events)',NULL,1,NULL,NULL,NULL,20),(50,'AC_OTH','system','Other (manually inserted events)',NULL,1,NULL,NULL,NULL,5),(60,'AC_EO_ONLINECONF','module','Online/Virtual conference','conference@eventorganization',1,NULL,NULL,NULL,60),(61,'AC_EO_INDOORCONF','module','Indoor conference','conference@eventorganization',1,NULL,NULL,NULL,61),(62,'AC_EO_ONLINEBOOTH','module','Online/Virtual booth','booth@eventorganization',1,NULL,NULL,NULL,62),(63,'AC_EO_INDOORBOOTH','module','Indoor booth','booth@eventorganization',1,NULL,NULL,NULL,63);

--
-- Table structure for table `llx_c_availability`
--

CREATE TABLE `llx_c_availability` (
  `rowid` int(11) NOT NULL AUTO_INCREMENT,
  `code` varchar(30) NOT NULL,
  `label` varchar(128) NOT NULL,
  `type_duration` varchar(1) DEFAULT NULL,
  `qty` double DEFAULT NULL,
  `active` tinyint(4) NOT NULL DEFAULT 1,
  `position` int(11) NOT NULL DEFAULT 0,
  PRIMARY KEY (`rowid`),
  UNIQUE KEY `uk_c_availability` (`code`)
) ENGINE=InnoDB AUTO_INCREMENT=18 DEFAULT CHARSET=utf8mb4 COLLATE=utf8mb4_general_ci;

--
-- Dumping data for table `llx_c_availability`
--

INSERT INTO `llx_c_availability` VALUES (1,'AV_NOW','Immediate',NULL,0,1,10),(2,'AV_1D','1 day','d',1,1,11),(3,'AV_2D','2 days','d',2,1,12),(4,'AV_3D','3 days','d',3,1,13),(5,'AV_4D','4 days','d',4,1,14),(6,'AV_5D','5 days','d',5,1,15),(7,'AV_1W','1 week','w',1,1,20),(8,'AV_2W','2 weeks','w',2,1,30),(9,'AV_3W','3 weeks','w',3,1,40),(10,'AV_4W','4 weeks','w',4,1,50),(11,'AV_5W','5 weeks','w',5,1,60),(12,'AV_6W','6 weeks','w',6,1,70),(13,'AV_8W','8 weeks','w',8,1,80),(14,'AV_10W','10 weeks','w',10,1,90),(15,'AV_12W','12 weeks','w',12,1,100),(16,'AV_14W','14 weeks','w',14,1,110),(17,'AV_16W','16 weeks','w',16,1,120);

--
-- Table structure for table `llx_c_barcode_type`
--

CREATE TABLE `llx_c_barcode_type` (
  `rowid` int(11) NOT NULL AUTO_INCREMENT,
  `code` varchar(16) NOT NULL,
  `entity` int(11) NOT NULL DEFAULT 1,
  `libelle` varchar(128) NOT NULL,
  `coder` varchar(16) NOT NULL,
  `example` varchar(16) NOT NULL,
  PRIMARY KEY (`rowid`),
  UNIQUE KEY `uk_c_barcode_type` (`code`,`entity`)
) ENGINE=InnoDB DEFAULT CHARSET=utf8mb4 COLLATE=utf8mb4_general_ci;

--
-- Dumping data for table `llx_c_barcode_type`
--


--
-- Table structure for table `llx_c_chargesociales`
--

CREATE TABLE `llx_c_chargesociales` (
  `id` int(11) NOT NULL AUTO_INCREMENT,
  `libelle` varchar(128) DEFAULT NULL,
  `deductible` smallint(6) NOT NULL DEFAULT 0,
  `active` tinyint(4) NOT NULL DEFAULT 1,
  `code` varchar(24) NOT NULL,
  `accountancy_code` varchar(32) DEFAULT NULL,
  `fk_pays` int(11) NOT NULL DEFAULT 1,
  `module` varchar(32) DEFAULT NULL,
  PRIMARY KEY (`id`)
) ENGINE=InnoDB AUTO_INCREMENT=10214 DEFAULT CHARSET=utf8mb4 COLLATE=utf8mb4_general_ci;

--
-- Dumping data for table `llx_c_chargesociales`
--

INSERT INTO `llx_c_chargesociales` VALUES (1,'Securite sociale (URSSAF / MSA)',1,1,'TAXSECU',NULL,1,NULL),(2,'Securite sociale des indépendants (URSSAF)',1,1,'TAXSSI',NULL,1,NULL),(10,'Taxe apprentissage',1,1,'TAXAPP',NULL,1,NULL),(11,'Formation professionnelle continue',1,1,'TAXFPC',NULL,1,NULL),(12,'Cotisation fonciere des entreprises (CFE)',1,1,'TAXCFE',NULL,1,NULL),(13,'Cotisation sur la valeur ajoutee des entreprises (CVAE)',1,1,'TAXCVAE',NULL,1,NULL),(20,'Taxe fonciere',1,1,'TAXFON',NULL,1,NULL),(25,'Prelevement à la source (PAS)',0,1,'TAXPAS',NULL,1,NULL),(30,'Prevoyance',1,1,'TAXPREV',NULL,1,NULL),(40,'Mutuelle',1,1,'TAXMUT',NULL,1,NULL),(50,'Retraite',1,1,'TAXRET',NULL,1,NULL),(60,'Taxe sur vehicule societe (TVS)',0,1,'TAXTVS',NULL,1,NULL),(70,'impôts sur les sociétés (IS)',0,1,'TAXIS',NULL,1,NULL),(201,'ONSS',1,1,'TAXBEONSS',NULL,2,NULL),(210,'Precompte professionnel',1,1,'TAXBEPREPRO',NULL,2,NULL),(220,'Prime existence',1,1,'TAXBEPRIEXI',NULL,2,NULL),(230,'Precompte immobilier',1,1,'TAXBEPREIMMO',NULL,2,NULL),(4101,'Krankenversicherung',1,1,'TAXATKV',NULL,41,NULL),(4102,'Unfallversicherung',1,1,'TAXATUV',NULL,41,NULL),(4103,'Pensionsversicherung',1,1,'TAXATPV',NULL,41,NULL),(4104,'Arbeitslosenversicherung',1,1,'TAXATAV',NULL,41,NULL),(4105,'Insolvenzentgeltsicherungsfond',1,1,'TAXATIESG',NULL,41,NULL),(4106,'Wohnbauförderung',1,1,'TAXATWF',NULL,41,NULL),(4107,'Arbeiterkammerumlage',1,1,'TAXATAK',NULL,41,NULL),(4108,'Mitarbeitervorsorgekasse',1,1,'TAXATMVK',NULL,41,NULL),(4109,'Familienlastenausgleichsfond',1,1,'TAXATFLAF',NULL,41,NULL),(10201,'Αναλυτική Περιοδική Δήλωση (ΑΠΔ)',1,1,'ΑΠΔ',NULL,102,NULL),(10202,'Φόρος Μισθωτών Υπηρεσιών (ΦΜΥ)',1,1,'ΦΜΥ',NULL,102,NULL),(10203,'Ασφαλιστικές εισφορές (ΕΦΚΑ)',1,1,'ΕΦΚΑ',NULL,102,NULL),(10204,'Προκαταβολή Φόρου Εισοδήματος',0,1,'ΕΦΟΡΙΑ',NULL,102,NULL),(10205,'Ενιαίος Φόρος Ιδιοκτησίας Ακινήτων (ΕΝ.Φ.Ι.Α) ',0,1,'ΕΝΦΙΑ',NULL,102,NULL),(10206,'Ετήσιο τέλος διατήρησης Μερίδας στο Γ.Ε.ΜΗ.',1,1,'ΓΕΜΗ',NULL,102,NULL),(10207,'Επαγγελματικό Επιμελητήριο',1,1,'ΕΕ',NULL,102,NULL),(10208,'Εμπορικό και Βιομηχανικό Επιμελητηρίο',1,1,'ΕΒΕ',NULL,102,NULL),(10209,'Τέλη Κυκλοφορίας',1,1,'ΤΕΛΗ',NULL,102,NULL),(10210,'Ασφάλιση οχήματος',1,1,'ΑΣΦΑΛΕΙΑ',NULL,102,NULL),(10211,'Ενοίκιο',1,1,'ΕΝΟΙΚΙΟ',NULL,102,NULL),(10212,'Κοινόχρηστα',1,1,'ΚΟΙΝΟ',NULL,102,NULL),(10213,'Ηλεκτροδότηση',1,1,'ΡΕΥΜΑ',NULL,102,NULL);

--
-- Table structure for table `llx_c_civility`
--

CREATE TABLE `llx_c_civility` (
  `rowid` int(11) NOT NULL AUTO_INCREMENT,
  `code` varchar(6) NOT NULL,
  `label` varchar(128) DEFAULT NULL,
  `active` tinyint(4) NOT NULL DEFAULT 1,
  `module` varchar(32) DEFAULT NULL,
  PRIMARY KEY (`rowid`),
  UNIQUE KEY `uk_c_civility` (`code`)
) ENGINE=InnoDB AUTO_INCREMENT=6 DEFAULT CHARSET=utf8mb4 COLLATE=utf8mb4_general_ci;

--
-- Dumping data for table `llx_c_civility`
--

INSERT INTO `llx_c_civility` VALUES (1,'MME','Madame',1,NULL),(2,'MR','Monsieur',1,NULL),(3,'MLE','Mademoiselle',1,NULL),(4,'MTRE','Maître',1,NULL),(5,'DR','Docteur',1,NULL);

--
-- Table structure for table `llx_c_country`
--

CREATE TABLE `llx_c_country` (
  `rowid` int(11) NOT NULL,
  `code` varchar(2) NOT NULL,
  `code_iso` varchar(3) DEFAULT NULL,
  `numeric_code` varchar(3) DEFAULT NULL,
  `label` varchar(128) NOT NULL,
  `eec` tinyint(4) NOT NULL DEFAULT 0,
  `active` tinyint(4) NOT NULL DEFAULT 1,
  `favorite` tinyint(4) NOT NULL DEFAULT 0,
  PRIMARY KEY (`rowid`),
  UNIQUE KEY `idx_c_country_code` (`code`),
  UNIQUE KEY `idx_c_country_label` (`label`),
  UNIQUE KEY `idx_c_country_code_iso` (`code_iso`)
) ENGINE=InnoDB DEFAULT CHARSET=utf8mb4 COLLATE=utf8mb4_general_ci;

--
-- Dumping data for table `llx_c_country`
--

INSERT INTO `llx_c_country` VALUES (0,'',NULL,NULL,'-',0,1,1),(1,'FR','FRA','250','France',1,1,0),(2,'BE','BEL','056','Belgium',1,1,0),(3,'IT','ITA','380','Italy',1,1,0),(4,'ES','ESP','724','Spain',1,1,0),(5,'DE','DEU','276','Germany',1,1,0),(6,'CH','CHE','756','Switzerland',0,1,0),(7,'GB','GBR','826','United Kingdom',0,1,0),(8,'IE','IRL','372','Ireland',1,1,0),(9,'CN','CHN','156','China',0,1,0),(10,'TN','TUN','788','Tunisia',0,1,0),(11,'US','USA','840','United States',0,1,0),(12,'MA','MAR','504','Morocco',0,1,0),(13,'DZ','DZA','012','Algeria',0,1,0),(14,'CA','CAN','124','Canada',0,1,0),(15,'TG','TGO','768','Togo',0,1,0),(16,'GA','GAB','266','Gabon',0,1,0),(17,'NL','NLD','528','Netherlands',1,1,0),(18,'HU','HUN','348','Hungary',1,1,0),(19,'RU','RUS','643','Russia',0,1,0),(20,'SE','SWE','752','Sweden',1,1,0),(21,'CI','CIV','384','Côte d\'Ivoire',0,1,0),(22,'SN','SEN','686','Senegal',0,1,0),(23,'AR','ARG','032','Argentina',0,1,0),(24,'CM','CMR','120','Cameroun',0,1,0),(25,'PT','PRT','620','Portugal',1,1,0),(26,'SA','SAU','682','Saudi Arabia',0,1,0),(27,'MC','MCO','492','Monaco',1,1,0),(28,'AU','AUS','036','Australia',0,1,0),(29,'SG','SGP','702','Singapore',0,1,0),(30,'AF','AFG','004','Afghanistan',0,1,0),(31,'AX','ALA','248','Åland Island',0,1,0),(32,'AL','ALB','008','Albania',0,1,0),(33,'AS','ASM','016','American Samoa',0,1,0),(34,'AD','AND','020','Andorra',0,1,0),(35,'AO','AGO','024','Angola',0,1,0),(36,'AI','AIA','660','Anguilla',0,1,0),(37,'AQ','ATA','010','Antarctica',0,1,0),(38,'AG','ATG','028','Antigua and Barbuda',0,1,0),(39,'AM','ARM','051','Armenia',0,1,0),(40,'AW','ABW','533','Aruba',0,1,0),(41,'AT','AUT','040','Austria',1,1,0),(42,'AZ','AZE','031','Azerbaijan',0,1,0),(43,'BS','BHS','044','Bahamas',0,1,0),(44,'BH','BHR','048','Bahrain',0,1,0),(45,'BD','BGD','050','Bangladesh',0,1,0),(46,'BB','BRB','052','Barbados',0,1,0),(47,'BY','BLR','112','Belarus',0,1,0),(48,'BZ','BLZ','084','Belize',0,1,0),(49,'BJ','BEN','204','Benin',0,1,0),(50,'BM','BMU','060','Bermuda',0,1,0),(51,'BT','BTN','064','Bhutan',0,1,0),(52,'BO','BOL','068','Bolivia',0,1,0),(53,'BA','BIH','070','Bosnia and Herzegovina',0,1,0),(54,'BW','BWA','072','Botswana',0,1,0),(55,'BV','BVT','074','Bouvet Island',0,0,0),(56,'BR','BRA','076','Brazil',0,1,0),(57,'IO','IOT','086','British Indian Ocean Territory',0,1,0),(58,'BN','BRN','096','Brunei',0,1,0),(59,'BG','BGR','100','Bulgaria',1,1,0),(60,'BF','BFA','854','Burkina Faso',0,1,0),(61,'BI','BDI','108','Burundi',0,1,0),(62,'KH','KHM','116','Cambodge / Cambodia',0,1,0),(63,'CV','CPV','132','Cap-Vert',0,1,0),(64,'KY','CYM','136','Iles Cayman',0,1,0),(65,'CF','CAF','140','Central African Republic (CAR/RCA)',0,1,0),(66,'TD','TCD','148','Tchad',0,1,0),(67,'CL','CHL','152','Chile',0,1,0),(68,'CX','CXR','162','Ile Christmas',0,1,0),(69,'CC','CCK','166','Iles des Cocos (Keeling)',0,1,0),(70,'CO','COL','170','Colombie',0,1,0),(71,'KM','COM','174','Comores',0,1,0),(72,'CG','COG','178','Congo',0,1,0),(73,'CD','COD','180','DR Congo (RDC)',0,1,0),(74,'CK','COK','184','Iles Cook',0,1,0),(75,'CR','CRI','188','Costa Rica',0,1,0),(76,'HR','HRV','191','Croatia',1,1,0),(77,'CU','CUB','192','Cuba',0,1,0),(78,'CY','CYP','196','Cyprus',1,1,0),(79,'CZ','CZE','203','Czech Republic',1,1,0),(80,'DK','DNK','208','Denmark',1,1,0),(81,'DJ','DJI','262','Djibouti',0,1,0),(82,'DM','DMA','212','Dominica',0,1,0),(83,'DO','DOM','214','Dominican Republic',0,1,0),(84,'EC','ECU','218','Republic of Ecuador',0,1,0),(85,'EG','EGY','818','Egypt',0,1,0),(86,'SV','SLV','222','El Salvador',0,1,0),(87,'GQ','GNQ','226','Equatorial Guinea',0,1,0),(88,'ER','ERI','232','Eritrea',0,1,0),(89,'EE','EST','233','Estonia',1,1,0),(90,'ET','ETH','231','Ethiopia',0,1,0),(91,'FK','FLK','238','Falkland Islands',0,1,0),(92,'FO','FRO','234','Faroe Islands',0,1,0),(93,'FJ','FJI','242','Fidji Islands',0,1,0),(94,'FI','FIN','246','Finland',1,1,0),(95,'GF','GUF','254','French Guiana',0,1,0),(96,'PF','PYF','258','French Polynesia',0,1,0),(97,'TF','ATF','260','Terres australes françaises',0,1,0),(98,'GM','GMB','270','Gambie',0,1,0),(99,'GE','GEO','268','Georgia',0,1,0),(100,'GH','GHA','288','Ghana',0,1,0),(101,'GI','GIB','292','Gibraltar',0,1,0),(102,'GR','GRC','300','Greece',1,1,0),(103,'GL','GRL','304','Groenland',0,1,0),(104,'GD','GRD','308','Grenade',0,1,0),(106,'GU','GUM','316','Guam',0,1,0),(107,'GT','GTM','320','Guatemala',0,1,0),(108,'GN','GIN','324','Guinea',0,1,0),(109,'GW','GNB','624','Guinea-Bissao',0,1,0),(111,'HT','HTI','332','Haiti',0,1,0),(112,'HM','HMD','334','Iles Heard et McDonald',0,1,0),(113,'VA','VAT','336','Vatican City (Saint-Siège)',0,1,0),(114,'HN','HND','340','Honduras',0,1,0),(115,'HK','HKG','344','Hong Kong',0,1,0),(116,'IS','ISL','352','Islande',0,1,0),(117,'IN','IND','356','India',0,1,0),(118,'ID','IDN','360','Indonesia',0,1,0),(119,'IR','IRN','364','Iran',0,1,0),(120,'IQ','IRQ','368','Iraq',0,1,0),(121,'IL','ISR','376','Israel',0,1,0),(122,'JM','JAM','388','Jamaica',0,1,0),(123,'JP','JPN','392','Japan (Nippon)',0,1,0),(124,'JO','JOR','400','Jordanie',0,1,0),(125,'KZ','KAZ','398','Kazakhstan',0,1,0),(126,'KE','KEN','404','Kenya',0,1,0),(127,'KI','KIR','296','Kiribati',0,1,0),(128,'KP','PRK','408','North Corea',0,1,0),(129,'KR','KOR','410','South Corea',0,1,0),(130,'KW','KWT','414','Koweït',0,1,0),(131,'KG','KGZ','417','Kirghizistan',0,1,0),(132,'LA','LAO','418','Laos',0,1,0),(133,'LV','LVA','428','Lettonie',1,1,0),(134,'LB','LBN','422','Liban',0,1,0),(135,'LS','LSO','426','Lesotho',0,1,0),(136,'LR','LBR','430','Liberia',0,1,0),(137,'LY','LBY','434','Libye',0,1,0),(138,'LI','LIE','438','Liechtenstein',0,1,0),(139,'LT','LTU','440','Lituanie',1,1,0),(140,'LU','LUX','442','Luxembourg',1,1,0),(141,'MO','MAC','446','Macao',0,1,0),(142,'MK','MKD','807','North Macedonia',0,1,0),(143,'MG','MDG','450','Madagascar',0,1,0),(144,'MW','MWI','454','Malawi',0,1,0),(145,'MY','MYS','458','Malaisie',0,1,0),(146,'MV','MDV','462','Maldives',0,1,0),(147,'ML','MLI','466','Mali',0,1,0),(148,'MT','MLT','470','Malte',1,1,0),(149,'MH','MHL','584','Iles Marshall',0,1,0),(151,'MR','MRT','478','Mauritanie',0,1,0),(152,'MU','MUS','480','Maurice',0,1,0),(153,'YT','MYT','175','Mayotte',0,1,0),(154,'MX','MEX','484','Mexique',0,1,0),(155,'FM','FSM','583','Micronésie',0,1,0),(156,'MD','MDA','498','Moldavie',0,1,0),(157,'MN','MNG','496','Mongolie',0,1,0),(158,'MS','MSR','500','Monserrat',0,1,0),(159,'MZ','MOZ','508','Mozambique',0,1,0),(160,'MM','MMR','104','Birmanie (Myanmar)',0,1,0),(161,'NA','NAM','516','Namibie',0,1,0),(162,'NR','NRU','520','Nauru',0,1,0),(163,'NP','NPL','524','Népal',0,1,0),(165,'NC','NCL','540','New Caledonia',0,1,0),(166,'NZ','NZL','554','New Zealand',0,1,0),(167,'NI','NIC','558','Nicaragua',0,1,0),(168,'NE','NER','562','Niger',0,1,0),(169,'NG','NGA','566','Nigeria',0,1,0),(170,'NU','NIU','570','Niue',0,1,0),(171,'NF','NFK','574','Norfolk Island',0,1,0),(172,'MP','MNP','580','Northern Mariana Islands',0,1,0),(173,'NO','NOR','578','Norway',0,1,0),(174,'OM','OMN','512','Oman',0,1,0),(175,'PK','PAK','586','Pakistan',0,1,0),(176,'PW','PLW','585','Palau',0,1,0),(177,'PS','PSE','275','Palestinian territories',0,1,0),(178,'PA','PAN','591','Panama',0,1,0),(179,'PG','PNG','598','Papua New Guinea',0,1,0),(180,'PY','PRY','600','Paraguay',0,1,0),(181,'PE','PER','604','Peru',0,1,0),(182,'PH','PHL','608','Philippines',0,1,0),(183,'PN','PCN','612','Pitcairn Islands',0,1,0),(184,'PL','POL','616','Pologne',1,1,0),(185,'PR','PRI','630','Puerto Rico',0,1,0),(186,'QA','QAT','634','Qatar',0,1,0),(188,'RO','ROU','642','Romania',1,1,0),(189,'RW','RWA','646','Rwanda',0,1,0),(190,'SH','SHN','654','Saint Helena',0,1,0),(191,'KN','KNA','659','Saint Kitts and Nevis',0,1,0),(192,'LC','LCA','662','Saint Lucia',0,1,0),(193,'PM','SPM','666','Saint Pierre and Miquelon',0,1,0),(194,'VC','VCT','670','Saint Vincent and the Grenadines',0,1,0),(195,'WS','WSM','882','Samoa',0,1,0),(196,'SM','SMR','674','San Marino ',0,1,0),(197,'ST','STP','678','Saint Thomas and Prince',0,1,0),(198,'RS','SRB','688','Serbia',0,1,0),(199,'SC','SYC','690','Seychelles',0,1,0),(200,'SL','SLE','694','Sierra Leone',0,1,0),(201,'SK','SVK','703','Slovakia',1,1,0),(202,'SI','SVN','705','Slovenia',1,1,0),(203,'SB','SLB','090','Solomon Islands',0,1,0),(204,'SO','SOM','706','Somalia',0,1,0),(205,'ZA','ZAF','710','South Africa',0,1,0),(206,'GS','SGS','239','South Georgia and the South Sandwich Islands ',0,1,0),(207,'LK','LKA','144','Sri Lanka',0,1,0),(208,'SD','SDN','729','Sudan',0,1,0),(209,'SR','SUR','740','Suriname',0,1,0),(210,'SJ','SJM','744','Svalbard and Jan Mayen',0,1,0),(211,'SZ','SWZ','748','Swaziland / Eswatini',0,1,0),(212,'SY','SYR','760','Syria',0,1,0),(213,'TW','TWN','158','Taiwan',0,1,0),(214,'TJ','TJK','762','Tajikistan',0,1,0),(215,'TZ','TZA','834','Tanzania',0,1,0),(216,'TH','THA','764','Thailand',0,1,0),(217,'TL','TLS','626','Timor-Leste',0,1,0),(218,'TK','TKL','772','Tokelau',0,1,0),(219,'TO','TON','776','Tonga',0,1,0),(220,'TT','TTO','780','Trinidad and Tobago',0,1,0),(221,'TR','TUR','792','Turkey',0,1,0),(222,'TM','TKM','795','Turkmenistan',0,1,0),(223,'TC','TCA','796','Turks and Caicos Islands',0,1,0),(224,'TV','TUV','798','Tuvalu',0,1,0),(225,'UG','UGA','800','Uganda',0,1,0),(226,'UA','UKR','804','Ukraine',0,1,0),(227,'AE','ARE','784','United Arab Emirates',0,1,0),(228,'UM','UMI','581','United States Minor Outlying Islands',0,1,0),(229,'UY','URY','858','Uruguay',0,1,0),(230,'UZ','UZB','860','Uzbekistan',0,1,0),(231,'VU','VUT','548','Vanuatu',0,1,0),(232,'VE','VEN','862','Venezuela',0,1,0),(233,'VN','VNM','704','Vietnam',0,1,0),(234,'VG','VGB','092','British Virgin Islands',0,1,0),(235,'VI','VIR','850','Virgin Islands of the United States',0,1,0),(236,'WF','WLF','876','Wallis and Futuna',0,1,0),(237,'EH','ESH','732','Western Sahara',0,1,0),(238,'YE','YEM','887','Yemen',0,1,0),(239,'ZM','ZMB','894','Zambia',0,1,0),(240,'ZW','ZWE','716','Zimbabwe',0,1,0),(241,'GG','GGY','831','Guernsey',0,1,0),(242,'IM','IMN','833','Isle of Man',0,1,0),(243,'JE','JEY','832','Jersey',0,1,0),(244,'ME','MNE','499','Montenegro',0,1,0),(245,'BL','BLM','652','Saint-Barthélemy',0,1,0),(246,'MF','MAF','663','Saint-Martin',0,1,0),(247,'XK','XKX',NULL,'Kosovo',0,1,0),(300,'CW','CUW','531','Curaçao',0,1,0),(301,'SX','SXM','534','Sint Maarten',0,1,0);

--
-- Table structure for table `llx_c_currencies`
--

CREATE TABLE `llx_c_currencies` (
  `code_iso` varchar(3) NOT NULL,
  `label` varchar(128) NOT NULL,
  `unicode` varchar(32) DEFAULT NULL,
  `active` tinyint(4) NOT NULL DEFAULT 1,
  PRIMARY KEY (`code_iso`),
  UNIQUE KEY `uk_c_currencies_code_iso` (`code_iso`)
) ENGINE=InnoDB DEFAULT CHARSET=utf8mb4 COLLATE=utf8mb4_general_ci;

--
-- Dumping data for table `llx_c_currencies`
--

INSERT INTO `llx_c_currencies` VALUES ('AED','United Arab Emirates Dirham',NULL,1),('AFN','Afghanistan Afghani','[1547]',1),('ALL','Albania Lek','[76,101,107]',1),('ANG','Netherlands Antilles Guilder','[402]',1),('AOA','Angola Kwanza',NULL,1),('ARP','Pesos argentins',NULL,0),('ARS','Argentino Peso','[36]',1),('ATS','Shiliing autrichiens',NULL,0),('AUD','Australia Dollar','[36]',1),('AWG','Aruba Guilder','[402]',1),('AZN','Azerbaijan New Manat','[1084,1072,1085]',1),('BAM','Bosnia and Herzegovina Convertible Marka','[75,77]',1),('BBD','Barbados Dollar','[36]',1),('BDT','Bangladeshi Taka','[2547]',1),('BEF','Francs belges',NULL,0),('BGN','Bulgaria Lev','[1083,1074]',1),('BHD','Bahrain',NULL,1),('BIF','Burundi Franc',NULL,1),('BMD','Bermuda Dollar','[36]',1),('BND','Brunei Darussalam Dollar','[36]',1),('BOB','Bolivia Boliviano','[66,115]',1),('BRL','Brazil Real','[82,36]',1),('BSD','Bahamas Dollar','[36]',1),('BWP','Botswana Pula','[80]',1),('BYR','Belarus Ruble','[112,46]',1),('BZD','Belize Dollar','[66,90,36]',1),('CAD','Canada Dollar','[36]',1),('CHF','Switzerland Franc','[67,72,70]',1),('CLP','Chile Peso','[36]',1),('CNY','China Yuan Renminbi','[165]',1),('COP','Colombia Peso','[36]',1),('CRC','Costa Rica Colon','[8353]',1),('CUP','Cuba Peso','[8369]',1),('CVE','Cap Verde Escudo','[4217]',1),('CZK','Czech Republic Koruna','[75,269]',1),('DEM','Deutsche Mark',NULL,0),('DKK','Denmark Krone','[107,114]',1),('DOP','Dominican Republic Peso','[82,68,36]',1),('DZD','Algeria Dinar',NULL,1),('ECS','Ecuador Sucre','[83,47,46]',1),('EEK','Estonia Kroon','[107,114]',1),('EGP','Egypt Pound','[163]',1),('ESP','Pesete',NULL,0),('ETB','Ethiopian Birr',NULL,1),('EUR','Euro Member Countries','[8364]',1),('FIM','Mark finlandais',NULL,0),('FJD','Fiji Dollar','[36]',1),('FKP','Falkland Islands (Malvinas) Pound','[163]',1),('FRF','Francs francais',NULL,0),('GBP','United Kingdom Pound','[163]',1),('GGP','Guernsey Pound','[163]',1),('GHC','Ghana Cedis','[162]',1),('GIP','Gibraltar Pound','[163]',1),('GNF','Guinea Franc','[70,71]',1),('GRD','Drachme (grece)',NULL,0),('GTQ','Guatemala Quetzal','[81]',1),('GYD','Guyana Dollar','[36]',1),('HKD','Hong Kong Dollar','[36]',1),('HNL','Honduras Lempira','[76]',1),('HRK','Croatia Kuna','[107,110]',1),('HUF','Hungary Forint','[70,116]',1),('IDR','Indonesia Rupiah','[82,112]',1),('IEP','Livres irlandaises',NULL,0),('ILS','Israel Shekel','[8362]',1),('IMP','Isle of Man Pound','[163]',1),('INR','India Rupee','[8377]',1),('IRR','Iran Rial','[65020]',1),('ISK','Iceland Krona','[107,114]',1),('ITL','Lires',NULL,0),('JEP','Jersey Pound','[163]',1),('JMD','Jamaica Dollar','[74,36]',1),('JPY','Japan Yen','[165]',1),('KES','Kenya Shilling',NULL,1),('KGS','Kyrgyzstan Som','[1083,1074]',1),('KHR','Cambodia Riel','[6107]',1),('KPW','Korea (North) Won','[8361]',1),('KRW','Korea (South) Won','[8361]',1),('KYD','Cayman Islands Dollar','[36]',1),('KZT','Kazakhstan Tenge','[1083,1074]',1),('LAK','Laos Kip','[8365]',1),('LBP','Lebanon Pound','[163]',1),('LKR','Sri Lanka Rupee','[8360]',1),('LRD','Liberia Dollar','[36]',1),('LTL','Lithuania Litas','[76,116]',1),('LUF','Francs luxembourgeois',NULL,0),('LVL','Latvia Lat','[76,115]',1),('MAD','Morocco Dirham',NULL,1),('MDL','Moldova Leu',NULL,1),('MGA','Ariary',NULL,1),('MKD','Macedonia Denar','[1076,1077,1085]',1),('MMK','Myanmar Kyat','[75]',1),('MNT','Mongolia Tughrik','[8366]',1),('MRO','Mauritania Ouguiya',NULL,1),('MUR','Mauritius Rupee','[8360]',1),('MXN','Mexico Peso','[36]',1),('MXP','Pesos Mexicans',NULL,0),('MYR','Malaysia Ringgit','[82,77]',1),('MZN','Mozambique Metical','[77,84]',1),('NAD','Namibia Dollar','[36]',1),('NGN','Nigeria Naira','[8358]',1),('NIO','Nicaragua Cordoba','[67,36]',1),('NLG','Florins',NULL,0),('NOK','Norway Krone','[107,114]',1),('NPR','Nepal Rupee','[8360]',1),('NZD','New Zealand Dollar','[36]',1),('OMR','Oman Rial','[65020]',1),('PAB','Panama Balboa','[66,47,46]',1),('PEN','Perú Sol','[83,47]',1),('PHP','Philippines Peso','[8369]',1),('PKR','Pakistan Rupee','[8360]',1),('PLN','Poland Zloty','[122,322]',1),('PTE','Escudos',NULL,0),('PYG','Paraguay Guarani','[71,115]',1),('QAR','Qatar Riyal','[65020]',1),('RON','Romania New Leu','[108,101,105]',1),('RSD','Serbia Dinar','[1044,1080,1085,46]',1),('RUB','Russia Ruble','[1088,1091,1073]',1),('SAR','Saudi Arabia Riyal','[65020]',1),('SBD','Solomon Islands Dollar','[36]',1),('SCR','Seychelles Rupee','[8360]',1),('SEK','Sweden Krona','[107,114]',1),('SGD','Singapore Dollar','[36]',1),('SHP','Saint Helena Pound','[163]',1),('SKK','Couronnes slovaques',NULL,0),('SOS','Somalia Shilling','[83]',1),('SRD','Suriname Dollar','[36]',1),('SUR','Rouble',NULL,0),('SVC','El Salvador Colon','[36]',1),('SYP','Syria Pound','[163]',1),('THB','Thailand Baht','[3647]',1),('TND','Tunisia Dinar',NULL,1),('TRL','Turkey Lira','[84,76]',0),('TRY','Turkey Lira','[8378]',1),('TTD','Trinidad and Tobago Dollar','[84,84,36]',1),('TVD','Tuvalu Dollar','[36]',1),('TWD','Taiwan New Dollar','[78,84,36]',1),('UAH','Ukraine Hryvna','[8372]',1),('USD','United States Dollar','[36]',1),('UYU','Uruguay Peso','[36,85]',1),('UZS','Uzbekistan Som','[1083,1074]',1),('VEF','Venezuela Bolivar Fuerte','[66,115]',1),('VND','Viet Nam Dong','[8363]',1),('XAF','Communaute Financiere Africaine (BEAC) CFA Franc',NULL,1),('XCD','East Caribbean Dollar','[36]',1),('XEU','Ecus',NULL,0),('XOF','Communaute Financiere Africaine (BCEAO) Franc',NULL,1),('XPF','Franc CFP','[70]',1),('YER','Yemen Rial','[65020]',1),('ZAR','South Africa Rand','[82]',1),('ZWD','Zimbabwe Dollar','[90,36]',1);

--
-- Table structure for table `llx_c_departements`
--

CREATE TABLE `llx_c_departements` (
  `rowid` int(11) NOT NULL AUTO_INCREMENT,
  `code_departement` varchar(6) NOT NULL,
  `fk_region` int(11) DEFAULT NULL,
  `cheflieu` varchar(50) DEFAULT NULL,
  `tncc` int(11) DEFAULT NULL,
  `ncc` varchar(50) DEFAULT NULL,
  `nom` varchar(50) DEFAULT NULL,
  `active` tinyint(4) NOT NULL DEFAULT 1,
  PRIMARY KEY (`rowid`),
  UNIQUE KEY `uk_departements` (`code_departement`,`fk_region`),
  KEY `idx_departements_fk_region` (`fk_region`),
  CONSTRAINT `fk_departements_fk_region` FOREIGN KEY (`fk_region`) REFERENCES `llx_c_regions` (`code_region`)
) ENGINE=InnoDB AUTO_INCREMENT=1838 DEFAULT CHARSET=utf8mb4 COLLATE=utf8mb4_general_ci;

--
-- Dumping data for table `llx_c_departements`
--

INSERT INTO `llx_c_departements` VALUES (1,'0',0,'0',0,'-','-',1),(2,'01',1301,'',0,'','Adrar',1),(3,'02',1301,'',0,'','Chlef',1),(4,'03',1301,'',0,'','Laghouat',1),(5,'04',1301,'',0,'','Oum El Bouaghi',1),(6,'05',1301,'',0,'','Batna',1),(7,'06',1301,'',0,'','Béjaïa',1),(8,'07',1301,'',0,'','Biskra',1),(9,'08',1301,'',0,'','Béchar',1),(10,'09',1301,'',0,'','Blida',1),(11,'10',1301,'',0,'','Bouira',1),(12,'11',1301,'',0,'','Tamanrasset',1),(13,'12',1301,'',0,'','Tébessa',1),(14,'13',1301,'',0,'','Tlemcen',1),(15,'14',1301,'',0,'','Tiaret',1),(16,'15',1301,'',0,'','Tizi Ouzou',1),(17,'16',1301,'',0,'','Alger',1),(18,'17',1301,'',0,'','Djelfa',1),(19,'18',1301,'',0,'','Jijel',1),(20,'19',1301,'',0,'','Sétif',1),(21,'20',1301,'',0,'','Saïda',1),(22,'21',1301,'',0,'','Skikda',1),(23,'22',1301,'',0,'','Sidi Bel Abbès',1),(24,'23',1301,'',0,'','Annaba',1),(25,'24',1301,'',0,'','Guelma',1),(26,'25',1301,'',0,'','Constantine',1),(27,'26',1301,'',0,'','Médéa',1),(28,'27',1301,'',0,'','Mostaganem',1),(29,'28',1301,'',0,'','M\'Sila',1),(30,'29',1301,'',0,'','Mascara',1),(31,'30',1301,'',0,'','Ouargla',1),(32,'31',1301,'',0,'','Oran',1),(33,'32',1301,'',0,'','El Bayadh',1),(34,'33',1301,'',0,'','Illizi',1),(35,'34',1301,'',0,'','Bordj Bou Arreridj',1),(36,'35',1301,'',0,'','Boumerdès',1),(37,'36',1301,'',0,'','El Tarf',1),(38,'37',1301,'',0,'','Tindouf',1),(39,'38',1301,'',0,'','Tissemsilt',1),(40,'39',1301,'',0,'','El Oued',1),(41,'40',1301,'',0,'','Khenchela',1),(42,'41',1301,'',0,'','Souk Ahras',1),(43,'42',1301,'',0,'','Tipaza',1),(44,'43',1301,'',0,'','Mila',1),(45,'44',1301,'',0,'','Aïn Defla',1),(46,'45',1301,'',0,'','Naâma',1),(47,'46',1301,'',0,'','Aïn Témouchent',1),(48,'47',1301,'',0,'','Ghardaïa',1),(49,'48',1301,'',0,'','Relizane',1),(50,'49',1301,'',0,'','Timimoun',1),(51,'50',1301,'',0,'','Bordj Badji Mokhtar',1),(52,'51',1301,'',0,'','Ouled Djellal',1),(53,'52',1301,'',0,'','Béni Abbès',1),(54,'53',1301,'',0,'','In Salah',1),(55,'54',1301,'',0,'','In Guezzam',1),(56,'55',1301,'',0,'','Touggourt',1),(57,'56',1301,'',0,'','Djanet',1),(58,'57',1301,'',0,'','El M\'Ghair',1),(59,'58',1301,'',0,'','El Ménéa',1),(60,'AD-002',34000,'AD100',NULL,NULL,'Canillo',1),(61,'AD-003',34000,'AD200',NULL,NULL,'Encamp',1),(62,'AD-004',34000,'AD400',NULL,NULL,'La Massana',1),(63,'AD-005',34000,'AD300',NULL,NULL,'Ordino',1),(64,'AD-006',34000,'AD600',NULL,NULL,'Sant Julià de Lòria',1),(65,'AD-007',34000,'AD500',NULL,NULL,'Andorra la Vella',1),(66,'AD-008',34000,'AD700',NULL,NULL,'Escaldes-Engordany',1),(67,'AO-ABO',35001,NULL,NULL,'BENGO','Bengo',1),(68,'AO-BGU',35001,NULL,NULL,'BENGUELA','Benguela',1),(69,'AO-BIE',35001,NULL,NULL,'BIÉ','Bié',1),(70,'AO-CAB',35001,NULL,NULL,'CABINDA','Cabinda',1),(71,'AO-CCU',35001,NULL,NULL,'KUANDO KUBANGO','Kuando Kubango',1),(72,'AO-CNO',35001,NULL,NULL,'KWANZA NORTE','Kwanza Norte',1),(73,'AO-CUS',35001,NULL,NULL,'KWANZA SUL','Kwanza Sul',1),(74,'AO-CNN',35001,NULL,NULL,'CUNENE','Cunene',1),(75,'AO-HUA',35001,NULL,NULL,'HUAMBO','Huambo',1),(76,'AO-HUI',35001,NULL,NULL,'HUÍLA','Huila',1),(77,'AO-LUA',35001,NULL,NULL,'LUANDA','Luanda',1),(78,'AO-LNO',35001,NULL,NULL,'LUNDA-NORTE','Lunda-Norte',1),(79,'AO-LSU',35001,NULL,NULL,'LUNDA-SUL','Lunda-Sul',1),(80,'AO-MAL',35001,NULL,NULL,'MALANGE','Malange',1),(81,'AO-MOX',35001,NULL,NULL,'MOXICO','Moxico',1),(82,'AO-NAM',35001,NULL,NULL,'NAMÍBE','Namíbe',1),(83,'AO-UIG',35001,NULL,NULL,'UÍGE','Uíge',1),(84,'AO-ZAI',35001,NULL,NULL,'ZAÍRE','Zaíre',1),(85,'2301',2301,'',0,'CATAMARCA','Catamarca',1),(86,'2302',2301,'',0,'JUJUY','Jujuy',1),(87,'2303',2301,'',0,'TUCAMAN','Tucamán',1),(88,'2304',2301,'',0,'SANTIAGO DEL ESTERO','Santiago del Estero',1),(89,'2305',2301,'',0,'SALTA','Salta',1),(90,'2306',2302,'',0,'CHACO','Chaco',1),(91,'2307',2302,'',0,'CORRIENTES','Corrientes',1),(92,'2308',2302,'',0,'ENTRE RIOS','Entre Ríos',1),(93,'2309',2302,'',0,'FORMOSA','Formosa',1),(94,'2310',2302,'',0,'SANTA FE','Santa Fe',1),(95,'2311',2303,'',0,'LA RIOJA','La Rioja',1),(96,'2312',2303,'',0,'MENDOZA','Mendoza',1),(97,'2313',2303,'',0,'SAN JUAN','San Juan',1),(98,'2314',2303,'',0,'SAN LUIS','San Luis',1),(99,'2315',2304,'',0,'CORDOBA','Córdoba',1),(100,'2316',2304,'',0,'BUENOS AIRES','Buenos Aires',1),(101,'2317',2304,'',0,'CABA','Caba',1),(102,'2318',2305,'',0,'LA PAMPA','La Pampa',1),(103,'2319',2305,'',0,'NEUQUEN','Neuquén',1),(104,'2320',2305,'',0,'RIO NEGRO','Río Negro',1),(105,'2321',2305,'',0,'CHUBUT','Chubut',1),(106,'2322',2305,'',0,'SANTA CRUZ','Santa Cruz',1),(107,'2323',2305,'',0,'TIERRA DEL FUEGO','Tierra del Fuego',1),(108,'2324',2305,'',0,'ISLAS MALVINAS','Islas Malvinas',1),(109,'2325',2305,'',0,'ANTARTIDA','Antártida',1),(110,'2326',2305,'',0,'MISIONES','Misiones',1),(111,'NSW',2801,'',1,'','New South Wales',1),(112,'VIC',2801,'',1,'','Victoria',1),(113,'QLD',2801,'',1,'','Queensland',1),(114,'SA',2801,'',1,'','South Australia',1),(115,'ACT',2801,'',1,'','Australia Capital Territory',1),(116,'TAS',2801,'',1,'','Tasmania',1),(117,'WA',2801,'',1,'','Western Australia',1),(118,'NT',2801,'',1,'','Northern Territory',1),(119,'B',4101,NULL,NULL,'BURGENLAND','Burgenland',1),(120,'K',4101,NULL,NULL,'KAERNTEN','Kärnten',1),(121,'N',4101,NULL,NULL,'NIEDEROESTERREICH','Niederösterreich',1),(122,'O',4101,NULL,NULL,'OBEROESTERREICH','Oberösterreich',1),(123,'S',4101,NULL,NULL,'SALZBURG','Salzburg',1),(124,'ST',4101,NULL,NULL,'STEIERMARK','Steiermark',1),(125,'T',4101,NULL,NULL,'TIROL','Tirol',1),(126,'V',4101,NULL,NULL,'VORARLBERG','Vorarlberg',1),(127,'W',4101,NULL,NULL,'WIEN','Wien',1),(128,'CC',4601,'Oistins',0,'CC','Christ Church',1),(129,'SA',4601,'Greenland',0,'SA','Saint Andrew',1),(130,'SG',4601,'Bulkeley',0,'SG','Saint George',1),(131,'JA',4601,'Holetown',0,'JA','Saint James',1),(132,'SJ',4601,'Four Roads',0,'SJ','Saint John',1),(133,'SB',4601,'Bathsheba',0,'SB','Saint Joseph',1),(134,'SL',4601,'Crab Hill',0,'SL','Saint Lucy',1),(135,'SM',4601,'Bridgetown',0,'SM','Saint Michael',1),(136,'SP',4601,'Speightstown',0,'SP','Saint Peter',1),(137,'SC',4601,'Crane',0,'SC','Saint Philip',1),(138,'ST',4601,'Hillaby',0,'ST','Saint Thomas',1),(139,'01',201,'',1,'ANVERS','Anvers',1),(140,'02',203,'',3,'BRUXELLES-CAPITALE','Bruxelles-Capitale',1),(141,'03',202,'',2,'BRABANT-WALLON','Brabant-Wallon',1),(142,'04',201,'',1,'BRABANT-FLAMAND','Brabant-Flamand',1),(143,'05',201,'',1,'FLANDRE-OCCIDENTALE','Flandre-Occidentale',1),(144,'06',201,'',1,'FLANDRE-ORIENTALE','Flandre-Orientale',1),(145,'07',202,'',2,'HAINAUT','Hainaut',1),(146,'08',202,'',2,'LIEGE','Liège',1),(147,'09',202,'',1,'LIMBOURG','Limbourg',1),(148,'10',202,'',2,'LUXEMBOURG','Luxembourg',1),(149,'11',202,'',2,'NAMUR','Namur',1),(150,'AC',5601,'ACRE',0,'AC','Acre',1),(151,'AL',5601,'ALAGOAS',0,'AL','Alagoas',1),(152,'AP',5601,'AMAPA',0,'AP','Amapá',1),(153,'AM',5601,'AMAZONAS',0,'AM','Amazonas',1),(154,'BA',5601,'BAHIA',0,'BA','Bahia',1),(155,'CE',5601,'CEARA',0,'CE','Ceará',1),(156,'ES',5601,'ESPIRITO SANTO',0,'ES','Espirito Santo',1),(157,'GO',5601,'GOIAS',0,'GO','Goiás',1),(158,'MA',5601,'MARANHAO',0,'MA','Maranhão',1),(159,'MT',5601,'MATO GROSSO',0,'MT','Mato Grosso',1),(160,'MS',5601,'MATO GROSSO DO SUL',0,'MS','Mato Grosso do Sul',1),(161,'MG',5601,'MINAS GERAIS',0,'MG','Minas Gerais',1),(162,'PA',5601,'PARA',0,'PA','Pará',1),(163,'PB',5601,'PARAIBA',0,'PB','Paraiba',1),(164,'PR',5601,'PARANA',0,'PR','Paraná',1),(165,'PE',5601,'PERNAMBUCO',0,'PE','Pernambuco',1),(166,'PI',5601,'PIAUI',0,'PI','Piauí',1),(167,'RJ',5601,'RIO DE JANEIRO',0,'RJ','Rio de Janeiro',1),(168,'RN',5601,'RIO GRANDE DO NORTE',0,'RN','Rio Grande do Norte',1),(169,'RS',5601,'RIO GRANDE DO SUL',0,'RS','Rio Grande do Sul',1),(170,'RO',5601,'RONDONIA',0,'RO','Rondônia',1),(171,'RR',5601,'RORAIMA',0,'RR','Roraima',1),(172,'SC',5601,'SANTA CATARINA',0,'SC','Santa Catarina',1),(173,'SE',5601,'SERGIPE',0,'SE','Sergipe',1),(174,'SP',5601,'SAO PAULO',0,'SP','Sao Paulo',1),(175,'TO',5601,'TOCANTINS',0,'TO','Tocantins',1),(176,'DF',5601,'DISTRITO FEDERAL',0,'DF','Distrito Federal',1),(177,'ON',1401,'',1,'','Ontario',1),(178,'QC',1401,'',1,'','Quebec',1),(179,'NS',1401,'',1,'','Nova Scotia',1),(180,'NB',1401,'',1,'','New Brunswick',1),(181,'MB',1401,'',1,'','Manitoba',1),(182,'BC',1401,'',1,'','British Columbia',1),(183,'PE',1401,'',1,'','Prince Edward Island',1),(184,'SK',1401,'',1,'','Saskatchewan',1),(185,'AB',1401,'',1,'','Alberta',1),(186,'NL',1401,'',1,'','Newfoundland and Labrador',1),(187,'YT',1401,'',1,'','Yukon',1),(188,'NT',1401,'',1,'','Northwest Territories',1),(189,'NU',1401,'',1,'','Nunavut',1),(190,'011',6701,'',0,'011','Iquique',1),(191,'014',6701,'',0,'014','Tamarugal',1),(192,'021',6702,'',0,'021','Antofagasa',1),(193,'022',6702,'',0,'022','El Loa',1),(194,'023',6702,'',0,'023','Tocopilla',1),(195,'031',6703,'',0,'031','Copiapó',1),(196,'032',6703,'',0,'032','Chañaral',1),(197,'033',6703,'',0,'033','Huasco',1),(198,'041',6704,'',0,'041','Elqui',1),(199,'042',6704,'',0,'042','Choapa',1),(200,'043',6704,'',0,'043','Limarí',1),(201,'051',6705,'',0,'051','Valparaíso',1),(202,'052',6705,'',0,'052','Isla de Pascua',1),(203,'053',6705,'',0,'053','Los Andes',1),(204,'054',6705,'',0,'054','Petorca',1),(205,'055',6705,'',0,'055','Quillota',1),(206,'056',6705,'',0,'056','San Antonio',1),(207,'057',6705,'',0,'057','San Felipe de Aconcagua',1),(208,'058',6705,'',0,'058','Marga Marga',1),(209,'061',6706,'',0,'061','Cachapoal',1),(210,'062',6706,'',0,'062','Cardenal Caro',1),(211,'063',6706,'',0,'063','Colchagua',1),(212,'071',6707,'',0,'071','Talca',1),(213,'072',6707,'',0,'072','Cauquenes',1),(214,'073',6707,'',0,'073','Curicó',1),(215,'074',6707,'',0,'074','Linares',1),(216,'081',6708,'',0,'081','Concepción',1),(217,'082',6708,'',0,'082','Arauco',1),(218,'083',6708,'',0,'083','Biobío',1),(219,'084',6708,'',0,'084','Ñuble',1),(220,'091',6709,'',0,'091','Cautín',1),(221,'092',6709,'',0,'092','Malleco',1),(222,'101',6710,'',0,'101','Llanquihue',1),(223,'102',6710,'',0,'102','Chiloé',1),(224,'103',6710,'',0,'103','Osorno',1),(225,'104',6710,'',0,'104','Palena',1),(226,'111',6711,'',0,'111','Coihaique',1),(227,'112',6711,'',0,'112','Aisén',1),(228,'113',6711,'',0,'113','Capitán Prat',1),(229,'114',6711,'',0,'114','General Carrera',1),(230,'121',6712,'',0,'121','Magallanes',1),(231,'122',6712,'',0,'122','Antártica Chilena',1),(232,'123',6712,'',0,'123','Tierra del Fuego',1),(233,'124',6712,'',0,'124','Última Esperanza',1),(234,'131',6713,'',0,'131','Santiago',1),(235,'132',6713,'',0,'132','Cordillera',1),(236,'133',6713,'',0,'133','Chacabuco',1),(237,'134',6713,'',0,'134','Maipo',1),(238,'135',6713,'',0,'135','Melipilla',1),(239,'136',6713,'',0,'136','Talagante',1),(240,'141',6714,'',0,'141','Valdivia',1),(241,'142',6714,'',0,'142','Ranco',1),(242,'151',6715,'',0,'151','Arica',1),(243,'152',6715,'',0,'152','Parinacota',1),(244,'ANT',7001,'',0,'ANT','Antioquia',1),(245,'BOL',7001,'',0,'BOL','Bolívar',1),(246,'BOY',7001,'',0,'BOY','Boyacá',1),(247,'CAL',7001,'',0,'CAL','Caldas',1),(248,'CAU',7001,'',0,'CAU','Cauca',1),(249,'CUN',7001,'',0,'CUN','Cundinamarca',1),(250,'HUI',7001,'',0,'HUI','Huila',1),(251,'LAG',7001,'',0,'LAG','La Guajira',1),(252,'MET',7001,'',0,'MET','Meta',1),(253,'NAR',7001,'',0,'NAR','Nariño',1),(254,'NDS',7001,'',0,'NDS','Norte de Santander',1),(255,'SAN',7001,'',0,'SAN','Santander',1),(256,'SUC',7001,'',0,'SUC','Sucre',1),(257,'TOL',7001,'',0,'TOL','Tolima',1),(258,'VAC',7001,'',0,'VAC','Valle del Cauca',1),(259,'RIS',7001,'',0,'RIS','Risalda',1),(260,'ATL',7001,'',0,'ATL','Atlántico',1),(261,'COR',7001,'',0,'COR','Córdoba',1),(262,'SAP',7001,'',0,'SAP','San Andrés, Providencia y Santa Catalina',1),(263,'ARA',7001,'',0,'ARA','Arauca',1),(264,'CAS',7001,'',0,'CAS','Casanare',1),(265,'AMA',7001,'',0,'AMA','Amazonas',1),(266,'CAQ',7001,'',0,'CAQ','Caquetá',1),(267,'CHO',7001,'',0,'CHO','Chocó',1),(268,'GUA',7001,'',0,'GUA','Guainía',1),(269,'GUV',7001,'',0,'GUV','Guaviare',1),(270,'PUT',7001,'',0,'PUT','Putumayo',1),(271,'QUI',7001,'',0,'QUI','Quindío',1),(272,'VAU',7001,'',0,'VAU','Vaupés',1),(273,'BOG',7001,'',0,'BOG','Bogotá',1),(274,'VID',7001,'',0,'VID','Vichada',1),(275,'CES',7001,'',0,'CES','Cesar',1),(276,'MAG',7001,'',0,'MAG','Magdalena',1),(277,'HR-01',7601,'Bjelovar',0,NULL,'Bjelovarsko-bilogorska županija',1),(278,'HR-02',7601,'Karlovac',0,NULL,'Karlovačka županija',1),(279,'HR-03',7601,'Koprivnica',0,NULL,'Koprivničko-križevačka županija',1),(280,'HR-04',7601,'Krapina',0,NULL,'Krapinsko-zagorska županija',1),(281,'HR-05',7601,'Gospić',0,NULL,'Ličko-senjska županija',1),(282,'HR-06',7601,'Čakovec',0,NULL,'Međimurska županija',1),(283,'HR-07',7601,'Rijeka',0,NULL,'Primorsko-goranska županija',1),(284,'HR-08',7601,'Sisak',0,NULL,'Sisačko-moslavačka županija',1),(285,'HR-09',7601,'Varaždin',0,NULL,'Varaždinska županija',1),(286,'HR-10',7601,'Zagreb',0,NULL,'Zagrebačka županija',1),(287,'HR-11',7601,'Zagreb',0,NULL,'Grad Zagreb',1),(288,'HR-12',7602,'Zadar',0,NULL,'Zadarska županija',1),(289,'HR-13',7602,'Šibenik',0,NULL,'Šibensko-kninska županija',1),(290,'HR-14',7602,'Split',0,NULL,'Splitsko-dalmatinska županija',1),(291,'HR-15',7602,'Dubrovnik',0,NULL,'Dubrovačko-neretvanska županija',1),(292,'HR-16',7603,'Slavonski Brod',0,NULL,'Brodsko-posavska županija',1),(293,'HR-17',7603,'Osijek',0,NULL,'Osječko-baranjska županija',1),(294,'HR-18',7603,'Požega',0,NULL,'Požeško-slavonska županija',1),(295,'HR-19',7603,'Virovitica',0,NULL,'Virovitičko-podravska županija',1),(296,'HR-20',7603,'Vukovar',0,NULL,'Vukovarsko-srijemska županija',1),(297,'HR-21',7604,'Pazin',0,NULL,'Istarska županija',1),(298,'971',1,'97105',3,'GUADELOUPE','Guadeloupe',1),(299,'972',2,'97209',3,'MARTINIQUE','Martinique',1),(300,'973',3,'97302',3,'GUYANE','Guyane',1),(301,'974',4,'97411',3,'REUNION','Réunion',1),(302,'976',6,'97601',3,'MAYOTTE','Mayotte',1),(303,'01',84,'01053',5,'AIN','Ain',1),(304,'02',32,'02408',5,'AISNE','Aisne',1),(305,'03',84,'03190',5,'ALLIER','Allier',1),(306,'04',93,'04070',4,'ALPES-DE-HAUTE-PROVENCE','Alpes-de-Haute-Provence',1),(307,'05',93,'05061',4,'HAUTES-ALPES','Hautes-Alpes',1),(308,'06',93,'06088',4,'ALPES-MARITIMES','Alpes-Maritimes',1),(309,'07',84,'07186',5,'ARDECHE','Ardèche',1),(310,'08',44,'08105',4,'ARDENNES','Ardennes',1),(311,'09',76,'09122',5,'ARIEGE','Ariège',1),(312,'10',44,'10387',5,'AUBE','Aube',1),(313,'11',76,'11069',5,'AUDE','Aude',1),(314,'12',76,'12202',5,'AVEYRON','Aveyron',1),(315,'13',93,'13055',4,'BOUCHES-DU-RHONE','Bouches-du-Rhône',1),(316,'14',28,'14118',2,'CALVADOS','Calvados',1),(317,'15',84,'15014',2,'CANTAL','Cantal',1),(318,'16',75,'16015',3,'CHARENTE','Charente',1),(319,'17',75,'17300',3,'CHARENTE-MARITIME','Charente-Maritime',1),(320,'18',24,'18033',2,'CHER','Cher',1),(321,'19',75,'19272',3,'CORREZE','Corrèze',1),(322,'2A',94,'2A004',3,'CORSE-DU-SUD','Corse-du-Sud',1),(323,'2B',94,'2B033',3,'HAUTE-CORSE','Haute-Corse',1),(324,'21',27,'21231',3,'COTE-D OR','Côte-d Or',1),(325,'22',53,'22278',4,'COTES-D ARMOR','Côtes-d Armor',1),(326,'23',75,'23096',3,'CREUSE','Creuse',1),(327,'24',75,'24322',3,'DORDOGNE','Dordogne',1),(328,'25',27,'25056',2,'DOUBS','Doubs',1),(329,'26',84,'26362',3,'DROME','Drôme',1),(330,'27',28,'27229',5,'EURE','Eure',1),(331,'28',24,'28085',1,'EURE-ET-LOIR','Eure-et-Loir',1),(332,'29',53,'29232',2,'FINISTERE','Finistère',1),(333,'30',76,'30189',2,'GARD','Gard',1),(334,'31',76,'31555',3,'HAUTE-GARONNE','Haute-Garonne',1),(335,'32',76,'32013',2,'GERS','Gers',1),(336,'33',75,'33063',3,'GIRONDE','Gironde',1),(337,'34',76,'34172',5,'HERAULT','Hérault',1),(338,'35',53,'35238',1,'ILLE-ET-VILAINE','Ille-et-Vilaine',1),(339,'36',24,'36044',5,'INDRE','Indre',1),(340,'37',24,'37261',1,'INDRE-ET-LOIRE','Indre-et-Loire',1),(341,'38',84,'38185',5,'ISERE','Isère',1),(342,'39',27,'39300',2,'JURA','Jura',1),(343,'40',75,'40192',4,'LANDES','Landes',1),(344,'41',24,'41018',0,'LOIR-ET-CHER','Loir-et-Cher',1),(345,'42',84,'42218',3,'LOIRE','Loire',1),(346,'43',84,'43157',3,'HAUTE-LOIRE','Haute-Loire',1),(347,'44',52,'44109',3,'LOIRE-ATLANTIQUE','Loire-Atlantique',1),(348,'45',24,'45234',2,'LOIRET','Loiret',1),(349,'46',76,'46042',2,'LOT','Lot',1),(350,'47',75,'47001',0,'LOT-ET-GARONNE','Lot-et-Garonne',1),(351,'48',76,'48095',3,'LOZERE','Lozère',1),(352,'49',52,'49007',0,'MAINE-ET-LOIRE','Maine-et-Loire',1),(353,'50',28,'50502',3,'MANCHE','Manche',1),(354,'51',44,'51108',3,'MARNE','Marne',1),(355,'52',44,'52121',3,'HAUTE-MARNE','Haute-Marne',1),(356,'53',52,'53130',3,'MAYENNE','Mayenne',1),(357,'54',44,'54395',0,'MEURTHE-ET-MOSELLE','Meurthe-et-Moselle',1),(358,'55',44,'55029',3,'MEUSE','Meuse',1),(359,'56',53,'56260',2,'MORBIHAN','Morbihan',1),(360,'57',44,'57463',3,'MOSELLE','Moselle',1),(361,'58',27,'58194',3,'NIEVRE','Nièvre',1),(362,'59',32,'59350',2,'NORD','Nord',1),(363,'60',32,'60057',5,'OISE','Oise',1),(364,'61',28,'61001',5,'ORNE','Orne',1),(365,'62',32,'62041',2,'PAS-DE-CALAIS','Pas-de-Calais',1),(366,'63',84,'63113',2,'PUY-DE-DOME','Puy-de-Dôme',1),(367,'64',75,'64445',4,'PYRENEES-ATLANTIQUES','Pyrénées-Atlantiques',1),(368,'65',76,'65440',4,'HAUTES-PYRENEES','Hautes-Pyrénées',1),(369,'66',76,'66136',4,'PYRENEES-ORIENTALES','Pyrénées-Orientales',1),(370,'67',44,'67482',2,'BAS-RHIN','Bas-Rhin',1),(371,'68',44,'68066',2,'HAUT-RHIN','Haut-Rhin',1),(372,'69',84,'69123',2,'RHONE','Rhône',1),(373,'70',27,'70550',3,'HAUTE-SAONE','Haute-Saône',1),(374,'71',27,'71270',0,'SAONE-ET-LOIRE','Saône-et-Loire',1),(375,'72',52,'72181',3,'SARTHE','Sarthe',1),(376,'73',84,'73065',3,'SAVOIE','Savoie',1),(377,'74',84,'74010',3,'HAUTE-SAVOIE','Haute-Savoie',1),(378,'75',11,'75056',0,'PARIS','Paris',1),(379,'76',28,'76540',3,'SEINE-MARITIME','Seine-Maritime',1),(380,'77',11,'77288',0,'SEINE-ET-MARNE','Seine-et-Marne',1),(381,'78',11,'78646',4,'YVELINES','Yvelines',1),(382,'79',75,'79191',4,'DEUX-SEVRES','Deux-Sèvres',1),(383,'80',32,'80021',3,'SOMME','Somme',1),(384,'81',76,'81004',2,'TARN','Tarn',1),(385,'82',76,'82121',0,'TARN-ET-GARONNE','Tarn-et-Garonne',1),(386,'83',93,'83137',2,'VAR','Var',1),(387,'84',93,'84007',0,'VAUCLUSE','Vaucluse',1),(388,'85',52,'85191',3,'VENDEE','Vendée',1),(389,'86',75,'86194',3,'VIENNE','Vienne',1),(390,'87',75,'87085',3,'HAUTE-VIENNE','Haute-Vienne',1),(391,'88',44,'88160',4,'VOSGES','Vosges',1),(392,'89',27,'89024',5,'YONNE','Yonne',1),(393,'90',27,'90010',0,'TERRITOIRE DE BELFORT','Territoire de Belfort',1),(394,'91',11,'91228',5,'ESSONNE','Essonne',1),(395,'92',11,'92050',4,'HAUTS-DE-SEINE','Hauts-de-Seine',1),(396,'93',11,'93008',3,'SEINE-SAINT-DENIS','Seine-Saint-Denis',1),(397,'94',11,'94028',2,'VAL-DE-MARNE','Val-de-Marne',1),(398,'95',11,'95500',2,'VAL-D OISE','Val-d Oise',1),(399,'BW',501,NULL,NULL,'BADEN-WÜRTTEMBERG','Baden-Württemberg',1),(400,'BY',501,NULL,NULL,'BAYERN','Bayern',1),(401,'BE',501,NULL,NULL,'BERLIN','Berlin',1),(402,'BB',501,NULL,NULL,'BRANDENBURG','Brandenburg',1),(403,'HB',501,NULL,NULL,'BREMEN','Bremen',1),(404,'HH',501,NULL,NULL,'HAMBURG','Hamburg',1),(405,'HE',501,NULL,NULL,'HESSEN','Hessen',1),(406,'MV',501,NULL,NULL,'MECKLENBURG-VORPOMMERN','Mecklenburg-Vorpommern',1),(407,'NI',501,NULL,NULL,'NIEDERSACHSEN','Niedersachsen',1),(408,'NW',501,NULL,NULL,'NORDRHEIN-WESTFALEN','Nordrhein-Westfalen',1),(409,'RP',501,NULL,NULL,'RHEINLAND-PFALZ','Rheinland-Pfalz',1),(410,'SL',501,NULL,NULL,'SAARLAND','Saarland',1),(411,'SN',501,NULL,NULL,'SACHSEN','Sachsen',1),(412,'ST',501,NULL,NULL,'SACHSEN-ANHALT','Sachsen-Anhalt',1),(413,'SH',501,NULL,NULL,'SCHLESWIG-HOLSTEIN','Schleswig-Holstein',1),(414,'TH',501,NULL,NULL,'THÜRINGEN','Thüringen',1),(415,'66',10201,'',0,'','Αθήνα',1),(416,'67',10205,'',0,'','Δράμα',1),(417,'01',10205,'',0,'','Έβρος',1),(418,'02',10205,'',0,'','Θάσος',1),(419,'03',10205,'',0,'','Καβάλα',1),(420,'04',10205,'',0,'','Ξάνθη',1),(421,'05',10205,'',0,'','Ροδόπη',1),(422,'06',10203,'',0,'','Ημαθία',1),(423,'07',10203,'',0,'','Θεσσαλονίκη',1),(424,'08',10203,'',0,'','Κιλκίς',1),(425,'09',10203,'',0,'','Πέλλα',1),(426,'10',10203,'',0,'','Πιερία',1),(427,'11',10203,'',0,'','Σέρρες',1),(428,'12',10203,'',0,'','Χαλκιδική',1),(429,'13',10206,'',0,'','Άρτα',1),(430,'14',10206,'',0,'','Θεσπρωτία',1),(431,'15',10206,'',0,'','Ιωάννινα',1),(432,'16',10206,'',0,'','Πρέβεζα',1),(433,'17',10213,'',0,'','Γρεβενά',1),(434,'18',10213,'',0,'','Καστοριά',1),(435,'19',10213,'',0,'','Κοζάνη',1),(436,'20',10213,'',0,'','Φλώρινα',1),(437,'21',10212,'',0,'','Καρδίτσα',1),(438,'22',10212,'',0,'','Λάρισα',1),(439,'23',10212,'',0,'','Μαγνησία',1),(440,'24',10212,'',0,'','Τρίκαλα',1),(441,'25',10212,'',0,'','Σποράδες',1),(442,'26',10212,'',0,'','Βοιωτία',1),(443,'27',10202,'',0,'','Εύβοια',1),(444,'28',10202,'',0,'','Ευρυτανία',1),(445,'29',10202,'',0,'','Φθιώτιδα',1),(446,'30',10202,'',0,'','Φωκίδα',1),(447,'31',10209,'',0,'','Αργολίδα',1),(448,'32',10209,'',0,'','Αρκαδία',1),(449,'33',10209,'',0,'','Κορινθία',1),(450,'34',10209,'',0,'','Λακωνία',1),(451,'35',10209,'',0,'','Μεσσηνία',1),(452,'36',10211,'',0,'','Αιτωλοακαρνανία',1),(453,'37',10211,'',0,'','Αχαΐα',1),(454,'38',10211,'',0,'','Ηλεία',1),(455,'39',10207,'',0,'','Ζάκυνθος',1),(456,'40',10207,'',0,'','Κέρκυρα',1),(457,'41',10207,'',0,'','Κεφαλληνία',1),(458,'42',10207,'',0,'','Ιθάκη',1),(459,'43',10207,'',0,'','Λευκάδα',1),(460,'44',10208,'',0,'','Ικαρία',1),(461,'45',10208,'',0,'','Λέσβος',1),(462,'46',10208,'',0,'','Λήμνος',1),(463,'47',10208,'',0,'','Σάμος',1),(464,'48',10208,'',0,'','Χίος',1),(465,'49',10210,'',0,'','Άνδρος',1),(466,'50',10210,'',0,'','Θήρα',1),(467,'51',10210,'',0,'','Κάλυμνος',1),(468,'52',10210,'',0,'','Κάρπαθος',1),(469,'53',10210,'',0,'','Κέα-Κύθνος',1),(470,'54',10210,'',0,'','Κω',1),(471,'55',10210,'',0,'','Μήλος',1),(472,'56',10210,'',0,'','Μύκονος',1),(473,'57',10210,'',0,'','Νάξος',1),(474,'58',10210,'',0,'','Πάρος',1),(475,'59',10210,'',0,'','Ρόδος',1),(476,'60',10210,'',0,'','Σύρος',1),(477,'61',10210,'',0,'','Τήνος',1),(478,'62',10204,'',0,'','Ηράκλειο',1),(479,'63',10204,'',0,'','Λασίθι',1),(480,'64',10204,'',0,'','Ρέθυμνο',1),(481,'65',10204,'',0,'','Χανιά',1),(482,'AT',11401,'',0,'AT','Atlántida',1),(483,'CH',11401,'',0,'CH','Choluteca',1),(484,'CL',11401,'',0,'CL','Colón',1),(485,'CM',11401,'',0,'CM','Comayagua',1),(486,'CO',11401,'',0,'CO','Copán',1),(487,'CR',11401,'',0,'CR','Cortés',1),(488,'EP',11401,'',0,'EP','El Paraíso',1),(489,'FM',11401,'',0,'FM','Francisco Morazán',1),(490,'GD',11401,'',0,'GD','Gracias a Dios',1),(491,'IN',11401,'',0,'IN','Intibucá',1),(492,'IB',11401,'',0,'IB','Islas de la Bahía',1),(493,'LP',11401,'',0,'LP','La Paz',1),(494,'LM',11401,'',0,'LM','Lempira',1),(495,'OC',11401,'',0,'OC','Ocotepeque',1),(496,'OL',11401,'',0,'OL','Olancho',1),(497,'SB',11401,'',0,'SB','Santa Bárbara',1),(498,'VL',11401,'',0,'VL','Valle',1),(499,'YO',11401,'',0,'YO','Yoro',1),(500,'DC',11401,'',0,'DC','Distrito Central',1),(501,'HU-BU',180100,'HU101',NULL,NULL,'Budapest',1),(502,'HU-PE',180100,'HU102',NULL,NULL,'Pest',1),(503,'HU-FE',182100,'HU211',NULL,NULL,'Fejér',1),(504,'HU-KE',182100,'HU212',NULL,NULL,'Komárom-Esztergom',1),(505,'HU-VE',182100,'HU213',NULL,NULL,'Veszprém',1),(506,'HU-GS',182200,'HU221',NULL,NULL,'Győr-Moson-Sopron',1),(507,'HU-VA',182200,'HU222',NULL,NULL,'Vas',1),(508,'HU-ZA',182200,'HU223',NULL,NULL,'Zala',1),(509,'HU-BA',182300,'HU231',NULL,NULL,'Baranya',1),(510,'HU-SO',182300,'HU232',NULL,NULL,'Somogy',1),(511,'HU-TO',182300,'HU233',NULL,NULL,'Tolna',1),(512,'HU-BZ',183100,'HU311',NULL,NULL,'Borsod-Abaúj-Zemplén',1),(513,'HU-HE',183100,'HU312',NULL,NULL,'Heves',1),(514,'HU-NO',183100,'HU313',NULL,NULL,'Nógrád',1),(515,'HU-HB',183200,'HU321',NULL,NULL,'Hajdú-Bihar',1),(516,'HU-JN',183200,'HU322',NULL,NULL,'Jász-Nagykun-Szolnok',1),(517,'HU-SZ',183200,'HU323',NULL,NULL,'Szabolcs-Szatmár-Bereg',1),(518,'HU-BK',183300,'HU331',NULL,NULL,'Bács-Kiskun',1),(519,'HU-BE',183300,'HU332',NULL,NULL,'Békés',1),(520,'HU-CS',183300,'HU333',NULL,NULL,'Csongrád',1),(521,'AG',315,NULL,NULL,NULL,'AGRIGENTO',1),(522,'AL',312,NULL,NULL,NULL,'ALESSANDRIA',1),(523,'AN',310,NULL,NULL,NULL,'ANCONA',1),(524,'AO',319,NULL,NULL,NULL,'AOSTA',1),(525,'AR',316,NULL,NULL,NULL,'AREZZO',1),(526,'AP',310,NULL,NULL,NULL,'ASCOLI PICENO',1),(527,'AT',312,NULL,NULL,NULL,'ASTI',1),(528,'AV',304,NULL,NULL,NULL,'AVELLINO',1),(529,'BA',313,NULL,NULL,NULL,'BARI',1),(530,'BT',313,NULL,NULL,NULL,'BARLETTA-ANDRIA-TRANI',1),(531,'BL',320,NULL,NULL,NULL,'BELLUNO',1),(532,'BN',304,NULL,NULL,NULL,'BENEVENTO',1),(533,'BG',309,NULL,NULL,NULL,'BERGAMO',1),(534,'BI',312,NULL,NULL,NULL,'BIELLA',1),(535,'BO',305,NULL,NULL,NULL,'BOLOGNA',1),(536,'BZ',317,NULL,NULL,NULL,'BOLZANO',1),(537,'BS',309,NULL,NULL,NULL,'BRESCIA',1),(538,'BR',313,NULL,NULL,NULL,'BRINDISI',1),(539,'CA',314,NULL,NULL,NULL,'CAGLIARI',1),(540,'CL',315,NULL,NULL,NULL,'CALTANISSETTA',1),(541,'CB',311,NULL,NULL,NULL,'CAMPOBASSO',1),(542,'CI',314,NULL,NULL,NULL,'CARBONIA-IGLESIAS',1),(543,'CE',304,NULL,NULL,NULL,'CASERTA',1),(544,'CT',315,NULL,NULL,NULL,'CATANIA',1),(545,'CZ',303,NULL,NULL,NULL,'CATANZARO',1),(546,'CH',301,NULL,NULL,NULL,'CHIETI',1),(547,'CO',309,NULL,NULL,NULL,'COMO',1),(548,'CS',303,NULL,NULL,NULL,'COSENZA',1),(549,'CR',309,NULL,NULL,NULL,'CREMONA',1),(550,'KR',303,NULL,NULL,NULL,'CROTONE',1),(551,'CN',312,NULL,NULL,NULL,'CUNEO',1),(552,'EN',315,NULL,NULL,NULL,'ENNA',1),(553,'FM',310,NULL,NULL,NULL,'FERMO',1),(554,'FE',305,NULL,NULL,NULL,'FERRARA',1),(555,'FI',316,NULL,NULL,NULL,'FIRENZE',1),(556,'FG',313,NULL,NULL,NULL,'FOGGIA',1),(557,'FC',305,NULL,NULL,NULL,'FORLI-CESENA',1),(558,'FR',307,NULL,NULL,NULL,'FROSINONE',1),(559,'GE',308,NULL,NULL,NULL,'GENOVA',1),(560,'GO',306,NULL,NULL,NULL,'GORIZIA',1),(561,'GR',316,NULL,NULL,NULL,'GROSSETO',1),(562,'IM',308,NULL,NULL,NULL,'IMPERIA',1),(563,'IS',311,NULL,NULL,NULL,'ISERNIA',1),(564,'SP',308,NULL,NULL,NULL,'LA SPEZIA',1),(565,'AQ',301,NULL,NULL,NULL,'L AQUILA',1),(566,'LT',307,NULL,NULL,NULL,'LATINA',1),(567,'LE',313,NULL,NULL,NULL,'LECCE',1),(568,'LC',309,NULL,NULL,NULL,'LECCO',1),(569,'LI',316,NULL,NULL,NULL,'LIVORNO',1),(570,'LO',309,NULL,NULL,NULL,'LODI',1),(571,'LU',316,NULL,NULL,NULL,'LUCCA',1),(572,'MC',310,NULL,NULL,NULL,'MACERATA',1),(573,'MN',309,NULL,NULL,NULL,'MANTOVA',1),(574,'MS',316,NULL,NULL,NULL,'MASSA-CARRARA',1),(575,'MT',302,NULL,NULL,NULL,'MATERA',1),(576,'VS',314,NULL,NULL,NULL,'MEDIO CAMPIDANO',1),(577,'ME',315,NULL,NULL,NULL,'MESSINA',1),(578,'MI',309,NULL,NULL,NULL,'MILANO',1),(579,'MB',309,NULL,NULL,NULL,'MONZA e BRIANZA',1),(580,'MO',305,NULL,NULL,NULL,'MODENA',1),(581,'NA',304,NULL,NULL,NULL,'NAPOLI',1),(582,'NO',312,NULL,NULL,NULL,'NOVARA',1),(583,'NU',314,NULL,NULL,NULL,'NUORO',1),(584,'OG',314,NULL,NULL,NULL,'OGLIASTRA',1),(585,'OT',314,NULL,NULL,NULL,'OLBIA-TEMPIO',1),(586,'OR',314,NULL,NULL,NULL,'ORISTANO',1),(587,'PD',320,NULL,NULL,NULL,'PADOVA',1),(588,'PA',315,NULL,NULL,NULL,'PALERMO',1),(589,'PR',305,NULL,NULL,NULL,'PARMA',1),(590,'PV',309,NULL,NULL,NULL,'PAVIA',1),(591,'PG',318,NULL,NULL,NULL,'PERUGIA',1),(592,'PU',310,NULL,NULL,NULL,'PESARO e URBINO',1),(593,'PE',301,NULL,NULL,NULL,'PESCARA',1),(594,'PC',305,NULL,NULL,NULL,'PIACENZA',1),(595,'PI',316,NULL,NULL,NULL,'PISA',1),(596,'PT',316,NULL,NULL,NULL,'PISTOIA',1),(597,'PN',306,NULL,NULL,NULL,'PORDENONE',1),(598,'PZ',302,NULL,NULL,NULL,'POTENZA',1),(599,'PO',316,NULL,NULL,NULL,'PRATO',1),(600,'RG',315,NULL,NULL,NULL,'RAGUSA',1),(601,'RA',305,NULL,NULL,NULL,'RAVENNA',1),(602,'RC',303,NULL,NULL,NULL,'REGGIO CALABRIA',1),(603,'RE',305,NULL,NULL,NULL,'REGGIO NELL EMILIA',1),(604,'RI',307,NULL,NULL,NULL,'RIETI',1),(605,'RN',305,NULL,NULL,NULL,'RIMINI',1),(606,'RM',307,NULL,NULL,NULL,'ROMA',1),(607,'RO',320,NULL,NULL,NULL,'ROVIGO',1),(608,'SA',304,NULL,NULL,NULL,'SALERNO',1),(609,'SS',314,NULL,NULL,NULL,'SASSARI',1),(610,'SV',308,NULL,NULL,NULL,'SAVONA',1),(611,'SI',316,NULL,NULL,NULL,'SIENA',1),(612,'SR',315,NULL,NULL,NULL,'SIRACUSA',1),(613,'SO',309,NULL,NULL,NULL,'SONDRIO',1),(614,'TA',313,NULL,NULL,NULL,'TARANTO',1),(615,'TE',301,NULL,NULL,NULL,'TERAMO',1),(616,'TR',318,NULL,NULL,NULL,'TERNI',1),(617,'TO',312,NULL,NULL,NULL,'TORINO',1),(618,'TP',315,NULL,NULL,NULL,'TRAPANI',1),(619,'TN',317,NULL,NULL,NULL,'TRENTO',1),(620,'TV',320,NULL,NULL,NULL,'TREVISO',1),(621,'TS',306,NULL,NULL,NULL,'TRIESTE',1),(622,'UD',306,NULL,NULL,NULL,'UDINE',1),(623,'VA',309,NULL,NULL,NULL,'VARESE',1),(624,'VE',320,NULL,NULL,NULL,'VENEZIA',1),(625,'VB',312,NULL,NULL,NULL,'VERBANO-CUSIO-OSSOLA',1),(626,'VC',312,NULL,NULL,NULL,'VERCELLI',1),(627,'VR',320,NULL,NULL,NULL,'VERONA',1),(628,'VV',303,NULL,NULL,NULL,'VIBO VALENTIA',1),(629,'VI',320,NULL,NULL,NULL,'VICENZA',1),(630,'VT',307,NULL,NULL,NULL,'VITERBO',1),(631,'01',12301,'',0,'北海','北海道',1),(632,'02',12301,'',0,'青森','青森県',1),(633,'03',12301,'',0,'岩手','岩手県',1),(634,'04',12301,'',0,'宮城','宮城県',1),(635,'05',12301,'',0,'秋田','秋田県',1),(636,'06',12301,'',0,'山形','山形県',1),(637,'07',12301,'',0,'福島','福島県',1),(638,'08',12301,'',0,'茨城','茨城県',1),(639,'09',12301,'',0,'栃木','栃木県',1),(640,'10',12301,'',0,'群馬','群馬県',1),(641,'11',12301,'',0,'埼玉','埼玉県',1),(642,'12',12301,'',0,'千葉','千葉県',1),(643,'13',12301,'',0,'東京','東京都',1),(644,'14',12301,'',0,'神奈川','神奈川県',1),(645,'15',12301,'',0,'新潟','新潟県',1),(646,'16',12301,'',0,'富山','富山県',1),(647,'17',12301,'',0,'石川','石川県',1),(648,'18',12301,'',0,'福井','福井県',1),(649,'19',12301,'',0,'山梨','山梨県',1),(650,'20',12301,'',0,'長野','長野県',1),(651,'21',12301,'',0,'岐阜','岐阜県',1),(652,'22',12301,'',0,'静岡','静岡県',1),(653,'23',12301,'',0,'愛知','愛知県',1),(654,'24',12301,'',0,'三重','三重県',1),(655,'25',12301,'',0,'滋賀','滋賀県',1),(656,'26',12301,'',0,'京都','京都府',1),(657,'27',12301,'',0,'大阪','大阪府',1),(658,'28',12301,'',0,'兵庫','兵庫県',1),(659,'29',12301,'',0,'奈良','奈良県',1),(660,'30',12301,'',0,'和歌山','和歌山県',1),(661,'31',12301,'',0,'鳥取','鳥取県',1),(662,'32',12301,'',0,'島根','島根県',1),(663,'33',12301,'',0,'岡山','岡山県',1),(664,'34',12301,'',0,'広島','広島県',1),(665,'35',12301,'',0,'山口','山口県',1),(666,'36',12301,'',0,'徳島','徳島県',1),(667,'37',12301,'',0,'香川','香川県',1),(668,'38',12301,'',0,'愛媛','愛媛県',1),(669,'39',12301,'',0,'高知','高知県',1),(670,'40',12301,'',0,'福岡','福岡県',1),(671,'41',12301,'',0,'佐賀','佐賀県',1),(672,'42',12301,'',0,'長崎','長崎県',1),(673,'43',12301,'',0,'熊本','熊本県',1),(674,'44',12301,'',0,'大分','大分県',1),(675,'45',12301,'',0,'宮崎','宮崎県',1),(676,'46',12301,'',0,'鹿児島','鹿児島県',1),(677,'47',12301,'',0,'沖縄','沖縄県',1),(678,'LU0001',14001,'',0,'','Clervaux',1),(679,'LU0002',14001,'',0,'','Diekirch',1),(680,'LU0003',14001,'',0,'','Redange',1),(681,'LU0004',14001,'',0,'','Vianden',1),(682,'LU0005',14001,'',0,'','Wiltz',1),(683,'LU0006',14002,'',0,'','Echternach',1),(684,'LU0007',14002,'',0,'','Grevenmacher',1),(685,'LU0008',14002,'',0,'','Remich',1),(686,'LU0009',14003,'',0,'','Capellen',1),(687,'LU0010',14003,'',0,'','Esch-sur-Alzette',1),(688,'LU0011',14003,'',0,'','Luxembourg',1),(689,'LU0012',14003,'',0,'','Mersch',1),(690,'MA',1209,'',0,'','Province de Benslimane',1),(691,'MA1',1209,'',0,'','Province de Berrechid',1),(692,'MA2',1209,'',0,'','Province de Khouribga',1),(693,'MA3',1209,'',0,'','Province de Settat',1),(694,'MA4',1210,'',0,'','Province d\'El Jadida',1),(695,'MA5',1210,'',0,'','Province de Safi',1),(696,'MA6',1210,'',0,'','Province de Sidi Bennour',1),(697,'MA7',1210,'',0,'','Province de Youssoufia',1),(698,'MA6B',1205,'',0,'','Préfecture de Fès',1),(699,'MA7B',1205,'',0,'','Province de Boulemane',1),(700,'MA8',1205,'',0,'','Province de Moulay Yacoub',1),(701,'MA9',1205,'',0,'','Province de Sefrou',1),(702,'MA8A',1202,'',0,'','Province de Kénitra',1),(703,'MA9A',1202,'',0,'','Province de Sidi Kacem',1),(704,'MA10',1202,'',0,'','Province de Sidi Slimane',1),(705,'MA11',1208,'',0,'','Préfecture de Casablanca',1),(706,'MA12',1208,'',0,'','Préfecture de Mohammédia',1),(707,'MA13',1208,'',0,'','Province de Médiouna',1),(708,'MA14',1208,'',0,'','Province de Nouaceur',1),(709,'MA15',1214,'',0,'','Province d\'Assa-Zag',1),(710,'MA16',1214,'',0,'','Province d\'Es-Semara',1),(711,'MA17A',1214,'',0,'','Province de Guelmim',1),(712,'MA18',1214,'',0,'','Province de Tata',1),(713,'MA19',1214,'',0,'','Province de Tan-Tan',1),(714,'MA15',1215,'',0,'','Province de Boujdour',1),(715,'MA16',1215,'',0,'','Province de Lâayoune',1),(716,'MA17',1215,'',0,'','Province de Tarfaya',1),(717,'MA18',1211,'',0,'','Préfecture de Marrakech',1),(718,'MA19',1211,'',0,'','Province d\'Al Haouz',1),(719,'MA20',1211,'',0,'','Province de Chichaoua',1),(720,'MA21',1211,'',0,'','Province d\'El Kelâa des Sraghna',1),(721,'MA22',1211,'',0,'','Province d\'Essaouira',1),(722,'MA23',1211,'',0,'','Province de Rehamna',1),(723,'MA24',1206,'',0,'','Préfecture de Meknès',1),(724,'MA25',1206,'',0,'','Province d’El Hajeb',1),(725,'MA26',1206,'',0,'','Province d\'Errachidia',1),(726,'MA27',1206,'',0,'','Province d’Ifrane',1),(727,'MA28',1206,'',0,'','Province de Khénifra',1),(728,'MA29',1206,'',0,'','Province de Midelt',1),(729,'MA30',1204,'',0,'','Préfecture d\'Oujda-Angad',1),(730,'MA31',1204,'',0,'','Province de Berkane',1),(731,'MA32',1204,'',0,'','Province de Driouch',1),(732,'MA33',1204,'',0,'','Province de Figuig',1),(733,'MA34',1204,'',0,'','Province de Jerada',1),(734,'MA35',1204,'',0,'','Province de Nador',1),(735,'MA36',1204,'',0,'','Province de Taourirt',1),(736,'MA37',1216,'',0,'','Province d\'Aousserd',1),(737,'MA38',1216,'',0,'','Province d\'Oued Ed-Dahab',1),(738,'MA39',1207,'',0,'','Préfecture de Rabat',1),(739,'MA40',1207,'',0,'','Préfecture de Skhirat-Témara',1),(740,'MA41',1207,'',0,'','Préfecture de Salé',1),(741,'MA42',1207,'',0,'','Province de Khémisset',1),(742,'MA43',1213,'',0,'','Préfecture d\'Agadir Ida-Outanane',1),(743,'MA44',1213,'',0,'','Préfecture d\'Inezgane-Aït Melloul',1),(744,'MA45',1213,'',0,'','Province de Chtouka-Aït Baha',1),(745,'MA46',1213,'',0,'','Province d\'Ouarzazate',1),(746,'MA47',1213,'',0,'','Province de Sidi Ifni',1),(747,'MA48',1213,'',0,'','Province de Taroudant',1),(748,'MA49',1213,'',0,'','Province de Tinghir',1),(749,'MA50',1213,'',0,'','Province de Tiznit',1),(750,'MA51',1213,'',0,'','Province de Zagora',1),(751,'MA52',1212,'',0,'','Province d\'Azilal',1),(752,'MA53',1212,'',0,'','Province de Beni Mellal',1),(753,'MA54',1212,'',0,'','Province de Fquih Ben Salah',1),(754,'MA55',1201,'',0,'','Préfecture de M\'diq-Fnideq',1),(755,'MA56',1201,'',0,'','Préfecture de Tanger-Asilah',1),(756,'MA57',1201,'',0,'','Province de Chefchaouen',1),(757,'MA58',1201,'',0,'','Province de Fahs-Anjra',1),(758,'MA59',1201,'',0,'','Province de Larache',1),(759,'MA60',1201,'',0,'','Province d\'Ouezzane',1),(760,'MA61',1201,'',0,'','Province de Tétouan',1),(761,'MA62',1203,'',0,'','Province de Guercif',1),(762,'MA63',1203,'',0,'','Province d\'Al Hoceïma',1),(763,'MA64',1203,'',0,'','Province de Taounate',1),(764,'MA65',1203,'',0,'','Province de Taza',1),(765,'MA6A',1205,'',0,'','Préfecture de Fès',1),(766,'MA7A',1205,'',0,'','Province de Boulemane',1),(767,'MA15A',1214,'',0,'','Province d\'Assa-Zag',1),(768,'MA16A',1214,'',0,'','Province d\'Es-Semara',1),(769,'MA18A',1211,'',0,'','Préfecture de Marrakech',1),(770,'MA19A',1214,'',0,'','Province de Tan-Tan',1),(771,'MA19B',1214,'',0,'','Province de Tan-Tan',1),(772,'GR',1701,NULL,NULL,NULL,'Groningen',1),(773,'FR',1701,NULL,NULL,NULL,'Friesland',1),(774,'DR',1701,NULL,NULL,NULL,'Drenthe',1),(775,'OV',1701,NULL,NULL,NULL,'Overijssel',1),(776,'GD',1701,NULL,NULL,NULL,'Gelderland',1),(777,'FL',1701,NULL,NULL,NULL,'Flevoland',1),(778,'UT',1701,NULL,NULL,NULL,'Utrecht',1),(779,'NH',1701,NULL,NULL,NULL,'Noord-Holland',1),(780,'ZH',1701,NULL,NULL,NULL,'Zuid-Holland',1),(781,'ZL',1701,NULL,NULL,NULL,'Zeeland',1),(782,'NB',1701,NULL,NULL,NULL,'Noord-Brabant',1),(783,'LB',1701,NULL,NULL,NULL,'Limburg',1),(784,'PA-1',17801,'',0,'','Bocas del Toro',1),(785,'PA-2',17801,'',0,'','Coclé',1),(786,'PA-3',17801,'',0,'','Colón',1),(787,'PA-4',17801,'',0,'','Chiriquí',1),(788,'PA-5',17801,'',0,'','Darién',1),(789,'PA-6',17801,'',0,'','Herrera',1),(790,'PA-7',17801,'',0,'','Los Santos',1),(791,'PA-8',17801,'',0,'','Panamá',1),(792,'PA-9',17801,'',0,'','Veraguas',1),(793,'PA-13',17801,'',0,'','Panamá Oeste',1),(794,'0101',18101,'',0,'','Chachapoyas',1),(795,'0102',18101,'',0,'','Bagua',1),(796,'0103',18101,'',0,'','Bongará',1),(797,'0104',18101,'',0,'','Condorcanqui',1),(798,'0105',18101,'',0,'','Luya',1),(799,'0106',18101,'',0,'','Rodríguez de Mendoza',1),(800,'0107',18101,'',0,'','Utcubamba',1),(801,'0201',18102,'',0,'','Huaraz',1),(802,'0202',18102,'',0,'','Aija',1),(803,'0203',18102,'',0,'','Antonio Raymondi',1),(804,'0204',18102,'',0,'','Asunción',1),(805,'0205',18102,'',0,'','Bolognesi',1),(806,'0206',18102,'',0,'','Carhuaz',1),(807,'0207',18102,'',0,'','Carlos Fermín Fitzcarrald',1),(808,'0208',18102,'',0,'','Casma',1),(809,'0209',18102,'',0,'','Corongo',1),(810,'0210',18102,'',0,'','Huari',1),(811,'0211',18102,'',0,'','Huarmey',1),(812,'0212',18102,'',0,'','Huaylas',1),(813,'0213',18102,'',0,'','Mariscal Luzuriaga',1),(814,'0214',18102,'',0,'','Ocros',1),(815,'0215',18102,'',0,'','Pallasca',1),(816,'0216',18102,'',0,'','Pomabamba',1),(817,'0217',18102,'',0,'','Recuay',1),(818,'0218',18102,'',0,'','Papá',1),(819,'0219',18102,'',0,'','Sihuas',1),(820,'0220',18102,'',0,'','Yungay',1),(821,'0301',18103,'',0,'','Abancay',1),(822,'0302',18103,'',0,'','Andahuaylas',1),(823,'0303',18103,'',0,'','Antabamba',1),(824,'0304',18103,'',0,'','Aymaraes',1),(825,'0305',18103,'',0,'','Cotabambas',1),(826,'0306',18103,'',0,'','Chincheros',1),(827,'0307',18103,'',0,'','Grau',1),(828,'0401',18104,'',0,'','Arequipa',1),(829,'0402',18104,'',0,'','Camaná',1),(830,'0403',18104,'',0,'','Caravelí',1),(831,'0404',18104,'',0,'','Castilla',1),(832,'0405',18104,'',0,'','Caylloma',1),(833,'0406',18104,'',0,'','Condesuyos',1),(834,'0407',18104,'',0,'','Islay',1),(835,'0408',18104,'',0,'','La Unión',1),(836,'0501',18105,'',0,'','Huamanga',1),(837,'0502',18105,'',0,'','Cangallo',1),(838,'0503',18105,'',0,'','Huanca Sancos',1),(839,'0504',18105,'',0,'','Huanta',1),(840,'0505',18105,'',0,'','La Mar',1),(841,'0506',18105,'',0,'','Lucanas',1),(842,'0507',18105,'',0,'','Parinacochas',1),(843,'0508',18105,'',0,'','Páucar del Sara Sara',1),(844,'0509',18105,'',0,'','Sucre',1),(845,'0510',18105,'',0,'','Víctor Fajardo',1),(846,'0511',18105,'',0,'','Vilcas Huamán',1),(847,'0601',18106,'',0,'','Cajamarca',1),(848,'0602',18106,'',0,'','Cajabamba',1),(849,'0603',18106,'',0,'','Celendín',1),(850,'0604',18106,'',0,'','Chota',1),(851,'0605',18106,'',0,'','Contumazá',1),(852,'0606',18106,'',0,'','Cutervo',1),(853,'0607',18106,'',0,'','Hualgayoc',1),(854,'0608',18106,'',0,'','Jaén',1),(855,'0609',18106,'',0,'','San Ignacio',1),(856,'0610',18106,'',0,'','San Marcos',1),(857,'0611',18106,'',0,'','San Miguel',1),(858,'0612',18106,'',0,'','San Pablo',1),(859,'0613',18106,'',0,'','Santa Cruz',1),(860,'0701',18107,'',0,'','Callao',1),(861,'0801',18108,'',0,'','Cusco',1),(862,'0802',18108,'',0,'','Acomayo',1),(863,'0803',18108,'',0,'','Anta',1),(864,'0804',18108,'',0,'','Calca',1),(865,'0805',18108,'',0,'','Canas',1),(866,'0806',18108,'',0,'','Canchis',1),(867,'0807',18108,'',0,'','Chumbivilcas',1),(868,'0808',18108,'',0,'','Espinar',1),(869,'0809',18108,'',0,'','La Convención',1),(870,'0810',18108,'',0,'','Paruro',1),(871,'0811',18108,'',0,'','Paucartambo',1),(872,'0812',18108,'',0,'','Quispicanchi',1),(873,'0813',18108,'',0,'','Urubamba',1),(874,'0901',18109,'',0,'','Huancavelica',1),(875,'0902',18109,'',0,'','Acobamba',1),(876,'0903',18109,'',0,'','Angaraes',1),(877,'0904',18109,'',0,'','Castrovirreyna',1),(878,'0905',18109,'',0,'','Churcampa',1),(879,'0906',18109,'',0,'','Huaytará',1),(880,'0907',18109,'',0,'','Tayacaja',1),(881,'1001',18110,'',0,'','Huánuco',1),(882,'1002',18110,'',0,'','Ambón',1),(883,'1003',18110,'',0,'','Dos de Mayo',1),(884,'1004',18110,'',0,'','Huacaybamba',1),(885,'1005',18110,'',0,'','Huamalíes',1),(886,'1006',18110,'',0,'','Leoncio Prado',1),(887,'1007',18110,'',0,'','Marañón',1),(888,'1008',18110,'',0,'','Pachitea',1),(889,'1009',18110,'',0,'','Puerto Inca',1),(890,'1010',18110,'',0,'','Lauricocha',1),(891,'1011',18110,'',0,'','Yarowilca',1),(892,'1101',18111,'',0,'','Ica',1),(893,'1102',18111,'',0,'','Chincha',1),(894,'1103',18111,'',0,'','Nazca',1),(895,'1104',18111,'',0,'','Palpa',1),(896,'1105',18111,'',0,'','Pisco',1),(897,'1201',18112,'',0,'','Huancayo',1),(898,'1202',18112,'',0,'','Concepción',1),(899,'1203',18112,'',0,'','Chanchamayo',1),(900,'1204',18112,'',0,'','Jauja',1),(901,'1205',18112,'',0,'','Junín',1),(902,'1206',18112,'',0,'','Satipo',1),(903,'1207',18112,'',0,'','Tarma',1),(904,'1208',18112,'',0,'','Yauli',1),(905,'1209',18112,'',0,'','Chupaca',1),(906,'1301',18113,'',0,'','Trujillo',1),(907,'1302',18113,'',0,'','Ascope',1),(908,'1303',18113,'',0,'','Bolívar',1),(909,'1304',18113,'',0,'','Chepén',1),(910,'1305',18113,'',0,'','Julcán',1),(911,'1306',18113,'',0,'','Otuzco',1),(912,'1307',18113,'',0,'','Pacasmayo',1),(913,'1308',18113,'',0,'','Pataz',1),(914,'1309',18113,'',0,'','Sánchez Carrión',1),(915,'1310',18113,'',0,'','Santiago de Chuco',1),(916,'1311',18113,'',0,'','Gran Chimú',1),(917,'1312',18113,'',0,'','Virú',1),(918,'1401',18114,'',0,'','Chiclayo',1),(919,'1402',18114,'',0,'','Ferreñafe',1),(920,'1403',18114,'',0,'','Lambayeque',1),(921,'1501',18115,'',0,'','Lima',1),(922,'1502',18116,'',0,'','Huaura',1),(923,'1503',18116,'',0,'','Barranca',1),(924,'1504',18116,'',0,'','Cajatambo',1),(925,'1505',18116,'',0,'','Canta',1),(926,'1506',18116,'',0,'','Cañete',1),(927,'1507',18116,'',0,'','Huaral',1),(928,'1508',18116,'',0,'','Huarochirí',1),(929,'1509',18116,'',0,'','Oyón',1),(930,'1510',18116,'',0,'','Yauyos',1),(931,'1601',18117,'',0,'','Maynas',1),(932,'1602',18117,'',0,'','Alto Amazonas',1),(933,'1603',18117,'',0,'','Loreto',1),(934,'1604',18117,'',0,'','Mariscal Ramón Castilla',1),(935,'1605',18117,'',0,'','Requena',1),(936,'1606',18117,'',0,'','Ucayali',1),(937,'1607',18117,'',0,'','Datem del Marañón',1),(938,'1701',18118,'',0,'','Tambopata',1),(939,'1702',18118,'',0,'','Manú',1),(940,'1703',18118,'',0,'','Tahuamanu',1),(941,'1801',18119,'',0,'','Mariscal Nieto',1),(942,'1802',18119,'',0,'','General Sánchez Cerro',1),(943,'1803',18119,'',0,'','Ilo',1),(944,'1901',18120,'',0,'','Pasco',1),(945,'1902',18120,'',0,'','Daniel Alcides Carrión',1),(946,'1903',18120,'',0,'','Oxapampa',1),(947,'2001',18121,'',0,'','Piura',1),(948,'2002',18121,'',0,'','Ayabaca',1),(949,'2003',18121,'',0,'','Huancabamba',1),(950,'2004',18121,'',0,'','Morropón',1),(951,'2005',18121,'',0,'','Paita',1),(952,'2006',18121,'',0,'','Sullana',1),(953,'2007',18121,'',0,'','Talara',1),(954,'2008',18121,'',0,'','Sechura',1),(955,'2101',18122,'',0,'','Puno',1),(956,'2102',18122,'',0,'','Azángaro',1),(957,'2103',18122,'',0,'','Carabaya',1),(958,'2104',18122,'',0,'','Chucuito',1),(959,'2105',18122,'',0,'','El Collao',1),(960,'2106',18122,'',0,'','Huancané',1),(961,'2107',18122,'',0,'','Lampa',1),(962,'2108',18122,'',0,'','Melgar',1),(963,'2109',18122,'',0,'','Moho',1),(964,'2110',18122,'',0,'','San Antonio de Putina',1),(965,'2111',18122,'',0,'','San Román',1),(966,'2112',18122,'',0,'','Sandia',1),(967,'2113',18122,'',0,'','Yunguyo',1),(968,'2201',18123,'',0,'','Moyobamba',1),(969,'2202',18123,'',0,'','Bellavista',1),(970,'2203',18123,'',0,'','El Dorado',1),(971,'2204',18123,'',0,'','Huallaga',1),(972,'2205',18123,'',0,'','Lamas',1),(973,'2206',18123,'',0,'','Mariscal Cáceres',1),(974,'2207',18123,'',0,'','Picota',1),(975,'2208',18123,'',0,'','La Rioja',1),(976,'2209',18123,'',0,'','San Martín',1),(977,'2210',18123,'',0,'','Tocache',1),(978,'2301',18124,'',0,'','Tacna',1),(979,'2302',18124,'',0,'','Candarave',1),(980,'2303',18124,'',0,'','Jorge Basadre',1),(981,'2304',18124,'',0,'','Tarata',1),(982,'2401',18125,'',0,'','Tumbes',1),(983,'2402',18125,'',0,'','Contralmirante Villar',1),(984,'2403',18125,'',0,'','Zarumilla',1),(985,'2501',18126,'',0,'','Coronel Portillo',1),(986,'2502',18126,'',0,'','Atalaya',1),(987,'2503',18126,'',0,'','Padre Abad',1),(988,'2504',18126,'',0,'','Purús',1),(989,'PT-AV',15001,NULL,NULL,'AVEIRO','Aveiro',1),(990,'PT-AC',15002,NULL,NULL,'AZORES','Azores',1),(991,'PT-BE',15001,NULL,NULL,'BEJA','Beja',1),(992,'PT-BR',15001,NULL,NULL,'BRAGA','Braga',1),(993,'PT-BA',15001,NULL,NULL,'BRAGANCA','Bragança',1),(994,'PT-CB',15001,NULL,NULL,'CASTELO BRANCO','Castelo Branco',1),(995,'PT-CO',15001,NULL,NULL,'COIMBRA','Coimbra',1),(996,'PT-EV',15001,NULL,NULL,'EVORA','Évora',1),(997,'PT-FA',15001,NULL,NULL,'FARO','Faro',1),(998,'PT-GU',15001,NULL,NULL,'GUARDA','Guarda',1),(999,'PT-LE',15001,NULL,NULL,'LEIRIA','Leiria',1),(1000,'PT-LI',15001,NULL,NULL,'LISBON','Lisboa',1),(1001,'PT-AML',15001,NULL,NULL,'AREA METROPOLITANA LISBOA','Área Metropolitana de Lisboa',1),(1002,'PT-MA',15002,NULL,NULL,'MADEIRA','Madeira',1),(1003,'PT-PA',15001,NULL,NULL,'PORTALEGRE','Portalegre',1),(1004,'PT-PO',15001,NULL,NULL,'PORTO','Porto',1),(1005,'PT-SA',15001,NULL,NULL,'SANTAREM','Santarém',1),(1006,'PT-SE',15001,NULL,NULL,'SETUBAL','Setúbal',1),(1007,'PT-VC',15001,NULL,NULL,'VIANA DO CASTELO','Viana Do Castelo',1),(1008,'PT-VR',15001,NULL,NULL,'VILA REAL','Vila Real',1),(1009,'PT-VI',15001,NULL,NULL,'VISEU','Viseu',1),(1010,'AB',18801,'',0,'','Alba',1),(1011,'AR',18801,'',0,'','Arad',1),(1012,'AG',18801,'',0,'','Argeș',1),(1013,'BC',18801,'',0,'','Bacău',1),(1014,'BH',18801,'',0,'','Bihor',1),(1015,'BN',18801,'',0,'','Bistrița-Năsăud',1),(1016,'BT',18801,'',0,'','Botoșani',1),(1017,'BV',18801,'',0,'','Brașov',1),(1018,'BR',18801,'',0,'','Brăila',1),(1019,'BU',18801,'',0,'','Bucuresti',1),(1020,'BZ',18801,'',0,'','Buzău',1),(1021,'CL',18801,'',0,'','Călărași',1),(1022,'CS',18801,'',0,'','Caraș-Severin',1),(1023,'CJ',18801,'',0,'','Cluj',1),(1024,'CT',18801,'',0,'','Constanța',1),(1025,'CV',18801,'',0,'','Covasna',1),(1026,'DB',18801,'',0,'','Dâmbovița',1),(1027,'DJ',18801,'',0,'','Dolj',1),(1028,'GL',18801,'',0,'','Galați',1),(1029,'GR',18801,'',0,'','Giurgiu',1),(1030,'GJ',18801,'',0,'','Gorj',1),(1031,'HR',18801,'',0,'','Harghita',1),(1032,'HD',18801,'',0,'','Hunedoara',1),(1033,'IL',18801,'',0,'','Ialomița',1),(1034,'IS',18801,'',0,'','Iași',1),(1035,'IF',18801,'',0,'','Ilfov',1),(1036,'MM',18801,'',0,'','Maramureș',1),(1037,'MH',18801,'',0,'','Mehedinți',1),(1038,'MS',18801,'',0,'','Mureș',1),(1039,'NT',18801,'',0,'','Neamț',1),(1040,'OT',18801,'',0,'','Olt',1),(1041,'PH',18801,'',0,'','Prahova',1),(1042,'SM',18801,'',0,'','Satu Mare',1),(1043,'SJ',18801,'',0,'','Sălaj',1),(1044,'SB',18801,'',0,'','Sibiu',1),(1045,'SV',18801,'',0,'','Suceava',1),(1046,'TR',18801,'',0,'','Teleorman',1),(1047,'TM',18801,'',0,'','Timiș',1),(1048,'TL',18801,'',0,'','Tulcea',1),(1049,'VS',18801,'',0,'','Vaslui',1),(1050,'VL',18801,'',0,'','Vâlcea',1),(1051,'VN',18801,'',0,'','Vrancea',1),(1052,'SS',8601,'',0,'','San Salvador',1),(1053,'LL',8601,'',0,'','La Libertad',1),(1054,'CH',8601,'',0,'','Chalatenango',1),(1055,'CA',8601,'',0,'','Cabañas',1),(1056,'LP',8601,'',0,'','La Paz',1),(1057,'SV',8601,'',0,'','San Vicente',1),(1058,'CU',8601,'',0,'','Cuscatlan',1),(1059,'US',8602,'',0,'','Usulutan',1),(1060,'SM',8602,'',0,'','San Miguel',1),(1061,'MO',8602,'',0,'','Morazan',1),(1062,'LU',8602,'',0,'','La Union',1),(1063,'AH',8603,'',0,'','Ahuachapan',1),(1064,'SA',8603,'',0,'','Santa Ana',1),(1065,'SO',8603,'',0,'','Sonsonate',1),(1066,'SI031',20203,NULL,NULL,'MURA','Mura',1),(1067,'SI032',20203,NULL,NULL,'DRAVA','Drava',1),(1068,'SI033',20203,NULL,NULL,'CARINTHIA','Carinthia',1),(1069,'SI034',20203,NULL,NULL,'SAVINJA','Savinja',1),(1070,'SI035',20203,NULL,NULL,'CENTRAL SAVA','Central Sava',1),(1071,'SI036',20203,NULL,NULL,'LOWER SAVA','Lower Sava',1),(1072,'SI037',20203,NULL,NULL,'SOUTHEAST SLOVENIA','Southeast Slovenia',1),(1073,'SI038',20203,NULL,NULL,'LITTORAL–INNER CARNIOLA','Littoral–Inner Carniola',1),(1074,'SI041',20204,NULL,NULL,'CENTRAL SLOVENIA','Central Slovenia',1),(1075,'SI038',20204,NULL,NULL,'UPPER CARNIOLA','Upper Carniola',1),(1076,'SI043',20204,NULL,NULL,'GORIZIA','Gorizia',1),(1077,'SI044',20204,NULL,NULL,'COASTAL–KARST','Coastal–Karst',1),(1078,'AG',601,NULL,NULL,'ARGOVIE','Argovie',1),(1079,'AI',601,NULL,NULL,'APPENZELL RHODES INTERIEURES','Appenzell Rhodes intérieures',1),(1080,'AR',601,NULL,NULL,'APPENZELL RHODES EXTERIEURES','Appenzell Rhodes extérieures',1),(1081,'BE',601,NULL,NULL,'BERNE','Berne',1),(1082,'BL',601,NULL,NULL,'BALE CAMPAGNE','Bâle Campagne',1),(1083,'BS',601,NULL,NULL,'BALE VILLE','Bâle Ville',1),(1084,'FR',601,NULL,NULL,'FRIBOURG','Fribourg',1),(1085,'GE',601,NULL,NULL,'GENEVE','Genève',1),(1086,'GL',601,NULL,NULL,'GLARIS','Glaris',1),(1087,'GR',601,NULL,NULL,'GRISONS','Grisons',1),(1088,'JU',601,NULL,NULL,'JURA','Jura',1),(1089,'LU',601,NULL,NULL,'LUCERNE','Lucerne',1),(1090,'NE',601,NULL,NULL,'NEUCHATEL','Neuchâtel',1),(1091,'NW',601,NULL,NULL,'NIDWALD','Nidwald',1),(1092,'OW',601,NULL,NULL,'OBWALD','Obwald',1),(1093,'SG',601,NULL,NULL,'SAINT-GALL','Saint-Gall',1),(1094,'SH',601,NULL,NULL,'SCHAFFHOUSE','Schaffhouse',1),(1095,'SO',601,NULL,NULL,'SOLEURE','Soleure',1),(1096,'SZ',601,NULL,NULL,'SCHWYZ','Schwyz',1),(1097,'TG',601,NULL,NULL,'THURGOVIE','Thurgovie',1),(1098,'TI',601,NULL,NULL,'TESSIN','Tessin',1),(1099,'UR',601,NULL,NULL,'URI','Uri',1),(1100,'VD',601,NULL,NULL,'VAUD','Vaud',1),(1101,'VS',601,NULL,NULL,'VALAIS','Valais',1),(1102,'ZG',601,NULL,NULL,'ZUG','Zug',1),(1103,'ZH',601,NULL,NULL,'ZURICH','Zürich',1),(1104,'TW-KLU',21301,'KLU',NULL,NULL,'基隆市',1),(1105,'TW-TPE',21301,'TPE',NULL,NULL,'臺北市',1),(1106,'TW-TPH',21301,'TPH',NULL,NULL,'新北市',1),(1107,'TW-TYC',21301,'TYC',NULL,NULL,'桃園市',1),(1108,'TW-HSH',21301,'HSH',NULL,NULL,'新竹縣',1),(1109,'TW-HSC',21301,'HSC',NULL,NULL,'新竹市',1),(1110,'TW-MAL',21301,'MAL',NULL,NULL,'苗栗縣',1),(1111,'TW-MAC',21301,'MAC',NULL,NULL,'苗栗市',1),(1112,'TW-TXG',21301,'TXG',NULL,NULL,'臺中市',1),(1113,'TW-CWH',21301,'CWH',NULL,NULL,'彰化縣',1),(1114,'TW-CWS',21301,'CWS',NULL,NULL,'彰化市',1),(1115,'TW-NTC',21301,'NTC',NULL,NULL,'南投市',1),(1116,'TW-NTO',21301,'NTO',NULL,NULL,'南投縣',1),(1117,'TW-YLH',21301,'YLH',NULL,NULL,'雲林縣',1),(1118,'TW-CHY',21301,'CHY',NULL,NULL,'嘉義縣',1),(1119,'TW-CYI',21301,'CYI',NULL,NULL,'嘉義市',1),(1120,'TW-TNN',21301,'TNN',NULL,NULL,'臺南市',1),(1121,'TW-KHH',21301,'KHH',NULL,NULL,'高雄市',1),(1122,'TW-IUH',21301,'IUH',NULL,NULL,'屏東縣',1),(1123,'TW-PTS',21301,'PTS',NULL,NULL,'屏東市',1),(1124,'TW-ILN',21301,'ILN',NULL,NULL,'宜蘭縣',1),(1125,'TW-ILC',21301,'ILC',NULL,NULL,'宜蘭市',1),(1126,'TW-HWA',21301,'HWA',NULL,NULL,'花蓮縣',1),(1127,'TW-HWC',21301,'HWC',NULL,NULL,'花蓮市',1),(1128,'TW-TTC',21301,'TTC',NULL,NULL,'臺東市',1),(1129,'TW-TTT',21301,'TTT',NULL,NULL,'臺東縣',1),(1130,'TW-PEH',21301,'PEH',NULL,NULL,'澎湖縣',1),(1131,'TW-GNI',21301,'GNI',NULL,NULL,'綠島',1),(1132,'TW-KYD',21301,'KYD',NULL,NULL,'蘭嶼',1),(1133,'TW-KMN',21301,'KMN',NULL,NULL,'金門縣',1),(1134,'TW-LNN',21301,'LNN',NULL,NULL,'連江縣',1),(1135,'TN01',1001,'',0,'','Ariana',1),(1136,'TN02',1001,'',0,'','Béja',1),(1137,'TN03',1001,'',0,'','Ben Arous',1),(1138,'TN04',1001,'',0,'','Bizerte',1),(1139,'TN05',1001,'',0,'','Gabès',1),(1140,'TN06',1001,'',0,'','Gafsa',1),(1141,'TN07',1001,'',0,'','Jendouba',1),(1142,'TN08',1001,'',0,'','Kairouan',1),(1143,'TN09',1001,'',0,'','Kasserine',1),(1144,'TN10',1001,'',0,'','Kébili',1),(1145,'TN11',1001,'',0,'','La Manouba',1),(1146,'TN12',1001,'',0,'','Le Kef',1),(1147,'TN13',1001,'',0,'','Mahdia',1),(1148,'TN14',1001,'',0,'','Médenine',1),(1149,'TN15',1001,'',0,'','Monastir',1),(1150,'TN16',1001,'',0,'','Nabeul',1),(1151,'TN17',1001,'',0,'','Sfax',1),(1152,'TN18',1001,'',0,'','Sidi Bouzid',1),(1153,'TN19',1001,'',0,'','Siliana',1),(1154,'TN20',1001,'',0,'','Sousse',1),(1155,'TN21',1001,'',0,'','Tataouine',1),(1156,'TN22',1001,'',0,'','Tozeur',1),(1157,'TN23',1001,'',0,'','Tunis',1),(1158,'TN24',1001,'',0,'','Zaghouan',1),(1159,'AL',1101,'',0,'ALABAMA','Alabama',1),(1160,'AK',1101,'',0,'ALASKA','Alaska',1),(1161,'AZ',1101,'',0,'ARIZONA','Arizona',1),(1162,'AR',1101,'',0,'ARKANSAS','Arkansas',1),(1163,'CA',1101,'',0,'CALIFORNIA','California',1),(1164,'CO',1101,'',0,'COLORADO','Colorado',1),(1165,'CT',1101,'',0,'CONNECTICUT','Connecticut',1),(1166,'DE',1101,'',0,'DELAWARE','Delaware',1),(1167,'FL',1101,'',0,'FLORIDA','Florida',1),(1168,'GA',1101,'',0,'GEORGIA','Georgia',1),(1169,'HI',1101,'',0,'HAWAII','Hawaii',1),(1170,'ID',1101,'',0,'IDAHO','Idaho',1),(1171,'IL',1101,'',0,'ILLINOIS','Illinois',1),(1172,'IN',1101,'',0,'INDIANA','Indiana',1),(1173,'IA',1101,'',0,'IOWA','Iowa',1),(1174,'KS',1101,'',0,'KANSAS','Kansas',1),(1175,'KY',1101,'',0,'KENTUCKY','Kentucky',1),(1176,'LA',1101,'',0,'LOUISIANA','Louisiana',1),(1177,'ME',1101,'',0,'MAINE','Maine',1),(1178,'MD',1101,'',0,'MARYLAND','Maryland',1),(1179,'MA',1101,'',0,'MASSACHUSSETTS','Massachusetts',1),(1180,'MI',1101,'',0,'MICHIGAN','Michigan',1),(1181,'MN',1101,'',0,'MINNESOTA','Minnesota',1),(1182,'MS',1101,'',0,'MISSISSIPPI','Mississippi',1),(1183,'MO',1101,'',0,'MISSOURI','Missouri',1),(1184,'MT',1101,'',0,'MONTANA','Montana',1),(1185,'NE',1101,'',0,'NEBRASKA','Nebraska',1),(1186,'NV',1101,'',0,'NEVADA','Nevada',1),(1187,'NH',1101,'',0,'NEW HAMPSHIRE','New Hampshire',1),(1188,'NJ',1101,'',0,'NEW JERSEY','New Jersey',1),(1189,'NM',1101,'',0,'NEW MEXICO','New Mexico',1),(1190,'NY',1101,'',0,'NEW YORK','New York',1),(1191,'NC',1101,'',0,'NORTH CAROLINA','North Carolina',1),(1192,'ND',1101,'',0,'NORTH DAKOTA','North Dakota',1),(1193,'OH',1101,'',0,'OHIO','Ohio',1),(1194,'OK',1101,'',0,'OKLAHOMA','Oklahoma',1),(1195,'OR',1101,'',0,'OREGON','Oregon',1),(1196,'PA',1101,'',0,'PENNSYLVANIA','Pennsylvania',1),(1197,'RI',1101,'',0,'RHODE ISLAND','Rhode Island',1),(1198,'SC',1101,'',0,'SOUTH CAROLINA','South Carolina',1),(1199,'SD',1101,'',0,'SOUTH DAKOTA','South Dakota',1),(1200,'TN',1101,'',0,'TENNESSEE','Tennessee',1),(1201,'TX',1101,'',0,'TEXAS','Texas',1),(1202,'UT',1101,'',0,'UTAH','Utah',1),(1203,'VT',1101,'',0,'VERMONT','Vermont',1),(1204,'VA',1101,'',0,'VIRGINIA','Virginia',1),(1205,'WA',1101,'',0,'WASHINGTON','Washington',1),(1206,'WV',1101,'',0,'WEST VIRGINIA','West Virginia',1),(1207,'WI',1101,'',0,'WISCONSIN','Wisconsin',1),(1208,'WY',1101,'',0,'WYOMING','Wyoming',1),(1209,'001',5201,'',0,'','Belisario Boeto',1),(1210,'002',5201,'',0,'','Hernando Siles',1),(1211,'003',5201,'',0,'','Jaime Zudáñez',1),(1212,'004',5201,'',0,'','Juana Azurduy de Padilla',1),(1213,'005',5201,'',0,'','Luis Calvo',1),(1214,'006',5201,'',0,'','Nor Cinti',1),(1215,'007',5201,'',0,'','Oropeza',1),(1216,'008',5201,'',0,'','Sud Cinti',1),(1217,'009',5201,'',0,'','Tomina',1),(1218,'010',5201,'',0,'','Yamparáez',1),(1219,'011',5202,'',0,'','Abel Iturralde',1),(1220,'012',5202,'',0,'','Aroma',1),(1221,'013',5202,'',0,'','Bautista Saavedra',1),(1222,'014',5202,'',0,'','Caranavi',1),(1223,'015',5202,'',0,'','Eliodoro Camacho',1),(1224,'016',5202,'',0,'','Franz Tamayo',1),(1225,'017',5202,'',0,'','Gualberto Villarroel',1),(1226,'018',5202,'',0,'','Ingaví',1),(1227,'019',5202,'',0,'','Inquisivi',1),(1228,'020',5202,'',0,'','José Ramón Loayza',1),(1229,'021',5202,'',0,'','Larecaja',1),(1230,'022',5202,'',0,'','Los Andes (Bolivia)',1),(1231,'023',5202,'',0,'','Manco Kapac',1),(1232,'024',5202,'',0,'','Muñecas',1),(1233,'025',5202,'',0,'','Nor Yungas',1),(1234,'026',5202,'',0,'','Omasuyos',1),(1235,'027',5202,'',0,'','Pacajes',1),(1236,'028',5202,'',0,'','Pedro Domingo Murillo',1),(1237,'029',5202,'',0,'','Sud Yungas',1),(1238,'030',5202,'',0,'','General José Manuel Pando',1),(1239,'031',5203,'',0,'','Arani',1),(1240,'032',5203,'',0,'','Arque',1),(1241,'033',5203,'',0,'','Ayopaya',1),(1242,'034',5203,'',0,'','Bolívar (Bolivia)',1),(1243,'035',5203,'',0,'','Campero',1),(1244,'036',5203,'',0,'','Capinota',1),(1245,'037',5203,'',0,'','Cercado (Cochabamba)',1),(1246,'038',5203,'',0,'','Esteban Arze',1),(1247,'039',5203,'',0,'','Germán Jordán',1),(1248,'040',5203,'',0,'','José Carrasco',1),(1249,'041',5203,'',0,'','Mizque',1),(1250,'042',5203,'',0,'','Punata',1),(1251,'043',5203,'',0,'','Quillacollo',1),(1252,'044',5203,'',0,'','Tapacarí',1),(1253,'045',5203,'',0,'','Tiraque',1),(1254,'046',5203,'',0,'','Chapare',1),(1255,'047',5204,'',0,'','Carangas',1),(1256,'048',5204,'',0,'','Cercado (Oruro)',1),(1257,'049',5204,'',0,'','Eduardo Avaroa',1),(1258,'050',5204,'',0,'','Ladislao Cabrera',1),(1259,'051',5204,'',0,'','Litoral de Atacama',1),(1260,'052',5204,'',0,'','Mejillones',1),(1261,'053',5204,'',0,'','Nor Carangas',1),(1262,'054',5204,'',0,'','Pantaleón Dalence',1),(1263,'055',5204,'',0,'','Poopó',1),(1264,'056',5204,'',0,'','Sabaya',1),(1265,'057',5204,'',0,'','Sajama',1),(1266,'058',5204,'',0,'','San Pedro de Totora',1),(1267,'059',5204,'',0,'','Saucarí',1),(1268,'060',5204,'',0,'','Sebastián Pagador',1),(1269,'061',5204,'',0,'','Sud Carangas',1),(1270,'062',5204,'',0,'','Tomás Barrón',1),(1271,'063',5205,'',0,'','Alonso de Ibáñez',1),(1272,'064',5205,'',0,'','Antonio Quijarro',1),(1273,'065',5205,'',0,'','Bernardino Bilbao',1),(1274,'066',5205,'',0,'','Charcas (Potosí)',1),(1275,'067',5205,'',0,'','Chayanta',1),(1276,'068',5205,'',0,'','Cornelio Saavedra',1),(1277,'069',5205,'',0,'','Daniel Campos',1),(1278,'070',5205,'',0,'','Enrique Baldivieso',1),(1279,'071',5205,'',0,'','José María Linares',1),(1280,'072',5205,'',0,'','Modesto Omiste',1),(1281,'073',5205,'',0,'','Nor Chichas',1),(1282,'074',5205,'',0,'','Nor Lípez',1),(1283,'075',5205,'',0,'','Rafael Bustillo',1),(1284,'076',5205,'',0,'','Sud Chichas',1),(1285,'077',5205,'',0,'','Sud Lípez',1),(1286,'078',5205,'',0,'','Tomás Frías',1),(1287,'079',5206,'',0,'','Aniceto Arce',1),(1288,'080',5206,'',0,'','Burdet O\'Connor',1),(1289,'081',5206,'',0,'','Cercado (Tarija)',1),(1290,'082',5206,'',0,'','Eustaquio Méndez',1),(1291,'083',5206,'',0,'','José María Avilés',1),(1292,'084',5206,'',0,'','Gran Chaco',1),(1293,'085',5207,'',0,'','Andrés Ibáñez',1),(1294,'086',5207,'',0,'','Caballero',1),(1295,'087',5207,'',0,'','Chiquitos',1),(1296,'088',5207,'',0,'','Cordillera (Bolivia)',1),(1297,'089',5207,'',0,'','Florida',1),(1298,'090',5207,'',0,'','Germán Busch',1),(1299,'091',5207,'',0,'','Guarayos',1),(1300,'092',5207,'',0,'','Ichilo',1),(1301,'093',5207,'',0,'','Obispo Santistevan',1),(1302,'094',5207,'',0,'','Sara',1),(1303,'095',5207,'',0,'','Vallegrande',1),(1304,'096',5207,'',0,'','Velasco',1),(1305,'097',5207,'',0,'','Warnes',1),(1306,'098',5207,'',0,'','Ángel Sandóval',1),(1307,'099',5207,'',0,'','Ñuflo de Chaves',1),(1308,'100',5208,'',0,'','Cercado (Beni)',1),(1309,'101',5208,'',0,'','Iténez',1),(1310,'102',5208,'',0,'','Mamoré',1),(1311,'103',5208,'',0,'','Marbán',1),(1312,'104',5208,'',0,'','Moxos',1),(1313,'105',5208,'',0,'','Vaca Díez',1),(1314,'106',5208,'',0,'','Yacuma',1),(1315,'107',5208,'',0,'','General José Ballivián Segurola',1),(1316,'108',5209,'',0,'','Abuná',1),(1317,'109',5209,'',0,'','Madre de Dios',1),(1318,'110',5209,'',0,'','Manuripi',1),(1319,'111',5209,'',0,'','Nicolás Suárez',1),(1320,'112',5209,'',0,'','General Federico Román',1),(1321,'VI',419,'01',19,'ALAVA','Álava',1),(1322,'AB',404,'02',4,'ALBACETE','Albacete',1),(1323,'A',411,'03',11,'ALICANTE','Alicante',1),(1324,'AL',401,'04',1,'ALMERIA','Almería',1),(1325,'O',418,'33',18,'ASTURIAS','Asturias',1),(1326,'AV',403,'05',3,'AVILA','Ávila',1),(1327,'BA',412,'06',12,'BADAJOZ','Badajoz',1),(1328,'B',406,'08',6,'BARCELONA','Barcelona',1),(1329,'BU',403,'09',8,'BURGOS','Burgos',1),(1330,'CC',412,'10',12,'CACERES','Cáceres',1),(1331,'CA',401,'11',1,'CADIZ','Cádiz',1),(1332,'S',410,'39',10,'CANTABRIA','Cantabria',1),(1333,'CS',411,'12',11,'CASTELLON','Castellón',1),(1334,'CE',407,'51',7,'CEUTA','Ceuta',1),(1335,'CR',404,'13',4,'CIUDAD REAL','Ciudad Real',1),(1336,'CO',401,'14',1,'CORDOBA','Córdoba',1),(1337,'CU',404,'16',4,'CUENCA','Cuenca',1),(1338,'GI',406,'17',6,'GERONA','Gerona',1),(1339,'GR',401,'18',1,'GRANADA','Granada',1),(1340,'GU',404,'19',4,'GUADALAJARA','Guadalajara',1),(1341,'SS',419,'20',19,'GUIPUZCOA','Guipúzcoa',1),(1342,'H',401,'21',1,'HUELVA','Huelva',1),(1343,'HU',402,'22',2,'HUESCA','Huesca',1),(1344,'PM',414,'07',14,'ISLAS BALEARES','Islas Baleares',1),(1345,'J',401,'23',1,'JAEN','Jaén',1),(1346,'C',413,'15',13,'LA CORUÑA','La Coruña',1),(1347,'LO',415,'26',15,'LA RIOJA','La Rioja',1),(1348,'GC',405,'35',5,'LAS PALMAS','Las Palmas',1),(1349,'LE',403,'24',3,'LEON','León',1),(1350,'L',406,'25',6,'LERIDA','Lérida',1),(1351,'LU',413,'27',13,'LUGO','Lugo',1),(1352,'M',416,'28',16,'MADRID','Madrid',1),(1353,'MA',401,'29',1,'MALAGA','Málaga',1),(1354,'ML',409,'52',9,'MELILLA','Melilla',1),(1355,'MU',417,'30',17,'MURCIA','Murcia',1),(1356,'NA',408,'31',8,'NAVARRA','Navarra',1),(1357,'OR',413,'32',13,'ORENSE','Orense',1),(1358,'P',403,'34',3,'PALENCIA','Palencia',1),(1359,'PO',413,'36',13,'PONTEVEDRA','Pontevedra',1),(1360,'SA',403,'37',3,'SALAMANCA','Salamanca',1),(1361,'TF',405,'38',5,'STA. CRUZ DE TENERIFE','Santa Cruz de Tenerife',1),(1362,'SG',403,'40',3,'SEGOVIA','Segovia',1),(1363,'SE',401,'41',1,'SEVILLA','Sevilla',1),(1364,'SO',403,'42',3,'SORIA','Soria',1),(1365,'T',406,'43',6,'TARRAGONA','Tarragona',1),(1366,'TE',402,'44',2,'TERUEL','Teruel',1),(1367,'TO',404,'45',5,'TOLEDO','Toledo',1),(1368,'V',411,'46',11,'VALENCIA','Valencia',1),(1369,'VA',403,'47',3,'VALLADOLID','Valladolid',1),(1370,'BI',419,'48',19,'VIZCAYA','Vizcaya',1),(1371,'ZA',403,'49',3,'ZAMORA','Zamora',1),(1372,'Z',402,'50',1,'ZARAGOZA','Zaragoza',1),(1373,'701',701,NULL,0,NULL,'Bedfordshire',1),(1374,'702',701,NULL,0,NULL,'Berkshire',1),(1375,'703',701,NULL,0,NULL,'Bristol, City of',1),(1376,'704',701,NULL,0,NULL,'Buckinghamshire',1),(1377,'705',701,NULL,0,NULL,'Cambridgeshire',1),(1378,'706',701,NULL,0,NULL,'Cheshire',1),(1379,'707',701,NULL,0,NULL,'Cleveland',1),(1380,'708',701,NULL,0,NULL,'Cornwall',1),(1381,'709',701,NULL,0,NULL,'Cumberland',1),(1382,'710',701,NULL,0,NULL,'Cumbria',1),(1383,'711',701,NULL,0,NULL,'Derbyshire',1),(1384,'712',701,NULL,0,NULL,'Devon',1),(1385,'713',701,NULL,0,NULL,'Dorset',1),(1386,'714',701,NULL,0,NULL,'Co. Durham',1),(1387,'715',701,NULL,0,NULL,'East Riding of Yorkshire',1),(1388,'716',701,NULL,0,NULL,'East Sussex',1),(1389,'717',701,NULL,0,NULL,'Essex',1),(1390,'718',701,NULL,0,NULL,'Gloucestershire',1),(1391,'719',701,NULL,0,NULL,'Greater Manchester',1),(1392,'720',701,NULL,0,NULL,'Hampshire',1),(1393,'721',701,NULL,0,NULL,'Hertfordshire',1),(1394,'722',701,NULL,0,NULL,'Hereford and Worcester',1),(1395,'723',701,NULL,0,NULL,'Herefordshire',1),(1396,'724',701,NULL,0,NULL,'Huntingdonshire',1),(1397,'725',701,NULL,0,NULL,'Isle of Man',1),(1398,'726',701,NULL,0,NULL,'Isle of Wight',1),(1399,'727',701,NULL,0,NULL,'Jersey',1),(1400,'728',701,NULL,0,NULL,'Kent',1),(1401,'729',701,NULL,0,NULL,'Lancashire',1),(1402,'730',701,NULL,0,NULL,'Leicestershire',1),(1403,'731',701,NULL,0,NULL,'Lincolnshire',1),(1404,'732',701,NULL,0,NULL,'London - City of London',1),(1405,'733',701,NULL,0,NULL,'Merseyside',1),(1406,'734',701,NULL,0,NULL,'Middlesex',1),(1407,'735',701,NULL,0,NULL,'Norfolk',1),(1408,'736',701,NULL,0,NULL,'North Yorkshire',1),(1409,'737',701,NULL,0,NULL,'North Riding of Yorkshire',1),(1410,'738',701,NULL,0,NULL,'Northamptonshire',1),(1411,'739',701,NULL,0,NULL,'Northumberland',1),(1412,'740',701,NULL,0,NULL,'Nottinghamshire',1),(1413,'741',701,NULL,0,NULL,'Oxfordshire',1),(1414,'742',701,NULL,0,NULL,'Rutland',1),(1415,'743',701,NULL,0,NULL,'Shropshire',1),(1416,'744',701,NULL,0,NULL,'Somerset',1),(1417,'745',701,NULL,0,NULL,'Staffordshire',1),(1418,'746',701,NULL,0,NULL,'Suffolk',1),(1419,'747',701,NULL,0,NULL,'Surrey',1),(1420,'748',701,NULL,0,NULL,'Sussex',1),(1421,'749',701,NULL,0,NULL,'Tyne and Wear',1),(1422,'750',701,NULL,0,NULL,'Warwickshire',1),(1423,'751',701,NULL,0,NULL,'West Midlands',1),(1424,'752',701,NULL,0,NULL,'West Sussex',1),(1425,'753',701,NULL,0,NULL,'West Yorkshire',1),(1426,'754',701,NULL,0,NULL,'West Riding of Yorkshire',1),(1427,'755',701,NULL,0,NULL,'Wiltshire',1),(1428,'756',701,NULL,0,NULL,'Worcestershire',1),(1429,'757',701,NULL,0,NULL,'Yorkshire',1),(1430,'758',702,NULL,0,NULL,'Anglesey',1),(1431,'759',702,NULL,0,NULL,'Breconshire',1),(1432,'760',702,NULL,0,NULL,'Caernarvonshire',1),(1433,'761',702,NULL,0,NULL,'Cardiganshire',1),(1434,'762',702,NULL,0,NULL,'Carmarthenshire',1),(1435,'763',702,NULL,0,NULL,'Ceredigion',1),(1436,'764',702,NULL,0,NULL,'Denbighshire',1),(1437,'765',702,NULL,0,NULL,'Flintshire',1),(1438,'766',702,NULL,0,NULL,'Glamorgan',1),(1439,'767',702,NULL,0,NULL,'Gwent',1),(1440,'768',702,NULL,0,NULL,'Gwynedd',1),(1441,'769',702,NULL,0,NULL,'Merionethshire',1),(1442,'770',702,NULL,0,NULL,'Monmouthshire',1),(1443,'771',702,NULL,0,NULL,'Mid Glamorgan',1),(1444,'772',702,NULL,0,NULL,'Montgomeryshire',1),(1445,'773',702,NULL,0,NULL,'Pembrokeshire',1),(1446,'774',702,NULL,0,NULL,'Powys',1),(1447,'775',702,NULL,0,NULL,'Radnorshire',1),(1448,'776',702,NULL,0,NULL,'South Glamorgan',1),(1449,'777',703,NULL,0,NULL,'Aberdeen, City of',1),(1450,'778',703,NULL,0,NULL,'Angus',1),(1451,'779',703,NULL,0,NULL,'Argyll',1),(1452,'780',703,NULL,0,NULL,'Ayrshire',1),(1453,'781',703,NULL,0,NULL,'Banffshire',1),(1454,'782',703,NULL,0,NULL,'Berwickshire',1),(1455,'783',703,NULL,0,NULL,'Bute',1),(1456,'784',703,NULL,0,NULL,'Caithness',1),(1457,'785',703,NULL,0,NULL,'Clackmannanshire',1),(1458,'786',703,NULL,0,NULL,'Dumfriesshire',1),(1459,'787',703,NULL,0,NULL,'Dumbartonshire',1),(1460,'788',703,NULL,0,NULL,'Dundee, City of',1),(1461,'789',703,NULL,0,NULL,'East Lothian',1),(1462,'790',703,NULL,0,NULL,'Fife',1),(1463,'791',703,NULL,0,NULL,'Inverness',1),(1464,'792',703,NULL,0,NULL,'Kincardineshire',1),(1465,'793',703,NULL,0,NULL,'Kinross-shire',1),(1466,'794',703,NULL,0,NULL,'Kirkcudbrightshire',1),(1467,'795',703,NULL,0,NULL,'Lanarkshire',1),(1468,'796',703,NULL,0,NULL,'Midlothian',1),(1469,'797',703,NULL,0,NULL,'Morayshire',1),(1470,'798',703,NULL,0,NULL,'Nairnshire',1),(1471,'799',703,NULL,0,NULL,'Orkney',1),(1472,'800',703,NULL,0,NULL,'Peebleshire',1),(1473,'801',703,NULL,0,NULL,'Perthshire',1),(1474,'802',703,NULL,0,NULL,'Renfrewshire',1),(1475,'803',703,NULL,0,NULL,'Ross & Cromarty',1),(1476,'804',703,NULL,0,NULL,'Roxburghshire',1),(1477,'805',703,NULL,0,NULL,'Selkirkshire',1),(1478,'806',703,NULL,0,NULL,'Shetland',1),(1479,'807',703,NULL,0,NULL,'Stirlingshire',1),(1480,'808',703,NULL,0,NULL,'Sutherland',1),(1481,'809',703,NULL,0,NULL,'West Lothian',1),(1482,'810',703,NULL,0,NULL,'Wigtownshire',1),(1483,'811',704,NULL,0,NULL,'Antrim',1),(1484,'812',704,NULL,0,NULL,'Armagh',1),(1485,'813',704,NULL,0,NULL,'Co. Down',1),(1486,'814',704,NULL,0,NULL,'Co. Fermanagh',1),(1487,'815',704,NULL,0,NULL,'Co. Londonderry',1),(1488,'AN',11701,NULL,0,'AN','Andaman & Nicobar',1),(1489,'AP',11701,NULL,0,'AP','Andhra Pradesh',1),(1490,'AR',11701,NULL,0,'AR','Arunachal Pradesh',1),(1491,'AS',11701,NULL,0,'AS','Assam',1),(1492,'BR',11701,NULL,0,'BR','Bihar',1),(1493,'CG',11701,NULL,0,'CG','Chattisgarh',1),(1494,'CH',11701,NULL,0,'CH','Chandigarh',1),(1495,'DD',11701,NULL,0,'DD','Daman & Diu',1),(1496,'DL',11701,NULL,0,'DL','Delhi',1),(1497,'DN',11701,NULL,0,'DN','Dadra and Nagar Haveli',1),(1498,'GA',11701,NULL,0,'GA','Goa',1),(1499,'GJ',11701,NULL,0,'GJ','Gujarat',1),(1500,'HP',11701,NULL,0,'HP','Himachal Pradesh',1),(1501,'HR',11701,NULL,0,'HR','Haryana',1),(1502,'JH',11701,NULL,0,'JH','Jharkhand',1),(1503,'JK',11701,NULL,0,'JK','Jammu & Kashmir',1),(1504,'KA',11701,NULL,0,'KA','Karnataka',1),(1505,'KL',11701,NULL,0,'KL','Kerala',1),(1506,'LD',11701,NULL,0,'LD','Lakshadweep',1),(1507,'MH',11701,NULL,0,'MH','Maharashtra',1),(1508,'ML',11701,NULL,0,'ML','Meghalaya',1),(1509,'MN',11701,NULL,0,'MN','Manipur',1),(1510,'MP',11701,NULL,0,'MP','Madhya Pradesh',1),(1511,'MZ',11701,NULL,0,'MZ','Mizoram',1),(1512,'NL',11701,NULL,0,'NL','Nagaland',1),(1513,'OR',11701,NULL,0,'OR','Orissa',1),(1514,'PB',11701,NULL,0,'PB','Punjab',1),(1515,'PY',11701,NULL,0,'PY','Puducherry',1),(1516,'RJ',11701,NULL,0,'RJ','Rajasthan',1),(1517,'SK',11701,NULL,0,'SK','Sikkim',1),(1518,'TE',11701,NULL,0,'TE','Telangana',1),(1519,'TN',11701,NULL,0,'TN','Tamil Nadu',1),(1520,'TR',11701,NULL,0,'TR','Tripura',1),(1521,'UL',11701,NULL,0,'UL','Uttarakhand',1),(1522,'UP',11701,NULL,0,'UP','Uttar Pradesh',1),(1523,'WB',11701,NULL,0,'WB','West Bengal',1),(1524,'BA',11801,NULL,0,'BA','Bali',1),(1525,'BB',11801,NULL,0,'BB','Bangka Belitung',1),(1526,'BT',11801,NULL,0,'BT','Banten',1),(1527,'BE',11801,NULL,0,'BA','Bengkulu',1),(1528,'YO',11801,NULL,0,'YO','DI Yogyakarta',1),(1529,'JK',11801,NULL,0,'JK','DKI Jakarta',1),(1530,'GO',11801,NULL,0,'GO','Gorontalo',1),(1531,'JA',11801,NULL,0,'JA','Jambi',1),(1532,'JB',11801,NULL,0,'JB','Jawa Barat',1),(1533,'JT',11801,NULL,0,'JT','Jawa Tengah',1),(1534,'JI',11801,NULL,0,'JI','Jawa Timur',1),(1535,'KB',11801,NULL,0,'KB','Kalimantan Barat',1),(1536,'KS',11801,NULL,0,'KS','Kalimantan Selatan',1),(1537,'KT',11801,NULL,0,'KT','Kalimantan Tengah',1),(1538,'KI',11801,NULL,0,'KI','Kalimantan Timur',1),(1539,'KU',11801,NULL,0,'KU','Kalimantan Utara',1),(1540,'KR',11801,NULL,0,'KR','Kepulauan Riau',1),(1541,'LA',11801,NULL,0,'LA','Lampung',1),(1542,'MA',11801,NULL,0,'MA','Maluku',1),(1543,'MU',11801,NULL,0,'MU','Maluku Utara',1),(1544,'AC',11801,NULL,0,'AC','Nanggroe Aceh Darussalam',1),(1545,'NB',11801,NULL,0,'NB','Nusa Tenggara Barat',1),(1546,'NT',11801,NULL,0,'NT','Nusa Tenggara Timur',1),(1547,'PA',11801,NULL,0,'PA','Papua',1),(1548,'PB',11801,NULL,0,'PB','Papua Barat',1),(1549,'RI',11801,NULL,0,'RI','Riau',1),(1550,'SR',11801,NULL,0,'SR','Sulawesi Barat',1),(1551,'SN',11801,NULL,0,'SN','Sulawesi Selatan',1),(1552,'ST',11801,NULL,0,'ST','Sulawesi Tengah',1),(1553,'SG',11801,NULL,0,'SG','Sulawesi Tenggara',1),(1554,'SA',11801,NULL,0,'SA','Sulawesi Utara',1),(1555,'SB',11801,NULL,0,'SB','Sumatera Barat',1),(1556,'SS',11801,NULL,0,'SS','Sumatera Selatan',1),(1557,'SU',11801,NULL,0,'SU','Sumatera Utara	',1),(1558,'CMX',15401,'',0,'CMX','Ciudad de México',1),(1559,'AGS',15401,'',0,'AGS','Aguascalientes',1),(1560,'BCN',15401,'',0,'BCN','Baja California Norte',1),(1561,'BCS',15401,'',0,'BCS','Baja California Sur',1),(1562,'CAM',15401,'',0,'CAM','Campeche',1),(1563,'CHP',15401,'',0,'CHP','Chiapas',1),(1564,'CHI',15401,'',0,'CHI','Chihuahua',1),(1565,'COA',15401,'',0,'COA','Coahuila',1),(1566,'COL',15401,'',0,'COL','Colima',1),(1567,'DUR',15401,'',0,'DUR','Durango',1),(1568,'GTO',15401,'',0,'GTO','Guanajuato',1),(1569,'GRO',15401,'',0,'GRO','Guerrero',1),(1570,'HGO',15401,'',0,'HGO','Hidalgo',1),(1571,'JAL',15401,'',0,'JAL','Jalisco',1),(1572,'MEX',15401,'',0,'MEX','México',1),(1573,'MIC',15401,'',0,'MIC','Michoacán de Ocampo',1),(1574,'MOR',15401,'',0,'MOR','Morelos',1),(1575,'NAY',15401,'',0,'NAY','Nayarit',1),(1576,'NLE',15401,'',0,'NLE','Nuevo León',1),(1577,'OAX',15401,'',0,'OAX','Oaxaca',1),(1578,'PUE',15401,'',0,'PUE','Puebla',1),(1579,'QRO',15401,'',0,'QRO','Querétaro',1),(1580,'ROO',15401,'',0,'ROO','Quintana Roo',1),(1581,'SLP',15401,'',0,'SLP','San Luis Potosí',1),(1582,'SIN',15401,'',0,'SIN','Sinaloa',1),(1583,'SON',15401,'',0,'SON','Sonora',1),(1584,'TAB',15401,'',0,'TAB','Tabasco',1),(1585,'TAM',15401,'',0,'TAM','Tamaulipas',1),(1586,'TLX',15401,'',0,'TLX','Tlaxcala',1),(1587,'VER',15401,'',0,'VER','Veracruz',1),(1588,'YUC',15401,'',0,'YUC','Yucatán',1),(1589,'ZAC',15401,'',0,'ZAC','Zacatecas',1),(1590,'VE-L',23201,'',0,'VE-L','Mérida',1),(1591,'VE-T',23201,'',0,'VE-T','Trujillo',1),(1592,'VE-E',23201,'',0,'VE-E','Barinas',1),(1593,'VE-M',23202,'',0,'VE-M','Miranda',1),(1594,'VE-W',23202,'',0,'VE-W','Vargas',1),(1595,'VE-A',23202,'',0,'VE-A','Distrito Capital',1),(1596,'VE-D',23203,'',0,'VE-D','Aragua',1),(1597,'VE-G',23203,'',0,'VE-G','Carabobo',1),(1598,'VE-I',23204,'',0,'VE-I','Falcón',1),(1599,'VE-K',23204,'',0,'VE-K','Lara',1),(1600,'VE-U',23204,'',0,'VE-U','Yaracuy',1),(1601,'VE-F',23205,'',0,'VE-F','Bolívar',1),(1602,'VE-X',23205,'',0,'VE-X','Amazonas',1),(1603,'VE-Y',23205,'',0,'VE-Y','Delta Amacuro',1),(1604,'VE-O',23206,'',0,'VE-O','Nueva Esparta',1),(1605,'VE-Z',23206,'',0,'VE-Z','Dependencias Federales',1),(1606,'VE-C',23207,'',0,'VE-C','Apure',1),(1607,'VE-J',23207,'',0,'VE-J','Guárico',1),(1608,'VE-H',23207,'',0,'VE-H','Cojedes',1),(1609,'VE-P',23207,'',0,'VE-P','Portuguesa',1),(1610,'VE-B',23208,'',0,'VE-B','Anzoátegui',1),(1611,'VE-N',23208,'',0,'VE-N','Monagas',1),(1612,'VE-R',23208,'',0,'VE-R','Sucre',1),(1613,'VE-V',23209,'',0,'VE-V','Zulia',1),(1614,'VE-S',23209,'',0,'VE-S','Táchira',1),(1615,'BI0001',6101,'',0,'','Bubanza',1),(1616,'BI0002',6101,'',0,'','Gihanga',1),(1617,'BI0003',6101,'',0,'','Musigati',1),(1618,'BI0004',6101,'',0,'','Mpanda',1),(1619,'BI0005',6101,'',0,'','Rugazi',1),(1620,'BI0006',6102,'',0,'','Muha',1),(1621,'BI0007',6102,'',0,'','Mukaza',1),(1622,'BI0008',6102,'',0,'','Ntahangwa',1),(1623,'BI0009',6103,'',0,'','Isale',1),(1624,'BI0010',6103,'',0,'','Kabezi',1),(1625,'BI0011',6103,'',0,'','Kanyosha',1),(1626,'BI0012',6103,'',0,'','Mubimbi',1),(1627,'BI0013',6103,'',0,'','Mugongomanga',1),(1628,'BI0014',6103,'',0,'','Mukike',1),(1629,'BI0015',6103,'',0,'','Mutambu',1),(1630,'BI0016',6103,'',0,'','Mutimbuzi',1),(1631,'BI0017',6103,'',0,'','Nyabiraba',1),(1632,'BI0018',6104,'',0,'','Bururi',1),(1633,'BI0019',6104,'',0,'','Matana',1),(1634,'BI0020',6104,'',0,'','Mugamba',1),(1635,'BI0021',6104,'',0,'','Rutovu',1),(1636,'BI0022',6104,'',0,'','Songa',1),(1637,'BI0023',6104,'',0,'','Vyanda',1),(1638,'BI0024',6105,'',0,'','Cankuzo',1),(1639,'BI0025',6105,'',0,'','Cendajuru',1),(1640,'BI0026',6105,'',0,'','Gisagara',1),(1641,'BI0027',6105,'',0,'','Kigamba',1),(1642,'BI0028',6105,'',0,'','Mishiha',1),(1643,'BI0029',6106,'',0,'','Buganda',1),(1644,'BI0030',6106,'',0,'','Bukinanyana',1),(1645,'BI0031',6106,'',0,'','Mabayi',1),(1646,'BI0032',6106,'',0,'','Mugina',1),(1647,'BI0033',6106,'',0,'','Murwi',1),(1648,'BI0034',6106,'',0,'','Rugombo',1),(1649,'BI0035',6107,'',0,'','Bugendana',1),(1650,'BI0036',6107,'',0,'','Bukirasazi',1),(1651,'BI0037',6107,'',0,'','Buraza',1),(1652,'BI0038',6107,'',0,'','Giheta',1),(1653,'BI0039',6107,'',0,'','Gishubi',1),(1654,'BI0040',6107,'',0,'','Gitega',1),(1655,'BI0041',6107,'',0,'','Itaba',1),(1656,'BI0042',6107,'',0,'','Makebuko',1),(1657,'BI0043',6107,'',0,'','Mutaho',1),(1658,'BI0044',6107,'',0,'','Nyanrusange',1),(1659,'BI0045',6107,'',0,'','Ryansoro',1),(1660,'BI0046',6108,'',0,'','Bugenyuzi',1),(1661,'BI0047',6108,'',0,'','Buhiga',1),(1662,'BI0048',6108,'',0,'','Gihogazi',1),(1663,'BI0049',6108,'',0,'','Gitaramuka',1),(1664,'BI0050',6108,'',0,'','Mutumba',1),(1665,'BI0051',6108,'',0,'','Nyabikere',1),(1666,'BI0052',6108,'',0,'','Shombo',1),(1667,'BI0053',6109,'',0,'','Butaganzwa',1),(1668,'BI0054',6109,'',0,'','Gahombo',1),(1669,'BI0055',6109,'',0,'','Gatara',1),(1670,'BI0056',6109,'',0,'','Kabarore',1),(1671,'BI0057',6109,'',0,'','Kayanza',1),(1672,'BI0058',6109,'',0,'','Matongo',1),(1673,'BI0059',6109,'',0,'','Muhanga',1),(1674,'BI0060',6109,'',0,'','Muruta',1),(1675,'BI0061',6109,'',0,'','Rango',1),(1676,'BI0062',6110,'',0,'','Bugabira',1),(1677,'BI0063',6110,'',0,'','Busoni',1),(1678,'BI0064',6110,'',0,'','Bwambarangwe',1),(1679,'BI0065',6110,'',0,'','Gitobe',1),(1680,'BI0066',6110,'',0,'','Kirundo',1),(1681,'BI0067',6110,'',0,'','Ntega',1),(1682,'BI0068',6110,'',0,'','Vumbi',1),(1683,'BI0069',6111,'',0,'','Kayogoro',1),(1684,'BI0070',6111,'',0,'','Kibago',1),(1685,'BI0071',6111,'',0,'','Mabanda',1),(1686,'BI0072',6111,'',0,'','Makamba',1),(1687,'BI0073',6111,'',0,'','Nyanza-Lac',1),(1688,'BI0074',6111,'',0,'','Vugizo',1),(1689,'BI0075',6112,'',0,'','Bukeye',1),(1690,'BI0076',6112,'',0,'','Kiganda',1),(1691,'BI0077',6112,'',0,'','Mbuye',1),(1692,'BI0078',6112,'',0,'','Muramvya',1),(1693,'BI0079',6112,'',0,'','Rutegama',1),(1694,'BI0080',6113,'',0,'','Buhinyuza',1),(1695,'BI0081',6113,'',0,'','Butihinda',1),(1696,'BI0082',6113,'',0,'','Gashoho',1),(1697,'BI0083',6113,'',0,'','Gasorwe',1),(1698,'BI0084',6113,'',0,'','Giteranyi',1),(1699,'BI0085',6113,'',0,'','Muyinga',1),(1700,'BI0086',6113,'',0,'','Mwakiro',1),(1701,'BI0087',6114,'',0,'','Bisoro',1),(1702,'BI0088',6114,'',0,'','Gisozi',1),(1703,'BI0089',6114,'',0,'','Kayokwe',1),(1704,'BI0090',6114,'',0,'','Ndava',1),(1705,'BI0091',6114,'',0,'','Nyabihanga',1),(1706,'BI0092',6114,'',0,'','Rusaka',1),(1707,'BI0093',6115,'',0,'','Busiga',1),(1708,'BI0094',6115,'',0,'','Gashikanwa',1),(1709,'BI0095',6115,'',0,'','Kiremba',1),(1710,'BI0096',6115,'',0,'','Marangara',1),(1711,'BI0097',6115,'',0,'','Mwumba',1),(1712,'BI0098',6115,'',0,'','Ngozi',1),(1713,'BI0099',6115,'',0,'','Nyamurenza',1),(1714,'BI0100',6115,'',0,'','Ruhororo',1),(1715,'BI0101',6115,'',0,'','Tangara',1),(1716,'BI0102',6116,'',0,'','Bugarama',1),(1717,'BI0103',6116,'',0,'','Burambi',1),(1718,'BI0104',6116,'',0,'','Buyengero',1),(1719,'BI0105',6116,'',0,'','Muhuta',1),(1720,'BI0106',6116,'',0,'','Rumonge',1),(1721,'BI0107',6117,'',0,'','Bukemba',1),(1722,'BI0108',6117,'',0,'','Giharo',1),(1723,'BI0109',6117,'',0,'','Gitanga',1),(1724,'BI0110',6117,'',0,'','Mpinga-Kayove',1),(1725,'BI0111',6117,'',0,'','Musongati',1),(1726,'BI0112',6117,'',0,'','Rutana',1),(1727,'BI0113',6118,'',0,'','Butaganzwa',1),(1728,'BI0114',6118,'',0,'','Butezi',1),(1729,'BI0115',6118,'',0,'','Bweru',1),(1730,'BI0116',6118,'',0,'','Gisuru',1),(1731,'BI0117',6118,'',0,'','Kinyinya',1),(1732,'BI0118',6118,'',0,'','Nyabitsinda',1),(1733,'BI0119',6118,'',0,'','Ruyigi',1),(1734,'AE-1',22701,'',0,'','Abu Dhabi',1),(1735,'AE-2',22701,'',0,'','Dubai',1),(1736,'AE-3',22701,'',0,'','Ajman',1),(1737,'AE-4',22701,'',0,'','Fujairah',1),(1738,'AE-5',22701,'',0,'','Ras al-Khaimah',1),(1739,'AE-6',22701,'',0,'','Sharjah',1),(1740,'AE-7',22701,'',0,'','Umm al-Quwain',1),(1741,'TR-01',22104,NULL,NULL,NULL,'Adana',1),(1742,'TR-02',22107,NULL,NULL,NULL,'Adıyaman',1),(1743,'TR-03',22103,NULL,NULL,NULL,'Afyon',1),(1744,'TR-04',22107,NULL,NULL,NULL,'Ağrı',1),(1745,'TR-05',22106,NULL,NULL,NULL,'Amasya',1),(1746,'TR-06',22102,NULL,NULL,NULL,'Ankara',1),(1747,'TR-07',22104,NULL,NULL,NULL,'Antalya',1),(1748,'TR-08',22106,NULL,NULL,NULL,'Artvin',1),(1749,'TR-09',22103,NULL,NULL,NULL,'Aydın',1),(1750,'TR-10',22101,NULL,NULL,NULL,'Balıkesir',1),(1751,'TR-11',22101,NULL,NULL,NULL,'Bilecik',1),(1752,'TR-12',22107,NULL,NULL,NULL,'Bingöl',1),(1753,'TR-13',22107,NULL,NULL,NULL,'Bitlis',1),(1754,'TR-14',22106,NULL,NULL,NULL,'Bolu',1),(1755,'TR-15',22104,NULL,NULL,NULL,'Burdur',1),(1756,'TR-16',22101,NULL,NULL,NULL,'Bursa',1),(1757,'TR-17',22101,NULL,NULL,NULL,'Çanakkale',1),(1758,'TR-18',22102,NULL,NULL,NULL,'Çankırı',1),(1759,'TR-19',22106,NULL,NULL,NULL,'Çorum',1),(1760,'TR-20',22104,NULL,NULL,NULL,'Denizli',1),(1761,'TR-21',22105,NULL,NULL,NULL,'Diyarbakır',1),(1762,'TR-22',22101,NULL,NULL,NULL,'Edirne',1),(1763,'TR-23',22107,NULL,NULL,NULL,'Elazığ',1),(1764,'TR-24',22107,NULL,NULL,NULL,'Erzincan',1),(1765,'TR-25',22107,NULL,NULL,NULL,'Erzurum',1),(1766,'TR-26',22102,NULL,NULL,NULL,'Eskişehir',1),(1767,'TR-27',22105,NULL,NULL,NULL,'Gaziantep',1),(1768,'TR-28',22106,NULL,NULL,NULL,'Giresun',1),(1769,'TR-29',22106,NULL,NULL,NULL,'Gümüşhane',1),(1770,'TR-30',22107,NULL,NULL,NULL,'Hakkari',1),(1771,'TR-31',22104,NULL,NULL,NULL,'Hatay',1),(1772,'TR-32',22104,NULL,NULL,NULL,'Isparta',1),(1773,'TR-33',22104,NULL,NULL,NULL,'İçel',1),(1774,'TR-34',22101,NULL,NULL,NULL,'İstanbul',1),(1775,'TR-35',22103,NULL,NULL,NULL,'İzmir',1),(1776,'TR-36',22107,NULL,NULL,NULL,'Kars',1),(1777,'TR-37',22106,NULL,NULL,NULL,'Kastamonu',1),(1778,'TR-38',22102,NULL,NULL,NULL,'Kayseri',1),(1779,'TR-39',22101,NULL,NULL,NULL,'Kırklareli',1),(1780,'TR-40',22102,NULL,NULL,NULL,'Kırşehir',1),(1781,'TR-41',22101,NULL,NULL,NULL,'Kocaeli',1),(1782,'TR-42',22102,NULL,NULL,NULL,'Konya',1),(1783,'TR-43',22103,NULL,NULL,NULL,'Kütahya',1),(1784,'TR-44',22107,NULL,NULL,NULL,'Malatya',1),(1785,'TR-45',22103,NULL,NULL,NULL,'Manisa',1),(1786,'TR-46',22104,NULL,NULL,NULL,'Kahramanmaraş',1),(1787,'TR-47',22105,NULL,NULL,NULL,'Mardin',1),(1788,'TR-48',22103,NULL,NULL,NULL,'Muğla',1),(1789,'TR-49',22107,NULL,NULL,NULL,'Muş',1),(1790,'TR-50',22102,NULL,NULL,NULL,'Nevşehir',1),(1791,'TR-51',22102,NULL,NULL,NULL,'Niğde',1),(1792,'TR-52',22106,NULL,NULL,NULL,'Ordu',1),(1793,'TR-53',22106,NULL,NULL,NULL,'Rize',1),(1794,'TR-54',22101,NULL,NULL,NULL,'Sakarya',1),(1795,'TR-55',22106,NULL,NULL,NULL,'Samsun',1),(1796,'TR-56',22105,NULL,NULL,NULL,'Siirt',1),(1797,'TR-57',22106,NULL,NULL,NULL,'Sinop',1),(1798,'TR-58',22102,NULL,NULL,NULL,'Sivas',1),(1799,'TR-59',22101,NULL,NULL,NULL,'Tekirdağ',1),(1800,'TR-60',22106,NULL,NULL,NULL,'Tokat',1),(1801,'TR-61',22106,NULL,NULL,NULL,'Trabzon',1),(1802,'TR-62',22107,NULL,NULL,NULL,'Tunceli',1),(1803,'TR-63',22105,NULL,NULL,NULL,'Şanlıurfa',1),(1804,'TR-63',22103,NULL,NULL,NULL,'Uşak',1),(1805,'TR-65',22107,NULL,NULL,NULL,'Van',1),(1806,'TR-66',22102,NULL,NULL,NULL,'Yozgat',1),(1807,'TR-67',22106,NULL,NULL,NULL,'Zonguldak',1),(1808,'TR-68',22102,NULL,NULL,NULL,'Aksaray',1),(1809,'TR-69',22106,NULL,NULL,NULL,'Bayburt',1),(1810,'TR-70',22102,NULL,NULL,NULL,'Karaman',1),(1811,'TR-71',22102,NULL,NULL,NULL,'Kırıkkale',1),(1812,'TR-72',22105,NULL,NULL,NULL,'Batman',1),(1813,'TR-73',22105,NULL,NULL,NULL,'Şırnak',1),(1814,'TR-74',22106,NULL,NULL,NULL,'Bartın',1),(1815,'TR-75',22107,NULL,NULL,NULL,'Ardahan',1),(1816,'TR-76',22107,NULL,NULL,NULL,'Iğdır',1),(1817,'TR-77',22101,NULL,NULL,NULL,'Yalova',1),(1818,'TR-78',22106,NULL,NULL,NULL,'Karabük',1),(1819,'TR-79',22105,NULL,NULL,NULL,'Kilis',1),(1820,'TR-80',22104,NULL,NULL,NULL,'Osmaniye',1),(1821,'TR-81',22106,NULL,NULL,NULL,'Düzce',1),(1822,'CU-PRI',7701,NULL,NULL,NULL,'Pinar del Rio',1),(1823,'CU-ART',7701,NULL,NULL,NULL,'Artemisa',1),(1824,'CU-HAB',7701,NULL,NULL,NULL,'La Habana',1),(1825,'CU-MYB',7701,NULL,NULL,NULL,'Mayabeque',1),(1826,'CU-MTZ',7701,NULL,NULL,NULL,'Matanzas',1),(1827,'CU-IJV',7701,NULL,NULL,NULL,'Isla de la Juventud',1),(1828,'CU-VLC',7702,NULL,NULL,NULL,'Villa Calra',1),(1829,'CU-CFG',7702,NULL,NULL,NULL,'Cienfuegos',1),(1830,'CU-SSP',7702,NULL,NULL,NULL,'Sancti Spiritus',1),(1831,'CU-CAV',7702,NULL,NULL,NULL,'Ciego de Avila',1),(1832,'CU-CMG',7702,NULL,NULL,NULL,'Camagüey',1),(1833,'CU-LTU',7703,NULL,NULL,NULL,'Las Tunas',1),(1834,'CU-GRM',7703,NULL,NULL,NULL,'Granma',1),(1835,'CU-SCU',7703,NULL,NULL,NULL,'Santiago de Cuba',1),(1836,'CU-GTM',7703,NULL,NULL,NULL,'Guantanamo',1),(1837,'CU-HLG',7703,NULL,NULL,NULL,'Holguin',1);

--
-- Table structure for table `llx_c_ecotaxe`
--

CREATE TABLE `llx_c_ecotaxe` (
  `rowid` int(11) NOT NULL AUTO_INCREMENT,
  `code` varchar(64) NOT NULL,
  `label` varchar(255) DEFAULT NULL,
  `price` double(24,8) DEFAULT NULL,
  `organization` varchar(255) DEFAULT NULL,
  `fk_pays` int(11) NOT NULL,
  `active` tinyint(4) NOT NULL DEFAULT 1,
  PRIMARY KEY (`rowid`),
  UNIQUE KEY `uk_c_ecotaxe` (`code`)
) ENGINE=InnoDB AUTO_INCREMENT=20 DEFAULT CHARSET=utf8mb4 COLLATE=utf8mb4_general_ci;

--
-- Dumping data for table `llx_c_ecotaxe`
--

INSERT INTO `llx_c_ecotaxe` VALUES (1,'25040','PETIT APPAREILS MENAGERS',0.25000000,'Eco-systèmes',1,1),(2,'25050','TRES PETIT APPAREILS MENAGERS',0.08000000,'Eco-systèmes',1,1),(3,'32070','ECRAN POIDS < 5 KG',2.08000000,'Eco-systèmes',1,1),(4,'32080','ECRAN POIDS > 5 KG',1.25000000,'Eco-systèmes',1,1),(5,'32051','ORDINATEUR PORTABLE',0.42000000,'Eco-systèmes',1,1),(6,'32061','TABLETTE INFORMATIQUE',0.84000000,'Eco-systèmes',1,1),(7,'36011','ORDINATEUR FIXE (UC)',1.15000000,'Eco-systèmes',1,1),(8,'36021','IMPRIMANTES',0.83000000,'Eco-systèmes',1,1),(9,'36030','IT (INFORMATIQUE ET TELECOMS)',0.83000000,'Eco-systèmes',1,1),(10,'36040','PETIT IT (CLAVIERS / SOURIS)',0.08000000,'Eco-systèmes',1,1),(11,'36050','TELEPHONIE MOBILE',0.02000000,'Eco-systèmes',1,1),(12,'36060','CONNECTIQUE CABLES',0.02000000,'Eco-systèmes',1,1),(13,'45010','GROS MATERIEL GRAND PUBLIC (TELEAGRANDISSEURS)',1.67000000,'Eco-systèmes',1,1),(14,'45020','MOYEN MATERIEL GRAND PUBLIC (LOUPES ELECTRONIQUES)',0.42000000,'Eco-systèmes',1,1),(15,'45030','PETIT MATERIEL GRAND PUBLIC (VIE QUOTIDIENNE)',0.08000000,'Eco-systèmes',1,1),(16,'75030','JOUETS < 0,5 KG',0.08000000,'Eco-systèmes',1,1),(17,'75040','JOUETS ENTRE 0,5 KG ET 10 KG',0.17000000,'Eco-systèmes',1,1),(18,'74050','JOUETS > 10 KG',1.67000000,'Eco-systèmes',1,1),(19,'85010','EQUIPEMENT MEDICAL < 0,5 KG',0.08000000,'Eco-systèmes',1,1);

--
-- Table structure for table `llx_c_effectif`
--

CREATE TABLE `llx_c_effectif` (
  `id` int(11) NOT NULL,
  `code` varchar(12) NOT NULL,
  `libelle` varchar(128) DEFAULT NULL,
  `active` tinyint(4) NOT NULL DEFAULT 1,
  `module` varchar(32) DEFAULT NULL,
  PRIMARY KEY (`id`),
  UNIQUE KEY `uk_c_effectif` (`code`)
) ENGINE=InnoDB DEFAULT CHARSET=utf8mb4 COLLATE=utf8mb4_general_ci;

--
-- Dumping data for table `llx_c_effectif`
--

INSERT INTO `llx_c_effectif` VALUES (0,'EF0','-',1,NULL),(1,'EF1-5','1 - 5',1,NULL),(2,'EF6-10','6 - 10',1,NULL),(3,'EF11-50','11 - 50',1,NULL),(4,'EF51-100','51 - 100',1,NULL),(5,'EF101-500','101 - 500',1,NULL),(6,'EF500-','> 500',1,NULL);

--
-- Table structure for table `llx_c_email_senderprofile`
--

CREATE TABLE `llx_c_email_senderprofile` (
  `rowid` int(11) NOT NULL AUTO_INCREMENT,
  `entity` int(11) NOT NULL DEFAULT 1,
  `private` smallint(6) NOT NULL DEFAULT 0,
  `date_creation` datetime DEFAULT NULL,
  `tms` timestamp NOT NULL DEFAULT current_timestamp() ON UPDATE current_timestamp(),
  `label` varchar(255) DEFAULT NULL,
  `email` varchar(255) NOT NULL,
  `signature` text DEFAULT NULL,
  `position` smallint(6) DEFAULT 0,
  `active` tinyint(4) NOT NULL DEFAULT 1,
  PRIMARY KEY (`rowid`),
  UNIQUE KEY `uk_c_email_senderprofile` (`entity`,`label`,`email`)
) ENGINE=InnoDB DEFAULT CHARSET=utf8mb4 COLLATE=utf8mb4_general_ci;

--
-- Dumping data for table `llx_c_email_senderprofile`
--


--
-- Table structure for table `llx_c_email_templates`
--

CREATE TABLE `llx_c_email_templates` (
  `rowid` int(11) NOT NULL AUTO_INCREMENT,
  `entity` int(11) NOT NULL DEFAULT 1,
  `module` varchar(32) DEFAULT NULL,
  `type_template` varchar(32) DEFAULT NULL,
  `lang` varchar(6) DEFAULT '',
  `private` smallint(6) NOT NULL DEFAULT 0,
  `fk_user` int(11) DEFAULT NULL,
  `datec` datetime DEFAULT NULL,
  `tms` timestamp NOT NULL DEFAULT current_timestamp() ON UPDATE current_timestamp(),
  `label` varchar(180) DEFAULT NULL,
  `position` smallint(6) DEFAULT NULL,
  `defaultfortype` smallint(6) DEFAULT 0,
  `enabled` varchar(255) DEFAULT '1',
  `active` tinyint(4) NOT NULL DEFAULT 1,
  `email_from` varchar(255) DEFAULT NULL,
  `email_to` varchar(255) DEFAULT NULL,
  `email_tocc` varchar(255) DEFAULT NULL,
  `email_tobcc` varchar(255) DEFAULT NULL,
  `topic` text DEFAULT NULL,
  `joinfiles` text DEFAULT NULL,
  `content` mediumtext DEFAULT NULL,
  `content_lines` text DEFAULT NULL,
  PRIMARY KEY (`rowid`),
  UNIQUE KEY `uk_c_email_templates` (`entity`,`label`,`lang`),
  KEY `idx_type` (`type_template`)
) ENGINE=InnoDB AUTO_INCREMENT=20 DEFAULT CHARSET=utf8mb4 COLLATE=utf8mb4_general_ci;

--
-- Dumping data for table `llx_c_email_templates`
--

INSERT INTO `llx_c_email_templates` VALUES (1,0,'banque','thirdparty','',0,NULL,NULL,'2025-06-20 05:36:30','(YourSEPAMandate)',1,0,'isModEnabled(\"societe\") && isModEnabled(\"banque\") && isModEnabled(\"prelevement\")',0,NULL,NULL,NULL,NULL,'__(YourSEPAMandate)__','0','__(Hello)__,<br><br>\n\n__(FindYourSEPAMandate)__ :<br>\n__MYCOMPANY_NAME__<br>\n__MYCOMPANY_FULLADDRESS__<br><br>\n__(Sincerely)__<br>\\__SENDEREMAIL_SIGNATURE__',NULL),(2,0,'adherent','member','',0,NULL,NULL,'2025-06-20 05:36:30','(SendingEmailOnAutoSubscription)',10,0,'isModEnabled(\"adherent\")',1,NULL,NULL,NULL,NULL,'[__[MAIN_INFO_SOCIETE_NOM]__] __(YourMembershipRequestWasReceived)__','0','__(Hello)__ __MEMBER_FULLNAME__,<br><br>\n\n__(ThisIsContentOfYourMembershipRequestWasReceived)__<br>\n<br>__ONLINE_PAYMENT_TEXT_AND_URL__<br>\n<br><br>\n__(Sincerely)__<br>__SENDEREMAIL_SIGNATURE__',NULL),(3,0,'adherent','member','',0,NULL,NULL,'2025-06-20 05:36:30','(SendingEmailOnMemberValidation)',20,0,'isModEnabled(\"adherent\")',1,NULL,NULL,NULL,NULL,'[__[MAIN_INFO_SOCIETE_NOM]__] __(YourMembershipWasValidated)__','0','__(Hello)__ __MEMBER_FULLNAME__,<br><br>\n\n__(ThisIsContentOfYourMembershipWasValidated)__<br>__(FirstName)__ : __MEMBER_FIRSTNAME__<br>__(LastName)__ : __MEMBER_LASTNAME__<br>__(ID)__ : __MEMBER_ID__<br>\n<br>__ONLINE_PAYMENT_TEXT_AND_URL__<br>\n<br><br>\n__(Sincerely)__<br>__SENDEREMAIL_SIGNATURE__',NULL),(4,0,'adherent','member','',0,NULL,NULL,'2025-06-20 05:36:30','(SendingEmailOnNewSubscription)',30,0,'isModEnabled(\"adherent\")',1,NULL,NULL,NULL,NULL,'[__[MAIN_INFO_SOCIETE_NOM]__] __(YourSubscriptionWasRecorded)__','1','__(Hello)__ __MEMBER_FULLNAME__,<br><br>\n\n__(ThisIsContentOfYourSubscriptionWasRecorded)__<br>\n\n<br><br>\n__(Sincerely)__<br>__SENDEREMAIL_SIGNATURE__',NULL),(5,0,'adherent','member','',0,NULL,NULL,'2025-06-20 05:36:30','(SendingReminderForExpiredSubscription)',40,0,'isModEnabled(\"adherent\")',1,NULL,NULL,NULL,NULL,'[__[MAIN_INFO_SOCIETE_NOM]__] __(SubscriptionReminderEmail)__','0','__(Hello)__ __MEMBER_FULLNAME__,<br><br>\n\n__(ThisIsContentOfSubscriptionReminderEmail)__<br>\n<br>__ONLINE_PAYMENT_TEXT_AND_URL__<br>\n<br><br>\n__(Sincerely)__<br>__SENDEREMAIL_SIGNATURE__',NULL),(6,0,'adherent','member','',0,NULL,NULL,'2025-06-20 05:36:30','(SendingEmailOnCancelation)',50,0,'isModEnabled(\"adherent\")',1,NULL,NULL,NULL,NULL,'[__[MAIN_INFO_SOCIETE_NOM]__] __(YourMembershipWasCanceled)__','0','__(Hello)__ __MEMBER_FULLNAME__,<br><br>\n\n__(YourMembershipWasCanceled)__<br>\n<br><br>\n__(Sincerely)__<br>__SENDEREMAIL_SIGNATURE__',NULL),(7,0,'adherent','member','',0,NULL,NULL,'2025-06-20 05:36:30','(SendingAnEMailToMember)',60,0,'isModEnabled(\"adherent\")',1,NULL,NULL,NULL,NULL,'[__[MAIN_INFO_SOCIETE_NOM]__] __(CardContent)__','0','__(Hello)__,<br><br>\n\n__(ThisIsContentOfYourCard)__<br>\n__(ID)__ : __ID__<br>\n__(Civility)__ : __MEMBER_CIVILITY__<br>\n__(Firstname)__ : __MEMBER_FIRSTNAME__<br>\n__(Lastname)__ : __MEMBER_LASTNAME__<br>\n__(Fullname)__ : __MEMBER_FULLNAME__<br>\n__(Company)__ : __MEMBER_COMPANY__<br>\n__(Address)__ : __MEMBER_ADDRESS__<br>\n__(Zip)__ : __MEMBER_ZIP__<br>\n__(Town)__ : __MEMBER_TOWN__<br>\n__(Country)__ : __MEMBER_COUNTRY__<br>\n__(Email)__ : __MEMBER_EMAIL__<br>\n__(Birthday)__ : __MEMBER_BIRTH__<br>\n__(Photo)__ : __MEMBER_PHOTO__<br>\n__(Login)__ : __MEMBER_LOGIN__<br>\n__(Phone)__ : __MEMBER_PHONE__<br>\n__(PhonePerso)__ : __MEMBER_PHONEPRO__<br>\n__(PhoneMobile)__ : __MEMBER_PHONEMOBILE__<br><br>\n__(Sincerely)__<br>__SENDEREMAIL_SIGNATURE__',NULL),(8,0,'recruitment','recruitmentcandidature_send','',0,NULL,NULL,'2025-06-20 05:36:30','(AnswerCandidature)',100,0,'isModEnabled(\"recruitment\")',1,NULL,NULL,NULL,NULL,'[__[MAIN_INFO_SOCIETE_NOM]__] __(YourCandidature)__','0','__(Hello)__ __CANDIDATE_FULLNAME__,<br><br>\n\n__(YourCandidatureAnswerMessage)__<br>__ONLINE_INTERVIEW_SCHEDULER_TEXT_AND_URL__\n<br><br>\n__(Sincerely)__<br>__SENDEREMAIL_SIGNATURE__',NULL),(9,0,'','conferenceorbooth','',0,NULL,NULL,'2025-06-20 05:36:30','(EventOrganizationEmailAskConf)',10,0,'1',1,NULL,NULL,NULL,NULL,'[__[MAIN_INFO_SOCIETE_NOM]__] __(EventOrganizationEmailAskConf)__',NULL,'__(Hello)__,<br /><br />__(OrganizationEventConfRequestWasReceived)__<br /><br /><br />__(Sincerely)__<br />__SENDEREMAIL_SIGNATURE__',NULL),(10,0,'','conferenceorbooth','',0,NULL,NULL,'2025-06-20 05:36:30','(EventOrganizationEmailAskBooth)',20,0,'1',1,NULL,NULL,NULL,NULL,'[__[MAIN_INFO_SOCIETE_NOM]__] __(EventOrganizationEmailAskBooth)__',NULL,'__(Hello)__,<br /><br />__(OrganizationEventBoothRequestWasReceived)__<br /><br /><br />__(Sincerely)__<br />__SENDEREMAIL_SIGNATURE__',NULL),(11,0,'','conferenceorbooth','',0,NULL,NULL,'2025-06-20 05:36:30','(EventOrganizationEmailBoothPayment)',30,0,'1',1,NULL,NULL,NULL,NULL,'[__[MAIN_INFO_SOCIETE_NOM]__] __(EventOrganizationEmailBoothPayment)__',NULL,'__(Hello)__,<br /><br />__(OrganizationEventPaymentOfBoothWasReceived)__<br /><br /><br />__(Sincerely)__<br />__SENDEREMAIL_SIGNATURE__',NULL),(12,0,'','conferenceorbooth','',0,NULL,NULL,'2025-06-20 05:36:30','(EventOrganizationEmailRegistrationPayment)',40,0,'1',1,NULL,NULL,NULL,NULL,'[__[MAIN_INFO_SOCIETE_NOM]__] __(EventOrganizationEmailRegistrationPayment)__',NULL,'__(Hello)__,<br /><br />__(OrganizationEventPaymentOfRegistrationWasReceived)__<br /><br />__(Sincerely)__<br />__SENDEREMAIL_SIGNATURE__',NULL),(13,0,'','conferenceorbooth','',0,NULL,NULL,'2025-06-20 05:36:30','(EventOrganizationMassEmailAttendees)',50,0,'1',1,NULL,NULL,NULL,NULL,'[__[MAIN_INFO_SOCIETE_NOM]__] __(EventOrganizationMassEmailAttendees)__',NULL,'__(Hello)__,<br /><br />__(OrganizationEventBulkMailToAttendees)__<br /><br />__(Sincerely)__<br />__SENDEREMAIL_SIGNATURE__',NULL),(14,0,'','conferenceorbooth','',0,NULL,NULL,'2025-06-20 05:36:30','(EventOrganizationMassEmailSpeakers)',60,0,'1',1,NULL,NULL,NULL,NULL,'[__[MAIN_INFO_SOCIETE_NOM]__] __(EventOrganizationMassEmailSpeakers)__',NULL,'__(Hello)__,<br /><br />__(OrganizationEventBulkMailToSpeakers)__<br /><br />__(Sincerely)__<br />__SENDEREMAIL_SIGNATURE__',NULL),(15,0,'partnership','partnership_send','',0,NULL,NULL,'2025-06-20 05:36:30','(SendingEmailOnPartnershipWillSoonBeCanceled)',100,0,'1',1,NULL,NULL,NULL,NULL,'[__[MAIN_INFO_SOCIETE_NOM]__] - __(YourPartnershipWillSoonBeCanceledTopic)__','0','<body>\n <p>__(Hello)__,<br><br>\n__(YourPartnershipWillSoonBeCanceledContent)__</p>\n<br />\n\n<br />\n\n            __(Sincerely)__ <br />\n            __[MAIN_INFO_SOCIETE_NOM]__ <br />\n </body>\n',NULL),(16,0,'partnership','partnership_send','',0,NULL,NULL,'2025-06-20 05:36:30','(SendingEmailOnPartnershipCanceled)',100,0,'1',1,NULL,NULL,NULL,NULL,'[__[MAIN_INFO_SOCIETE_NOM]__] - __(YourPartnershipCanceledTopic)__','0','<body>\n <p>__(Hello)__,<br><br>\n__(YourPartnershipCanceledContent)__</p>\n<br />\n\n<br />\n\n            __(Sincerely)__ <br />\n            __[MAIN_INFO_SOCIETE_NOM]__ <br />\n </body>\n',NULL),(17,0,'partnership','partnership_send','',0,NULL,NULL,'2025-06-20 05:36:30','(SendingEmailOnPartnershipRefused)',100,0,'1',1,NULL,NULL,NULL,NULL,'[__[MAIN_INFO_SOCIETE_NOM]__] - __(YourPartnershipRefusedTopic)__','0','<body>\n <p>__(Hello)__,<br><br>\n__(YourPartnershipRefusedContent)__</p>\n<br />\n\n<br />\n\n            __(Sincerely)__ <br />\n            __[MAIN_INFO_SOCIETE_NOM]__ <br />\n </body>\n',NULL),(18,0,'partnership','partnership_send','',0,NULL,NULL,'2025-06-20 05:36:30','(SendingEmailOnPartnershipAccepted)',100,0,'1',1,NULL,NULL,NULL,NULL,'[__[MAIN_INFO_SOCIETE_NOM]__] - __(YourPartnershipAcceptedTopic)__','0','<body>\n <p>__(Hello)__,<br><br>\n__(YourPartnershipAcceptedContent)__</p>\n<br />\n\n<br />\n\n            __(Sincerely)__ <br />\n            __[MAIN_INFO_SOCIETE_NOM]__ <br />\n </body>\n',NULL),(19,0,'supplier_invoice','invoice_supplier_send','',0,NULL,NULL,'2025-06-20 05:36:30','(SendingReminderEmailOnUnpaidSupplierInvoice)',100,0,'isModEnabled(\"supplier_invoice\")',1,NULL,NULL,NULL,NULL,'[__[MAIN_INFO_SOCIETE_NOM]__] - __(SupplierInvoice)__','0','__(Hello)__,<br /><br />__(SupplierInvoiceUnpaidContent)__<br />__URL_SUPPLIER_INVOICE__<br /><br />__(Sincerely)__<br />__SENDEREMAIL_SIGNATURE__',NULL);

--
-- Table structure for table `llx_c_exp_tax_cat`
--

CREATE TABLE `llx_c_exp_tax_cat` (
  `rowid` int(11) NOT NULL AUTO_INCREMENT,
  `label` varchar(128) NOT NULL,
  `entity` int(11) NOT NULL DEFAULT 1,
  `active` int(11) NOT NULL DEFAULT 1,
  PRIMARY KEY (`rowid`)
) ENGINE=InnoDB AUTO_INCREMENT=29 DEFAULT CHARSET=utf8mb4 COLLATE=utf8mb4_general_ci;

--
-- Dumping data for table `llx_c_exp_tax_cat`
--

INSERT INTO `llx_c_exp_tax_cat` VALUES (1,'ExpAutoCat',1,0),(2,'ExpCycloCat',1,0),(3,'ExpMotoCat',1,0),(4,'ExpAuto3CV',1,1),(5,'ExpAuto4CV',1,1),(6,'ExpAuto5CV',1,1),(7,'ExpAuto6CV',1,1),(8,'ExpAuto7CV',1,1),(9,'ExpAuto8CV',1,1),(10,'ExpAuto9CV',1,0),(11,'ExpAuto10CV',1,0),(12,'ExpAuto11CV',1,0),(13,'ExpAuto12CV',1,0),(14,'ExpAuto3PCV',1,0),(15,'ExpAuto4PCV',1,0),(16,'ExpAuto5PCV',1,0),(17,'ExpAuto6PCV',1,0),(18,'ExpAuto7PCV',1,0),(19,'ExpAuto8PCV',1,0),(20,'ExpAuto9PCV',1,0),(21,'ExpAuto10PCV',1,0),(22,'ExpAuto11PCV',1,0),(23,'ExpAuto12PCV',1,0),(24,'ExpAuto13PCV',1,0),(25,'ExpCyclo',1,0),(26,'ExpMoto12CV',1,0),(27,'ExpMoto345CV',1,0),(28,'ExpMoto5PCV',1,0);

--
-- Table structure for table `llx_c_exp_tax_range`
--

CREATE TABLE `llx_c_exp_tax_range` (
  `rowid` int(11) NOT NULL AUTO_INCREMENT,
  `fk_c_exp_tax_cat` int(11) NOT NULL DEFAULT 1,
  `range_ik` double NOT NULL DEFAULT 0,
  `entity` int(11) NOT NULL DEFAULT 1,
  `active` int(11) NOT NULL DEFAULT 1,
  PRIMARY KEY (`rowid`)
) ENGINE=InnoDB AUTO_INCREMENT=16 DEFAULT CHARSET=utf8mb4 COLLATE=utf8mb4_general_ci;

--
-- Dumping data for table `llx_c_exp_tax_range`
--

INSERT INTO `llx_c_exp_tax_range` VALUES (1,4,0,1,1),(2,4,5000,1,1),(3,4,20000,1,1),(4,5,0,1,1),(5,5,5000,1,1),(6,5,20000,1,1),(7,6,0,1,1),(8,6,5000,1,1),(9,6,20000,1,1),(10,7,0,1,1),(11,7,5000,1,1),(12,7,20000,1,1),(13,8,0,1,1),(14,8,5000,1,1),(15,8,20000,1,1);

--
-- Table structure for table `llx_c_field_list`
--

CREATE TABLE `llx_c_field_list` (
  `rowid` int(11) NOT NULL AUTO_INCREMENT,
  `tms` timestamp NOT NULL DEFAULT current_timestamp() ON UPDATE current_timestamp(),
  `element` varchar(64) NOT NULL,
  `entity` int(11) NOT NULL DEFAULT 1,
  `name` varchar(32) NOT NULL,
  `alias` varchar(32) NOT NULL,
  `title` varchar(32) NOT NULL,
  `align` varchar(6) DEFAULT 'left',
  `sort` tinyint(4) NOT NULL DEFAULT 1,
  `search` tinyint(4) NOT NULL DEFAULT 0,
  `visible` tinyint(4) NOT NULL DEFAULT 1,
  `enabled` varchar(255) DEFAULT '1',
  `rang` int(11) DEFAULT 0,
  PRIMARY KEY (`rowid`)
) ENGINE=InnoDB DEFAULT CHARSET=utf8mb4 COLLATE=utf8mb4_general_ci;

--
-- Dumping data for table `llx_c_field_list`
--


--
-- Table structure for table `llx_c_format_cards`
--

CREATE TABLE `llx_c_format_cards` (
  `rowid` int(11) NOT NULL AUTO_INCREMENT,
  `code` varchar(50) NOT NULL,
  `name` varchar(50) NOT NULL,
  `paper_size` varchar(20) NOT NULL,
  `orientation` varchar(1) NOT NULL,
  `metric` varchar(5) NOT NULL,
  `leftmargin` double(24,8) NOT NULL,
  `topmargin` double(24,8) NOT NULL,
  `nx` int(11) NOT NULL,
  `ny` int(11) NOT NULL,
  `spacex` double(24,8) NOT NULL,
  `spacey` double(24,8) NOT NULL,
  `width` double(24,8) NOT NULL,
  `height` double(24,8) NOT NULL,
  `font_size` int(11) NOT NULL,
  `custom_x` double(24,8) NOT NULL,
  `custom_y` double(24,8) NOT NULL,
  `active` int(11) NOT NULL,
  PRIMARY KEY (`rowid`)
) ENGINE=InnoDB AUTO_INCREMENT=12 DEFAULT CHARSET=utf8mb4 COLLATE=utf8mb4_general_ci;

--
-- Dumping data for table `llx_c_format_cards`
--

INSERT INTO `llx_c_format_cards` VALUES (1,'5160','Avery-5160, WL-875WX','letter','P','mm',5.58165000,12.70000000,3,10,3.55600000,0.00000000,65.87490000,25.40000000,7,0.00000000,0.00000000,1),(2,'5161','Avery-5161, WL-75WX','letter','P','mm',4.44500000,12.70000000,2,10,3.96800000,0.00000000,101.60000000,25.40000000,7,0.00000000,0.00000000,1),(3,'5162','Avery-5162, WL-100WX','letter','P','mm',3.87350000,22.35200000,2,7,4.95400000,0.00000000,101.60000000,33.78100000,8,0.00000000,0.00000000,1),(4,'5163','Avery-5163, WL-125WX','letter','P','mm',4.57200000,12.70000000,2,5,3.55600000,0.00000000,101.60000000,50.80000000,10,0.00000000,0.00000000,1),(5,'5164','Avery-5164 (inch)','letter','P','in',0.14800000,0.50000000,2,3,0.20310000,0.00000000,4.00000000,3.33000000,12,0.00000000,0.00000000,0),(6,'8600','Avery-8600','letter','P','mm',7.10000000,19.00000000,3,10,9.50000000,3.10000000,66.60000000,25.40000000,7,0.00000000,0.00000000,1),(7,'99012','DYMO 99012 89*36mm','custom','L','mm',1.00000000,1.00000000,1,1,0.00000000,0.00000000,36.00000000,89.00000000,10,36.00000000,89.00000000,1),(8,'99014','DYMO 99014 101*54mm','custom','L','mm',1.00000000,1.00000000,1,1,0.00000000,0.00000000,54.00000000,101.00000000,10,54.00000000,101.00000000,1),(9,'AVERYC32010','Avery-C32010','A4','P','mm',15.00000000,13.00000000,2,5,10.00000000,0.00000000,85.00000000,54.00000000,10,0.00000000,0.00000000,1),(10,'CARD','Dolibarr Business cards','A4','P','mm',15.00000000,15.00000000,2,5,0.00000000,0.00000000,85.00000000,54.00000000,10,0.00000000,0.00000000,1),(11,'L7163','Avery-L7163','A4','P','mm',5.00000000,15.00000000,2,7,2.50000000,0.00000000,99.10000000,38.10000000,8,0.00000000,0.00000000,1);

--
-- Table structure for table `llx_c_forme_juridique`
--

CREATE TABLE `llx_c_forme_juridique` (
  `rowid` int(11) NOT NULL AUTO_INCREMENT,
  `code` int(11) NOT NULL,
  `fk_pays` int(11) NOT NULL,
  `libelle` varchar(255) DEFAULT NULL,
  `isvatexempted` tinyint(4) NOT NULL DEFAULT 0,
  `active` tinyint(4) NOT NULL DEFAULT 1,
  `module` varchar(32) DEFAULT NULL,
  `position` int(11) NOT NULL DEFAULT 0,
  PRIMARY KEY (`rowid`),
  UNIQUE KEY `uk_c_forme_juridique` (`code`)
) ENGINE=InnoDB AUTO_INCREMENT=329 DEFAULT CHARSET=utf8mb4 COLLATE=utf8mb4_general_ci;

--
-- Dumping data for table `llx_c_forme_juridique`
--

INSERT INTO `llx_c_forme_juridique` VALUES (1,0,0,'-',0,1,NULL,0),(2,2301,23,'Monotributista',0,1,NULL,0),(3,2302,23,'Sociedad Civil',0,1,NULL,0),(4,2303,23,'Sociedades Comerciales',0,1,NULL,0),(5,2304,23,'Sociedades de Hecho',0,1,NULL,0),(6,2305,23,'Sociedades Irregulares',0,1,NULL,0),(7,2306,23,'Sociedad Colectiva',0,1,NULL,0),(8,2307,23,'Sociedad en Comandita Simple',0,1,NULL,0),(9,2308,23,'Sociedad de Capital e Industria',0,1,NULL,0),(10,2309,23,'Sociedad Accidental o en participación',0,1,NULL,0),(11,2310,23,'Sociedad de Responsabilidad Limitada',0,1,NULL,0),(12,2311,23,'Sociedad Anónima',0,1,NULL,0),(13,2312,23,'Sociedad Anónima con Participación Estatal Mayoritaria',0,1,NULL,0),(14,2313,23,'Sociedad en Comandita por Acciones (arts. 315 a 324, LSC)',0,1,NULL,0),(15,4100,41,'GmbH - Gesellschaft mit beschränkter Haftung',0,1,NULL,0),(16,4101,41,'GesmbH - Gesellschaft mit beschränkter Haftung',0,1,NULL,0),(17,4102,41,'AG - Aktiengesellschaft',0,1,NULL,0),(18,4103,41,'EWIV - Europäische wirtschaftliche Interessenvereinigung',0,1,NULL,0),(19,4104,41,'KEG - Kommanditerwerbsgesellschaft',0,1,NULL,0),(20,4105,41,'OEG - Offene Erwerbsgesellschaft',0,1,NULL,0),(21,4106,41,'OHG - Offene Handelsgesellschaft',0,1,NULL,0),(22,4107,41,'AG & Co KG - Kommanditgesellschaft',0,1,NULL,0),(23,4108,41,'GmbH & Co KG - Kommanditgesellschaft',0,1,NULL,0),(24,4109,41,'KG - Kommanditgesellschaft',0,1,NULL,0),(25,4110,41,'OG - Offene Gesellschaft',0,1,NULL,0),(26,4111,41,'GbR - Gesellschaft nach bürgerlichem Recht',0,1,NULL,0),(27,4112,41,'GesbR - Gesellschaft nach bürgerlichem Recht',0,1,NULL,0),(28,4113,41,'GesnbR - Gesellschaft nach bürgerlichem Recht',0,1,NULL,0),(29,4114,41,'e.U. - eingetragener Einzelunternehmer',0,1,NULL,0),(30,200,2,'Indépendant',0,1,NULL,0),(31,201,2,'SRL - Société à responsabilité limitée',0,1,NULL,0),(32,202,2,'SA   - Société Anonyme',0,1,NULL,0),(33,203,2,'SCRL - Société coopérative à responsabilité limitée',0,1,NULL,0),(34,204,2,'ASBL - Association sans but Lucratif',0,1,NULL,0),(35,205,2,'SCRI - Société coopérative à responsabilité illimitée',0,1,NULL,0),(36,206,2,'SCS  - Société en commandite simple',0,1,NULL,0),(37,207,2,'SCA  - Société en commandite par action',0,1,NULL,0),(38,208,2,'SNC  - Société en nom collectif',0,1,NULL,0),(39,209,2,'GIE  - Groupement d intérêt économique',0,1,NULL,0),(40,210,2,'GEIE - Groupement européen d intérêt économique',0,1,NULL,0),(41,220,2,'Eenmanszaak',0,1,NULL,0),(42,221,2,'BVBA - Besloten vennootschap met beperkte aansprakelijkheid',0,1,NULL,0),(43,222,2,'NV   - Naamloze Vennootschap',0,1,NULL,0),(44,223,2,'CVBA - Coöperatieve vennootschap met beperkte aansprakelijkheid',0,1,NULL,0),(45,224,2,'VZW  - Vereniging zonder winstoogmerk',0,1,NULL,0),(46,225,2,'CVOA - Coöperatieve vennootschap met onbeperkte aansprakelijkheid ',0,1,NULL,0),(47,226,2,'GCV  - Gewone commanditaire vennootschap',0,1,NULL,0),(48,227,2,'Comm.VA - Commanditaire vennootschap op aandelen',0,1,NULL,0),(49,228,2,'VOF  - Vennootschap onder firma',0,1,NULL,0),(50,229,2,'VS0  - Vennootschap met sociaal oogmerk',0,1,NULL,0),(51,9,1,'Organisme de placement collectif en valeurs mobilières sans personnalité morale',0,1,NULL,0),(52,10,1,'Entrepreneur individuel',0,1,NULL,0),(53,21,1,'Indivision',0,1,NULL,0),(54,22,1,'Société créée de fait',0,1,NULL,0),(55,23,1,'Société en participation',0,1,NULL,0),(56,24,1,'Fiducie',0,1,NULL,0),(57,27,1,'Paroisse hors zone concordataire',0,1,NULL,0),(58,28,1,'Assujetti unique à la TVA',0,1,NULL,0),(59,29,1,'Autre groupement de droit privé non doté de la personnalité morale',0,1,NULL,0),(60,31,1,'Personne morale de droit étranger, immatriculée au RCS',0,1,NULL,0),(61,32,1,'Personne morale de droit étranger, non immatriculée au RCS',0,1,NULL,0),(62,41,1,'Etablissement public ou régie à caractère industriel ou commercial',0,1,NULL,0),(63,51,1,'Société coopérative commerciale particulière',0,1,NULL,0),(64,52,1,'Société en nom collectif',0,1,NULL,0),(65,53,1,'Société en commandite',0,1,NULL,0),(66,54,1,'Société à responsabilité limitée (SARL)',0,1,NULL,0),(67,55,1,'Société anonyme à conseil d\'administration',0,1,NULL,0),(68,56,1,'Société anonyme à directoire',0,1,NULL,0),(69,57,1,'Société par actions simplifiée (SAS)',0,1,NULL,0),(70,58,1,'Société européenne',0,1,NULL,0),(71,61,1,'Caisse d\'épargne et de prévoyance',0,1,NULL,0),(72,62,1,'Groupement d\'intérêt économique (GIE)',0,1,NULL,0),(73,63,1,'Société coopérative agricole',0,1,NULL,0),(74,64,1,'Société d\'assurance mutuelle',0,1,NULL,0),(75,65,1,'Société civile',0,1,NULL,0),(76,66,1,'Société publiques locales',0,1,NULL,0),(77,69,1,'Autre personne morale de droit privé inscrite au RCS',0,1,NULL,0),(78,71,1,'Administration de l état',0,1,NULL,0),(79,72,1,'Collectivité territoriale',0,1,NULL,0),(80,73,1,'Etablissement public administratif',0,1,NULL,0),(81,74,1,'Personne morale de droit public administratif',0,1,NULL,0),(82,81,1,'Organisme gérant régime de protection social à adhésion obligatoire',0,1,NULL,0),(83,82,1,'Organisme mutualiste',0,1,NULL,0),(84,83,1,'Comité d entreprise',0,1,NULL,0),(85,84,1,'Organisme professionnel',0,1,NULL,0),(86,85,1,'Organisme de retraite à adhésion non obligatoire',0,1,NULL,0),(87,91,1,'Syndicat de propriétaires',0,1,NULL,0),(88,92,1,'Association loi 1901 ou assimilé',0,1,NULL,0),(89,93,1,'Fondation',0,1,NULL,0),(90,99,1,'Autre personne morale de droit privé',0,1,NULL,0),(91,500,5,'GmbH - Gesellschaft mit beschränkter Haftung',0,1,NULL,0),(92,501,5,'AG - Aktiengesellschaft ',0,1,NULL,0),(93,502,5,'GmbH&Co. KG - Gesellschaft mit beschränkter Haftung & Compagnie Kommanditgesellschaft',0,1,NULL,0),(94,503,5,'Gewerbe - Personengesellschaft',0,1,NULL,0),(95,504,5,'UG - Unternehmergesellschaft -haftungsbeschränkt-',0,1,NULL,0),(96,505,5,'GbR - Gesellschaft des bürgerlichen Rechts',0,1,NULL,0),(97,506,5,'KG - Kommanditgesellschaft',0,1,NULL,0),(98,507,5,'Ltd. - Limited Company',0,1,NULL,0),(99,508,5,'OHG - Offene Handelsgesellschaft',0,1,NULL,0),(100,509,5,'eG - eingetragene Genossenschaft',0,1,NULL,0),(101,510,5,'e.V. - eingetragener Verein',0,1,NULL,0),(102,8001,80,'Aktieselvskab A/S',0,1,NULL,0),(103,8002,80,'Anparts Selvskab ApS',0,1,NULL,0),(104,8003,80,'Personlig ejet selvskab',0,1,NULL,0),(105,8004,80,'Iværksætterselvskab IVS',0,1,NULL,0),(106,8005,80,'Interessentskab I/S',0,1,NULL,0),(107,8006,80,'Holdingselskab',0,1,NULL,0),(108,8007,80,'Selskab Med Begrænset Hæftelse SMBA',0,1,NULL,0),(109,8008,80,'Kommanditselskab K/S',0,1,NULL,0),(110,8009,80,'SPE-selskab',0,1,NULL,0),(111,8010,80,'Forening med begrænset ansvar (f.m.b.a.)',0,1,NULL,0),(112,8011,80,'Frivillig forening',0,1,NULL,0),(113,8012,80,'Almindelig forening',0,1,NULL,0),(114,8013,80,'Andelsboligforening',0,1,NULL,0),(115,8014,80,'Særlig forening',0,1,NULL,0),(116,10201,102,'Ατομική επιχείρηση',0,1,NULL,0),(117,10202,102,'Εταιρική  επιχείρηση',0,1,NULL,0),(118,10203,102,'Ομόρρυθμη Εταιρεία Ο.Ε',0,1,NULL,0),(119,10204,102,'Ετερόρρυθμη Εταιρεία Ε.Ε',0,1,NULL,0),(120,10205,102,'Εταιρεία Περιορισμένης Ευθύνης Ε.Π.Ε',0,1,NULL,0),(121,10206,102,'Ανώνυμη Εταιρεία Α.Ε',0,1,NULL,0),(122,10207,102,'Ανώνυμη ναυτιλιακή εταιρεία Α.Ν.Ε',0,1,NULL,0),(123,10208,102,'Συνεταιρισμός',0,1,NULL,0),(124,10209,102,'Συμπλοιοκτησία',0,1,NULL,0),(125,301,3,'Società semplice',0,1,NULL,0),(126,302,3,'Società in nome collettivo s.n.c.',0,1,NULL,0),(127,303,3,'Società in accomandita semplice s.a.s.',0,1,NULL,0),(128,304,3,'Società per azioni s.p.a.',0,1,NULL,0),(129,305,3,'Società a responsabilità limitata s.r.l.',0,1,NULL,0),(130,306,3,'Società in accomandita per azioni s.a.p.a.',0,1,NULL,0),(131,307,3,'Società cooperativa a r.l.',0,1,NULL,0),(132,308,3,'Società consortile',0,1,NULL,0),(133,309,3,'Società europea',0,1,NULL,0),(134,310,3,'Società cooperativa europea',0,1,NULL,0),(135,311,3,'Società unipersonale',0,1,NULL,0),(136,312,3,'Società di professionisti',0,1,NULL,0),(137,313,3,'Società di fatto',0,1,NULL,0),(138,315,3,'Società apparente',0,1,NULL,0),(139,316,3,'Impresa individuale ',0,1,NULL,0),(140,317,3,'Impresa coniugale',0,1,NULL,0),(141,318,3,'Impresa familiare',0,1,NULL,0),(142,319,3,'Consorzio cooperativo',0,1,NULL,0),(143,320,3,'Società cooperativa sociale',0,1,NULL,0),(144,321,3,'Società cooperativa di consumo',0,1,NULL,0),(145,322,3,'Società cooperativa agricola',0,1,NULL,0),(146,323,3,'A.T.I. Associazione temporanea di imprese',0,1,NULL,0),(147,324,3,'R.T.I. Raggruppamento temporaneo di imprese',0,1,NULL,0),(148,325,3,'Studio associato',0,1,NULL,0),(149,600,6,'Raison Individuelle',0,1,NULL,0),(150,601,6,'Société Simple',0,1,NULL,0),(151,602,6,'Société en nom collectif',0,1,NULL,0),(152,603,6,'Société en commandite',0,1,NULL,0),(153,604,6,'Société anonyme (SA)',0,1,NULL,0),(154,605,6,'Société en commandite par actions',0,1,NULL,0),(155,606,6,'Société à responsabilité limitée (SARL)',0,1,NULL,0),(156,607,6,'Société coopérative',0,1,NULL,0),(157,608,6,'Association',0,1,NULL,0),(158,609,6,'Fondation',0,1,NULL,0),(159,700,7,'Sole Trader',0,1,NULL,0),(160,701,7,'Partnership',0,1,NULL,0),(161,702,7,'Private Limited Company by shares (LTD)',0,1,NULL,0),(162,703,7,'Public Limited Company',0,1,NULL,0),(163,704,7,'Workers Cooperative',0,1,NULL,0),(164,705,7,'Limited Liability Partnership',0,1,NULL,0),(165,706,7,'Franchise',0,1,NULL,0),(166,1000,10,'Société à responsabilité limitée (SARL)',0,1,NULL,0),(167,1001,10,'Société en Nom Collectif (SNC)',0,1,NULL,0),(168,1002,10,'Société en Commandite Simple (SCS)',0,1,NULL,0),(169,1003,10,'société en participation',0,1,NULL,0),(170,1004,10,'Société Anonyme (SA)',0,1,NULL,0),(171,1005,10,'Société Unipersonnelle à Responsabilité Limitée (SUARL)',0,1,NULL,0),(172,1006,10,'Groupement d\'intérêt économique (GEI)',0,1,NULL,0),(173,1007,10,'Groupe de sociétés',0,1,NULL,0),(174,1701,17,'Eenmanszaak',0,1,NULL,0),(175,1702,17,'Maatschap',0,1,NULL,0),(176,1703,17,'Vennootschap onder firma',0,1,NULL,0),(177,1704,17,'Commanditaire vennootschap',0,1,NULL,0),(178,1705,17,'Besloten vennootschap (BV)',0,1,NULL,0),(179,1706,17,'Naamloze Vennootschap (NV)',0,1,NULL,0),(180,1707,17,'Vereniging',0,1,NULL,0),(181,1708,17,'Stichting',0,1,NULL,0),(182,1709,17,'Coöperatie met beperkte aansprakelijkheid (BA)',0,1,NULL,0),(183,1710,17,'Coöperatie met uitgesloten aansprakelijkheid (UA)',0,1,NULL,0),(184,1711,17,'Coöperatie met wettelijke aansprakelijkheid (WA)',0,1,NULL,0),(185,1712,17,'Onderlinge waarborgmaatschappij',0,1,NULL,0),(186,401,4,'Empresario Individual',0,1,NULL,0),(187,402,4,'Comunidad de Bienes',0,1,NULL,0),(188,403,4,'Sociedad Civil',0,1,NULL,0),(189,404,4,'Sociedad Colectiva',0,1,NULL,0),(190,405,4,'Sociedad Limitada',0,1,NULL,0),(191,406,4,'Sociedad Anónima',0,1,NULL,0),(192,407,4,'Sociedad Comanditaria por Acciones',0,1,NULL,0),(193,408,4,'Sociedad Comanditaria Simple',0,1,NULL,0),(194,409,4,'Sociedad Laboral',0,1,NULL,0),(195,410,4,'Sociedad Cooperativa',0,1,NULL,0),(196,411,4,'Sociedad de Garantía Recíproca',0,1,NULL,0),(197,412,4,'Entidad de Capital-Riesgo',0,1,NULL,0),(198,413,4,'Agrupación de Interés Económico',0,1,NULL,0),(199,414,4,'Sociedad de Inversión Mobiliaria',0,1,NULL,0),(200,415,4,'Agrupación sin Ánimo de Lucro',0,1,NULL,0),(201,15201,152,'Mauritius Private Company Limited By Shares',0,1,NULL,0),(202,15202,152,'Mauritius Company Limited By Guarantee',0,1,NULL,0),(203,15203,152,'Mauritius Public Company Limited By Shares',0,1,NULL,0),(204,15204,152,'Mauritius Foreign Company',0,1,NULL,0),(205,15205,152,'Mauritius GBC1 (Offshore Company)',0,1,NULL,0),(206,15206,152,'Mauritius GBC2 (International Company)',0,1,NULL,0),(207,15207,152,'Mauritius General Partnership',0,1,NULL,0),(208,15208,152,'Mauritius Limited Partnership',0,1,NULL,0),(209,15209,152,'Mauritius Sole Proprietorship',0,1,NULL,0),(210,15210,152,'Mauritius Trusts',0,1,NULL,0),(211,15401,154,'601 - General de Ley Personas Morales',0,1,NULL,0),(212,15402,154,'603 - Personas Morales con Fines no Lucrativos',0,1,NULL,0),(213,15403,154,'605 - Sueldos y Salarios e Ingresos Asimilados a Salarios',0,1,NULL,0),(214,15404,154,'606 - Arrendamiento',0,1,NULL,0),(215,15405,154,'607 - Régimen de Enajenación o Adquisición de Bienes',0,1,NULL,0),(216,15406,154,'608 - Demás ingresos',0,1,NULL,0),(217,15407,154,'610 - Residentes en el Extranjero sin Establecimiento Permanente en México',0,1,NULL,0),(218,15408,154,'611 - Ingresos por Dividendos (socios y accionistas)',0,1,NULL,0),(219,15409,154,'612 - Personas Físicas con Actividades Empresariales y Profesionales',0,1,NULL,0),(220,15410,154,'614 - Ingresos por intereses',0,1,NULL,0),(221,15411,154,'615 - Régimen de los ingresos por obtención de premios',0,1,NULL,0),(222,15412,154,'616 - Sin obligaciones fiscales',0,1,NULL,0),(223,15413,154,'620 - Sociedades Cooperativas de Producción que optan por diferir sus ingresos',0,1,NULL,0),(224,15414,154,'621 - Incorporación Fiscal',0,1,NULL,0),(225,15415,154,'622 - Actividades Agrícolas, Ganaderas, Silvícolas y Pesqueras',0,1,NULL,0),(226,15416,154,'623 - Opcional para Grupos de Sociedades',0,1,NULL,0),(227,15417,154,'624 - Coordinados',0,1,NULL,0),(228,15418,154,'625 - Régimen de las Actividades Empresariales con ingresos a través de Plataformas Tecnológicas',0,1,NULL,0),(229,15419,154,'626 - Régimen Simplificado de Confianza',0,1,NULL,0),(230,14001,140,'Entreprise individuelle',0,1,NULL,0),(231,14002,140,'Société en nom collectif (SENC)',0,1,NULL,0),(232,14003,140,'Société en commandite simple (SECS)',0,1,NULL,0),(233,14004,140,'Société en commandite par actions (SECA)',0,1,NULL,0),(234,14005,140,'Société à responsabilité limitée (SARL)',0,1,NULL,0),(235,14006,140,'Société anonyme (SA)',0,1,NULL,0),(236,14007,140,'Société coopérative (SC)',0,1,NULL,0),(237,14008,140,'Société européenne (SE)',0,1,NULL,0),(238,14009,140,'Société à responsabilité limitée simplifiée (SARL-S)',0,1,NULL,0),(239,18801,188,'AFJ - Alte forme juridice',0,1,NULL,0),(240,18802,188,'ASF - Asociatie familialã',0,1,NULL,0),(241,18803,188,'CON - Concesiune',0,1,NULL,0),(242,18804,188,'CRL - Soc civilã profesionala cu pers. juridica si rãspundere limitata (SPRL)',0,1,NULL,0),(243,18805,188,'INC - Închiriere',0,1,NULL,0),(244,18806,188,'LOC - Locaţie de gestiune',0,1,NULL,0),(245,18807,188,'OC1 - Organizaţie cooperatistã meşteşugãreascã',0,1,NULL,0),(246,18808,188,'OC2 - Organizaţie cooperatistã de consum',0,1,NULL,0),(247,18809,188,'OC3 - Organizaţie cooperatistã de credit',0,1,NULL,0),(248,18810,188,'PFA - Persoanã fizicã independentã',0,1,NULL,0),(249,18811,188,'RA - Regie autonomã',0,1,NULL,0),(250,18812,188,'SA - Societate comercialã pe acţiuni',0,1,NULL,0),(251,18813,188,'SCS - Societate comercialã în comanditã simplã',0,1,NULL,0),(252,18814,188,'SNC - Societate comercialã în nume colectiv',0,1,NULL,0),(253,18815,188,'SPI - Societate profesionala practicieni in insolventa (SPPI)',0,1,NULL,0),(254,18816,188,'SRL - Societate comercialã cu rãspundere limitatã',0,1,NULL,0),(255,18817,188,'URL - Intreprindere profesionala unipersonala cu rãspundere limitata (IPURL)',0,1,NULL,0),(256,17801,178,'Empresa individual',0,1,NULL,0),(257,17802,178,'Asociación General',0,1,NULL,0),(258,17803,178,'Sociedad de Responsabilidad Limitada',0,1,NULL,0),(259,17804,178,'Sociedad Civil',0,1,NULL,0),(260,17805,178,'Sociedad Anónima',0,1,NULL,0),(261,1300,13,'Personne physique',0,1,NULL,0),(262,1301,13,'Société à responsabilité limitée (SARL)',0,1,NULL,0),(263,1302,13,'Entreprise unipersonnelle à responsabilité limitée (EURL)',0,1,NULL,0),(264,1303,13,'Société en Nom Collectif (SNC)',0,1,NULL,0),(265,1304,13,'société par actions (SPA)',0,1,NULL,0),(266,1305,13,'Société en Commandite Simple (SCS)',0,1,NULL,0),(267,1306,13,'Société en commandite par actions (SCA)',0,1,NULL,0),(268,1307,13,'Société en participation',0,1,NULL,0),(269,1308,13,'Groupe de sociétés',0,1,NULL,0),(270,2001,20,'Aktiebolag',0,1,NULL,0),(271,2002,20,'Publikt aktiebolag (AB publ)',0,1,NULL,0),(272,2003,20,'Ekonomisk förening (ek. för.)',0,1,NULL,0),(273,2004,20,'Bostadsrättsförening (BRF)',0,1,NULL,0),(274,2005,20,'Hyresrättsförening (HRF)',0,1,NULL,0),(275,2006,20,'Kooperativ',0,1,NULL,0),(276,2007,20,'Enskild firma (EF)',0,1,NULL,0),(277,2008,20,'Handelsbolag (HB)',0,1,NULL,0),(278,2009,20,'Kommanditbolag (KB)',0,1,NULL,0),(279,2010,20,'Enkelt bolag',0,1,NULL,0),(280,2011,20,'Ideell förening',0,1,NULL,0),(281,2012,20,'Stiftelse',0,1,NULL,0),(282,6100,61,'Indépendant - Personne physique',0,1,NULL,0),(283,6101,61,'Société Unipersonnelle',0,1,NULL,0),(284,6102,61,'Société de personne à responsabilité limité (SPRL)',0,1,NULL,0),(285,6103,61,'Société anonyme (SA)',0,1,NULL,0),(286,6104,61,'Société coopérative',0,1,NULL,0),(287,7601,76,'Društvo s ograničenom odgovornošću (d.o.o.)',0,1,NULL,0),(288,7602,76,'Jednostavno društvo s ograničenom odgovornošću (j.d.o.o.)',0,1,NULL,0),(289,7603,76,'Dioničko društvo (d.d.)',0,1,NULL,0),(290,7604,76,'Obrt',0,1,NULL,0),(291,7605,76,'Javno trgovačko društvo (j.t.d.)',0,1,NULL,0),(292,7606,76,'Komanditno društvo (k.d.)',0,1,NULL,0),(293,7607,76,'Gospodarsko interesno udruženje (GIU)',0,1,NULL,0),(294,7608,76,'Predstavništvo',0,1,NULL,0),(295,7609,76,'Državno tijelo',0,1,NULL,0),(296,7610,76,'Kućna radinost',0,1,NULL,0),(297,7611,76,'Sporedno zanimanje',0,1,NULL,0),(298,12301,123,'株式会社',0,1,NULL,0),(299,12302,123,'有限会社',0,1,NULL,0),(300,12303,123,'合資会社',0,1,NULL,0),(301,12304,123,'合名会社',0,1,NULL,0),(302,12305,123,'相互会社',0,1,NULL,0),(303,12306,123,'医療法人',0,1,NULL,0),(304,12307,123,'財団法人',0,1,NULL,0),(305,12308,123,'社団法人',0,1,NULL,0),(306,12309,123,'社会福祉法人',0,1,NULL,0),(307,12310,123,'学校法人',0,1,NULL,0),(308,12311,123,'特定非営利活動法人',0,1,NULL,0),(309,12312,123,'ＮＰＯ法人',0,1,NULL,0),(310,12313,123,'商工組合',0,1,NULL,0),(311,12314,123,'林業組合',0,1,NULL,0),(312,12315,123,'同業組合',0,1,NULL,0),(313,12316,123,'農業協同組合',0,1,NULL,0),(314,12317,123,'漁業協同組合',0,1,NULL,0),(315,12318,123,'農事組合法人',0,1,NULL,0),(316,12319,123,'生活互助会',0,1,NULL,0),(317,12320,123,'協業組合',0,1,NULL,0),(318,12321,123,'協同組合',0,1,NULL,0),(319,12322,123,'生活協同組合',0,1,NULL,0),(320,12323,123,'連合会',0,1,NULL,0),(321,12324,123,'組合連合会',0,1,NULL,0),(322,12325,123,'協同組合連合会',0,1,NULL,0),(323,12329,123,'一般社団法人',0,1,NULL,0),(324,12330,123,'公益社団法人',0,1,NULL,0),(325,12331,123,'一般財団法人',0,1,NULL,0),(326,12332,123,'公益財団法人',0,1,NULL,0),(327,12333,123,'合同会社',0,1,NULL,0),(328,12399,123,'個人又はその他の法人',0,1,NULL,0);

--
-- Table structure for table `llx_c_holiday_types`
--

CREATE TABLE `llx_c_holiday_types` (
  `rowid` int(11) NOT NULL AUTO_INCREMENT,
  `entity` int(11) NOT NULL DEFAULT 1,
  `code` varchar(16) NOT NULL,
  `label` varchar(255) NOT NULL,
  `affect` int(11) NOT NULL,
  `delay` int(11) NOT NULL,
  `newbymonth` double(8,5) NOT NULL DEFAULT 0.00000,
  `fk_country` int(11) DEFAULT NULL,
  `block_if_negative` int(11) NOT NULL DEFAULT 0,
  `sortorder` smallint(6) DEFAULT NULL,
  `active` int(11) DEFAULT 1,
  PRIMARY KEY (`rowid`),
  UNIQUE KEY `uk_c_holiday_types` (`entity`,`code`)
) ENGINE=InnoDB AUTO_INCREMENT=41 DEFAULT CHARSET=utf8mb4 COLLATE=utf8mb4_general_ci;

--
-- Dumping data for table `llx_c_holiday_types`
--

INSERT INTO `llx_c_holiday_types` VALUES (1,1,'LEAVE_SICK','Sick leave',0,0,0.00000,NULL,0,1,1),(2,1,'LEAVE_OTHER','Other leave',0,0,0.00000,NULL,0,2,1),(3,1,'LEAVE_PAID','Paid vacation',1,7,0.00000,NULL,0,3,0),(4,1,'LEAVE_RTT_FR','RTT',1,7,0.83000,1,0,4,1),(5,1,'LEAVE_PAID_FR','Paid vacation',1,30,2.08334,1,0,5,1),(6,1,'5D1Y','Κανονική άδεια(Πενθήμερο 1ο έτος)',1,0,1.66700,102,0,6,1),(7,1,'5D2Y','Κανονική άδεια(Πενθήμερο 2ο έτος)',1,0,1.75000,102,0,7,1),(8,1,'5D3-10Y','Κανονική άδεια(Πενθήμερο 3ο έως 10ο έτος)',1,0,1.83300,102,0,8,1),(9,1,'5D10-25Y','Κανονική άδεια(Πενθήμερο 10ο έως 25ο έτος)',1,0,2.08300,102,0,9,1),(10,1,'5D25+Y','Κανονική άδεια(Πενθήμερο 25+ έτη)',1,0,2.16600,102,0,10,1),(11,1,'6D1Y','Κανονική άδεια(Εξαήμερο 1ο έτος)',1,0,2.00000,102,0,11,1),(12,1,'6D2Y','Κανονική άδεια(Εξαήμερο 2ο έτος)',1,0,2.08300,102,0,12,1),(13,1,'6D3-10Y','Κανονική άδεια(Εξαήμερο 3ο έως 10ο έτος)',1,0,2.16600,102,0,13,1),(14,1,'6D10-25Y','Κανονική άδεια(Εξαήμερο 10ο έως 25ο έτος)',1,0,2.08300,102,0,14,1),(15,1,'6D25+Y','Κανονική άδεια(Εξαήμερο 25+ έτη)',1,0,2.16600,102,0,15,1),(16,1,'5D-WED','Πενθήμερη άδεια γάμου(με αποδοχές)',0,0,0.00000,102,0,16,0),(17,1,'6D-WED','Εξαήμερη άδεια γάμου(με αποδοχές)',0,0,0.00000,102,0,17,0),(18,1,'7D-AR','Επταήμερη άδεια ιατρικώς υποβοηθούμενης αναπαραγωγής(με αποδοχές)',0,0,0.00000,102,0,18,0),(19,1,'1D-BC','Μονοήμερη άδεια προγεννητικών εξετάσεων(με αποδοχές)',0,0,0.00000,102,0,19,0),(20,1,'1D-GYN','Μονοήμερη άδεια γυναικολογικού ελέγχου(με αποδοχές)',0,0,0.00000,102,0,20,0),(21,1,'149D-ML','Άδεια Μητρότητας (Άδεια κύησης – λοχείας)56 ημέρες πριν-93 ημέρες μετα(με αποδοχές)',0,0,0.00000,102,0,21,0),(22,1,'14D-PL','14ήμερη Άδεια πατρότητας(με αποδοχές)',0,0,0.00000,102,0,22,0),(23,1,'1-2H-CC','Άδεια φροντίδας παιδιών (μειωμένο ωράριο  https://www.kepea.gr/aarticle.php?id=1984)',0,0,0.00000,102,0,23,0),(24,1,'9M-M','Ειδική άδεια προστασίας μητρότητας 9 μηνών(χωρίς αποδοχές)',0,0,0.00000,102,0,24,0),(25,1,'4M-M','Τετράμηνη γονική Άδεια Ανατροφής Τέκνων(χωρίς αποδοχές)',0,0,0.00000,102,0,25,0),(26,1,'6-8D-SP','Εξαήμερη ή Οκταήμερη Άδεια για μονογονεϊκές οικογένειες(με αποδοχές)',0,0,0.00000,102,0,26,0),(27,1,'6-8-14D-FC','Αναρρωτική άδεια (άνευ αποδοχών, 6 ημέρες/έτος για ένα παιδί - 8 ημέρες/έτος για δύο και 14 ημέρες/έτος για τρία ή περισσότερα)',0,0,0.00000,102,0,27,0),(28,1,'10D-CD','Δεκαήμερη Γονική Άδεια για παιδί με σοβαρά νοσήματα και λόγω νοσηλείας παιδιών(με αποδοχές)',0,0,0.00000,102,0,28,0),(29,1,'30D-CD','Άδεια λόγω νοσηλείας των παιδιών(έως 30 ημέρες/έτος χωρίς αποδοχές)',0,0,0.00000,102,0,29,0),(30,1,'5D-CG','Άδεια φροντιστή(έως 5 ημέρες/έτος χωρίς αποδοχές)',0,0,0.00000,102,0,30,0),(31,1,'2D-CG','Άδεια απουσίας από την εργασία για λόγους ανωτέρας βίας(έως 2 ημέρες/έτος με αποδοχές)',0,0,0.00000,102,0,31,0),(32,1,'2D-SC','Άδεια για παρακολούθηση σχολικής επίδοσης(έως 2 ημέρες/έτος με αποδοχές)',0,0,0.00000,102,0,32,0),(33,1,'1D-BD','Μονοήμερη άδεια αιμοδοσίας(με αποδοχές)',0,0,0.00000,102,0,33,0),(34,1,'22D-BT','Άδεια για μετάγγιση αίματος & αιμοκάθαρση(έως 22 ημέρες/έτος με αποδοχές)',0,0,0.00000,102,0,34,0),(35,1,'30D-HIV','Άδεια λόγω AIDS(έως ένα (1) μήνα/έτος με αποδοχές)',0,0,0.00000,102,0,35,0),(36,1,'20D-CD','Άδεια πενθούντων γονέων(20 ημέρες με αποδοχές)',0,0,0.00000,102,0,36,0),(37,1,'2D-FD','Άδεια λόγω θανάτου συγγενούς(2 ημέρες με αποδοχές)',0,0,0.00000,102,0,37,0),(38,1,'DIS','Άδειες αναπήρων(30 ημέρες με αποδοχές)',0,0,0.00000,102,0,38,0),(39,1,'SE','Άδεια εξετάσεων μαθητών, σπουδαστών, φοιτητών(30 ημέρες χωρίς αποδοχές)',0,0,0.00000,102,0,39,0),(40,1,'NOT PAID','Άδεια άνευ αποδοχών(έως ένα (1) έτος)',0,0,0.00000,102,0,40,0);

--
-- Table structure for table `llx_c_hrm_department`
--

CREATE TABLE `llx_c_hrm_department` (
  `rowid` int(11) NOT NULL,
  `pos` tinyint(4) NOT NULL DEFAULT 0,
  `code` varchar(16) NOT NULL,
  `label` varchar(128) DEFAULT NULL,
  `active` tinyint(4) NOT NULL DEFAULT 1,
  PRIMARY KEY (`rowid`)
) ENGINE=InnoDB DEFAULT CHARSET=utf8mb4 COLLATE=utf8mb4_general_ci;

--
-- Dumping data for table `llx_c_hrm_department`
--

INSERT INTO `llx_c_hrm_department` VALUES (1,5,'MANAGEMENT','Management',1),(3,15,'TRAINING','Training',1),(4,20,'IT','Inform. Technology (IT)',0),(5,25,'MARKETING','Marketing',0),(6,30,'SALES','Sales',1),(7,35,'LEGAL','Legal',0),(8,40,'FINANCIAL','Financial accounting',1),(9,45,'HUMANRES','Human resources',1),(10,50,'PURCHASING','Purchasing',1),(12,60,'CUSTOMSERV','Customer service',0),(14,70,'LOGISTIC','Logistics',1),(15,75,'CONSTRUCT','Engineering/design',0),(16,80,'PRODUCTION','Production',1),(17,85,'QUALITY','Quality assurance',0);

--
-- Table structure for table `llx_c_hrm_function`
--

CREATE TABLE `llx_c_hrm_function` (
  `rowid` int(11) NOT NULL,
  `pos` tinyint(4) NOT NULL DEFAULT 0,
  `code` varchar(16) NOT NULL,
  `label` varchar(128) DEFAULT NULL,
  `c_level` tinyint(4) NOT NULL DEFAULT 0,
  `active` tinyint(4) NOT NULL DEFAULT 1,
  PRIMARY KEY (`rowid`)
) ENGINE=InnoDB DEFAULT CHARSET=utf8mb4 COLLATE=utf8mb4_general_ci;

--
-- Dumping data for table `llx_c_hrm_function`
--

INSERT INTO `llx_c_hrm_function` VALUES (1,5,'EXECBOARD','Executive board',0,1),(2,10,'MANAGDIR','Managing director',1,1),(3,15,'ACCOUNTMANAG','Account manager',0,1),(4,20,'ENGAGDIR','Engagement director',1,1),(5,25,'DIRECTOR','Director',1,1),(6,30,'PROJMANAG','Project manager',0,1),(7,35,'DEPHEAD','Department head',0,1),(8,40,'SECRETAR','Secretary',0,1),(9,45,'EMPLOYEE','Department employee',0,1);

--
-- Table structure for table `llx_c_hrm_public_holiday`
--

CREATE TABLE `llx_c_hrm_public_holiday` (
  `id` int(11) NOT NULL AUTO_INCREMENT,
  `entity` int(11) NOT NULL DEFAULT 1,
  `fk_country` int(11) DEFAULT NULL,
  `fk_departement` int(11) DEFAULT NULL,
  `code` varchar(62) DEFAULT NULL,
  `dayrule` varchar(64) DEFAULT '',
  `day` int(11) DEFAULT NULL,
  `month` int(11) DEFAULT NULL,
  `year` int(11) DEFAULT NULL,
  `active` int(11) DEFAULT 1,
  `import_key` varchar(14) DEFAULT NULL,
  PRIMARY KEY (`id`),
  UNIQUE KEY `uk_c_hrm_public_holiday` (`entity`,`code`),
  UNIQUE KEY `uk_c_hrm_public_holiday2` (`entity`,`fk_country`,`dayrule`,`day`,`month`,`year`)
) ENGINE=InnoDB AUTO_INCREMENT=74 DEFAULT CHARSET=utf8mb4 COLLATE=utf8mb4_general_ci;

--
